2026/08/09 13:17:14 [error] 1397194#1397194: *2622000 connect() to unix:/var/run/php/php8.3-fpm.sock failed (11: Resource temporarily unavailable) while connecting to upstream, client: 74.7.243.242, server: aftermarket-data.ru, request: "GET /index.php?loknya=/sys/class/misc/snapshot/subsystem/tun/subsystem/cpu_dma_latency/subsystem/psaux/subsystem/cpu_dma_latency/subsystem/loop-control/subsystem/autofs/subsystem/tun/subsystem/udmabuf/subsystem/psaux/power HTTP/1.1", upstream: "fastcgi://unix:/var/run/php/php8.3-fpm.sock:", host: "www.aftermarket-data.ru", referrer: "https://www.aftermarket-data.ru/index.php?loknya=/sys/class/misc/snapshot/subsystem/tun/subsystem/cpu_dma_latency/subsystem/psaux/subsystem/cpu_dma_latency/subsystem/loop-control/subsystem/autofs/subsystem/tun/subsystem/udmabuf/subsystem/psaux"
2026/08/09 13:17:21 [error] 1397190#1397190: *2622361 connect() to unix:/var/run/php/php8.3-fpm.sock failed (11: Resource temporarily unavailable) while connecting to upstream, client: 57.141.20.14, server: aftermarket-data.ru, request: "GET /?c=92692210645 HTTP/1.1", upstream: "fastcgi://unix:/var/run/php/php8.3-fpm.sock:", host: "aftermarket-data.ru"
2026/08/09 13:17:26 [error] 1397190#1397190: *2622363 connect() to unix:/var/run/php/php8.3-fpm.sock failed (11: Resource temporarily unavailable) while connecting to upstream, client: 66.249.66.194, server: aftermarket-data.ru, request: "GET /?i=5177440932 HTTP/1.1", upstream: "fastcgi://unix:/var/run/php/php8.3-fpm.sock:", host: "aftermarket-data.ru"
2026/08/09 13:17:30 [error] 1397190#1397190: *2622365 connect() to unix:/var/run/php/php8.3-fpm.sock failed (11: Resource temporarily unavailable) while connecting to upstream, client: 66.249.66.193, server: aftermarket-data.ru, request: "GET /?m=1553482449 HTTP/1.1", upstream: "fastcgi://unix:/var/run/php/php8.3-fpm.sock:", host: "aftermarket-data.ru"
2026/08/09 13:17:51 [error] 1397190#1397190: *2622367 connect() to unix:/var/run/php/php8.3-fpm.sock failed (11: Resource temporarily unavailable) while connecting to upstream, client: 66.249.66.193, server: aftermarket-data.ru, request: "GET /?m=1553428393 HTTP/1.1", upstream: "fastcgi://unix:/var/run/php/php8.3-fpm.sock:", host: "aftermarket-data.ru"
2026/08/09 13:18:06 [error] 1397190#1397190: *2622369 connect() to unix:/var/run/php/php8.3-fpm.sock failed (11: Resource temporarily unavailable) while connecting to upstream, client: 66.249.66.195, server: aftermarket-data.ru, request: "GET /?i=51774139977 HTTP/1.1", upstream: "fastcgi://unix:/var/run/php/php8.3-fpm.sock:", host: "aftermarket-data.ru"
2026/08/09 13:18:12 [error] 1397190#1397190: *2622371 connect() to unix:/var/run/php/php8.3-fpm.sock failed (11: Resource temporarily unavailable) while connecting to upstream, client: 74.7.241.34, server: aftermarket-data.ru, request: "GET /sitemap_index.xml?loknya=/proc/1397196/root/proc/63/task HTTP/1.1", upstream: "fastcgi://unix:/var/run/php/php8.3-fpm.sock:", host: "aftermarket-data.ru", referrer: "https://aftermarket-data.ru/sitemap_index.xml?loknya=/proc/1397196/root/proc/63"
2026/08/09 13:18:16 [error] 1397194#1397194: *2622000 connect() to unix:/var/run/php/php8.3-fpm.sock failed (11: Resource temporarily unavailable) while connecting to upstream, client: 74.7.243.242, server: aftermarket-data.ru, request: "GET /index.php?loknya=/sys/class/misc/snapshot/subsystem/tun/subsystem/cpu_dma_latency/subsystem/psaux/subsystem/cpu_dma_latency/subsystem/snapshot/subsystem/autofs/subsystem/ecryptfs/subsystem/mcelog/subsystem/uinput HTTP/1.1", upstream: "fastcgi://unix:/var/run/php/php8.3-fpm.sock:", host: "www.aftermarket-data.ru", referrer: "https://www.aftermarket-data.ru/index.php?loknya=/sys/class/misc/snapshot/subsystem/tun/subsystem/cpu_dma_latency/subsystem/psaux/subsystem/cpu_dma_latency/subsystem/snapshot/subsystem/autofs/subsystem/ecryptfs/subsystem/mcelog/subsystem"
2026/08/09 13:18:27 [error] 1397190#1397190: *2622374 connect() to unix:/var/run/php/php8.3-fpm.sock failed (11: Resource temporarily unavailable) while connecting to upstream, client: 57.141.20.59, server: aftermarket-data.ru, request: "GET /?a=98826269011 HTTP/1.1", upstream: "fastcgi://unix:/var/run/php/php8.3-fpm.sock:", host: "aftermarket-data.ru"
2026/08/09 13:18:49 [error] 1397190#1397190: *2622376 connect() to unix:/var/run/php/php8.3-fpm.sock failed (11: Resource temporarily unavailable) while connecting to upstream, client: 57.141.20.45, server: aftermarket-data.ru, request: "GET /?c=92692188723 HTTP/1.1", upstream: "fastcgi://unix:/var/run/php/php8.3-fpm.sock:", host: "aftermarket-data.ru"
2026/08/09 13:19:04 [error] 1397190#1397190: *2622378 connect() to unix:/var/run/php/php8.3-fpm.sock failed (11: Resource temporarily unavailable) while connecting to upstream, client: 66.249.66.193, server: aftermarket-data.ru, request: "GET /?v=40373278662 HTTP/1.1", upstream: "fastcgi://unix:/var/run/php/php8.3-fpm.sock:", host: "aftermarket-data.ru"
2026/08/09 13:19:13 [error] 1397190#1397190: *2622371 connect() to unix:/var/run/php/php8.3-fpm.sock failed (11: Resource temporarily unavailable) while connecting to upstream, client: 74.7.241.34, server: aftermarket-data.ru, request: "GET /sitemap_index.xml?loknya=/proc/1397190/root/proc/90/task HTTP/1.1", upstream: "fastcgi://unix:/var/run/php/php8.3-fpm.sock:", host: "aftermarket-data.ru", referrer: "https://aftermarket-data.ru/sitemap_index.xml?loknya=/proc/1397190/root/proc/90"
2026/08/09 13:19:18 [error] 1397194#1397194: *2622000 connect() to unix:/var/run/php/php8.3-fpm.sock failed (11: Resource temporarily unavailable) while connecting to upstream, client: 74.7.243.242, server: aftermarket-data.ru, request: "GET /index.php?loknya=/sys/class/misc/snapshot/subsystem/tun/subsystem/cpu_dma_latency/subsystem/psaux/subsystem/cpu_dma_latency/subsystem/udmabuf/subsystem/hpet/subsystem/rfkill/subsystem/autofs/subsystem HTTP/1.1", upstream: "fastcgi://unix:/var/run/php/php8.3-fpm.sock:", host: "www.aftermarket-data.ru", referrer: "https://www.aftermarket-data.ru/index.php?loknya=/sys/class/misc/snapshot/subsystem/tun/subsystem/cpu_dma_latency/subsystem/psaux/subsystem/cpu_dma_latency/subsystem/udmabuf/subsystem/hpet/subsystem/rfkill/subsystem/autofs"
2026/08/09 13:19:22 [error] 1397190#1397190: *2622382 connect() to unix:/var/run/php/php8.3-fpm.sock failed (11: Resource temporarily unavailable) while connecting to upstream, client: 57.141.20.35, server: aftermarket-data.ru, request: "GET /?r=80045198148 HTTP/1.1", upstream: "fastcgi://unix:/var/run/php/php8.3-fpm.sock:", host: "aftermarket-data.ru"
2026/08/09 13:19:30 [error] 1397190#1397190: *2622384 connect() to unix:/var/run/php/php8.3-fpm.sock failed (11: Resource temporarily unavailable) while connecting to upstream, client: 66.249.66.194, server: aftermarket-data.ru, request: "GET /?r=83243274940 HTTP/1.1", upstream: "fastcgi://unix:/var/run/php/php8.3-fpm.sock:", host: "aftermarket-data.ru"
2026/08/09 13:19:34 [error] 1397190#1397190: *2622384 connect() to unix:/var/run/php/php8.3-fpm.sock failed (11: Resource temporarily unavailable) while connecting to upstream, client: 66.249.66.194, server: aftermarket-data.ru, request: "GET /?v=40373219058 HTTP/1.1", upstream: "fastcgi://unix:/var/run/php/php8.3-fpm.sock:", host: "aftermarket-data.ru"
2026/08/09 13:19:34 [error] 1397190#1397190: *2622387 connect() to unix:/var/run/php/php8.3-fpm.sock failed (11: Resource temporarily unavailable) while connecting to upstream, client: 57.141.20.51, server: aftermarket-data.ru, request: "GET /?r=83243166877 HTTP/1.1", upstream: "fastcgi://unix:/var/run/php/php8.3-fpm.sock:", host: "aftermarket-data.ru"
2026/08/09 13:19:37 [error] 1397190#1397190: *2622389 connect() to unix:/var/run/php/php8.3-fpm.sock failed (11: Resource temporarily unavailable) while connecting to upstream, client: 57.141.20.7, server: aftermarket-data.ru, request: "GET /?c=9269247588 HTTP/1.1", upstream: "fastcgi://unix:/var/run/php/php8.3-fpm.sock:", host: "aftermarket-data.ru"
2026/08/09 13:20:06 [error] 1397190#1397190: *2622378 connect() to unix:/var/run/php/php8.3-fpm.sock failed (11: Resource temporarily unavailable) while connecting to upstream, client: 66.249.66.193, server: aftermarket-data.ru, request: "GET /?c=92692142923 HTTP/1.1", upstream: "fastcgi://unix:/var/run/php/php8.3-fpm.sock:", host: "aftermarket-data.ru"
2026/08/09 13:20:17 [error] 1397190#1397190: *2622393 connect() to unix:/var/run/php/php8.3-fpm.sock failed (11: Resource temporarily unavailable) while connecting to upstream, client: 5.255.231.12, server: aftermarket-data.ru, request: "GET /?r=83243266991 HTTP/1.1", upstream: "fastcgi://unix:/var/run/php/php8.3-fpm.sock:", host: "aftermarket-data.ru"
2026/08/09 13:20:17 [error] 1397190#1397190: *2622371 connect() to unix:/var/run/php/php8.3-fpm.sock failed (11: Resource temporarily unavailable) while connecting to upstream, client: 74.7.241.34, server: aftermarket-data.ru, request: "GET /sitemap_index.xml?loknya=/proc/1397194/root/proc/77/attr HTTP/1.1", upstream: "fastcgi://unix:/var/run/php/php8.3-fpm.sock:", host: "aftermarket-data.ru", referrer: "https://aftermarket-data.ru/sitemap_index.xml?loknya=/proc/1397194/root/proc/77"
2026/08/09 13:20:22 [error] 1397194#1397194: *2622000 connect() to unix:/var/run/php/php8.3-fpm.sock failed (11: Resource temporarily unavailable) while connecting to upstream, client: 74.7.243.242, server: aftermarket-data.ru, request: "GET /index.php?loknya=/sys/class/misc/snapshot/subsystem/tun/subsystem/cpu_dma_latency/subsystem/psaux/subsystem/cpu_dma_latency/subsystem/hw_random/subsystem/autofs/subsystem/fuse/subsystem/snapshot/subsystem/autofs/power HTTP/1.1", upstream: "fastcgi://unix:/var/run/php/php8.3-fpm.sock:", host: "www.aftermarket-data.ru", referrer: "https://www.aftermarket-data.ru/index.php?loknya=/sys/class/misc/snapshot/subsystem/tun/subsystem/cpu_dma_latency/subsystem/psaux/subsystem/cpu_dma_latency/subsystem/hw_random/subsystem/autofs/subsystem/fuse/subsystem/snapshot/subsystem/autofs"
2026/08/09 13:20:40 [error] 1397194#1397194: *2622397 connect() to unix:/var/run/php/php8.3-fpm.sock failed (11: Resource temporarily unavailable) while connecting to upstream, client: 57.141.20.17, server: aftermarket-data.ru, request: "GET /?g=551265358 HTTP/1.1", upstream: "fastcgi://unix:/var/run/php/php8.3-fpm.sock:", host: "aftermarket-data.ru"
2026/08/09 13:21:12 [error] 1397194#1397194: *2622399 connect() to unix:/var/run/php/php8.3-fpm.sock failed (11: Resource temporarily unavailable) while connecting to upstream, client: 66.249.66.195, server: aftermarket-data.ru, request: "GET /?v=40373221971 HTTP/1.1", upstream: "fastcgi://unix:/var/run/php/php8.3-fpm.sock:", host: "aftermarket-data.ru"
2026/08/09 13:21:20 [error] 1397190#1397190: *2622371 connect() to unix:/var/run/php/php8.3-fpm.sock failed (11: Resource temporarily unavailable) while connecting to upstream, client: 74.7.241.34, server: aftermarket-data.ru, request: "GET /sitemap_index.xml?loknya=/proc/1397194/root/proc/41/task HTTP/1.1", upstream: "fastcgi://unix:/var/run/php/php8.3-fpm.sock:", host: "aftermarket-data.ru", referrer: "https://aftermarket-data.ru/sitemap_index.xml?loknya=/proc/1397194/root/proc/41"
2026/08/09 13:21:23 [error] 1397194#1397194: *2622000 connect() to unix:/var/run/php/php8.3-fpm.sock failed (11: Resource temporarily unavailable) while connecting to upstream, client: 74.7.243.242, server: aftermarket-data.ru, request: "GET /index.php?loknya=/sys/class/misc/snapshot/subsystem/tun/subsystem/cpu_dma_latency/subsystem/psaux/subsystem/cpu_dma_latency/subsystem/udmabuf/subsystem/loop-control/subsystem/tun/subsystem/autofs/subsystem/rfkill HTTP/1.1", upstream: "fastcgi://unix:/var/run/php/php8.3-fpm.sock:", host: "www.aftermarket-data.ru", referrer: "https://www.aftermarket-data.ru/index.php?loknya=/sys/class/misc/snapshot/subsystem/tun/subsystem/cpu_dma_latency/subsystem/psaux/subsystem/cpu_dma_latency/subsystem/udmabuf/subsystem/loop-control/subsystem/tun/subsystem/autofs/subsystem"
2026/08/09 13:21:37 [error] 1397194#1397194: *2622403 open() "/usr/share/nginx/html/.git/index" failed (2: No such file or directory), client: 77.83.39.94, server: api.aftermarket-data.ru, request: "GET /.git/index HTTP/1.1", host: "157.22.201.140"
2026/08/09 13:21:47 [error] 1397194#1397194: *2622404 connect() to unix:/var/run/php/php8.3-fpm.sock failed (11: Resource temporarily unavailable) while connecting to upstream, client: 57.141.20.42, server: aftermarket-data.ru, request: "GET /?m=15534259234 HTTP/1.1", upstream: "fastcgi://unix:/var/run/php/php8.3-fpm.sock:", host: "aftermarket-data.ru"
2026/08/09 13:21:48 [error] 1397194#1397194: *2622406 connect() to unix:/var/run/php/php8.3-fpm.sock failed (11: Resource temporarily unavailable) while connecting to upstream, client: 66.249.66.193, server: aftermarket-data.ru, request: "GET /?r=8004580904 HTTP/1.1", upstream: "fastcgi://unix:/var/run/php/php8.3-fpm.sock:", host: "aftermarket-data.ru"
2026/08/09 13:21:51 [error] 1397194#1397194: *2622406 connect() to unix:/var/run/php/php8.3-fpm.sock failed (11: Resource temporarily unavailable) while connecting to upstream, client: 66.249.66.193, server: aftermarket-data.ru, request: "GET /?a=9882682493 HTTP/1.1", upstream: "fastcgi://unix:/var/run/php/php8.3-fpm.sock:", host: "aftermarket-data.ru"
2026/08/09 13:22:24 [error] 1397190#1397190: *2622371 connect() to unix:/var/run/php/php8.3-fpm.sock failed (11: Resource temporarily unavailable) while connecting to upstream, client: 74.7.241.34, server: aftermarket-data.ru, request: "GET /sitemap_index.xml?loknya=/proc/1397197/root/proc/34/attr HTTP/1.1", upstream: "fastcgi://unix:/var/run/php/php8.3-fpm.sock:", host: "aftermarket-data.ru", referrer: "https://aftermarket-data.ru/sitemap_index.xml?loknya=/proc/1397197/root/proc/34"
2026/08/09 13:22:24 [error] 1397194#1397194: *2622000 connect() to unix:/var/run/php/php8.3-fpm.sock failed (11: Resource temporarily unavailable) while connecting to upstream, client: 74.7.243.242, server: aftermarket-data.ru, request: "GET /index.php?loknya=/sys/class/misc/snapshot/subsystem/tun/subsystem/cpu_dma_latency/subsystem/psaux/subsystem/cpu_dma_latency/subsystem/ecryptfs/subsystem/fuse/subsystem/loop-control/subsystem/uinput/subsystem/vga_arbiter HTTP/1.1", upstream: "fastcgi://unix:/var/run/php/php8.3-fpm.sock:", host: "www.aftermarket-data.ru", referrer: "https://www.aftermarket-data.ru/index.php?loknya=/sys/class/misc/snapshot/subsystem/tun/subsystem/cpu_dma_latency/subsystem/psaux/subsystem/cpu_dma_latency/subsystem/ecryptfs/subsystem/fuse/subsystem/loop-control/subsystem/uinput/subsystem"
2026/08/09 13:22:53 [error] 1397194#1397194: *2622411 connect() to unix:/var/run/php/php8.3-fpm.sock failed (11: Resource temporarily unavailable) while connecting to upstream, client: 57.141.20.4, server: aftermarket-data.ru, request: "GET /?i=51774270749 HTTP/1.1", upstream: "fastcgi://unix:/var/run/php/php8.3-fpm.sock:", host: "aftermarket-data.ru"
2026/08/09 13:22:53 [error] 1397194#1397194: *2622413 connect() to unix:/var/run/php/php8.3-fpm.sock failed (11: Resource temporarily unavailable) while connecting to upstream, client: 57.141.20.32, server: aftermarket-data.ru, request: "GET /?v=40373255941 HTTP/1.1", upstream: "fastcgi://unix:/var/run/php/php8.3-fpm.sock:", host: "aftermarket-data.ru"
2026/08/09 13:22:54 [error] 1397194#1397194: *2622415 connect() to unix:/var/run/php/php8.3-fpm.sock failed (11: Resource temporarily unavailable) while connecting to upstream, client: 57.141.20.71, server: aftermarket-data.ru, request: "GET /sitemap935.xml?lokasie=/var/www/aftermarket-data.ru/wp-signup.php&loknya=/var/www/aftermarket-data.ru HTTP/1.1", upstream: "fastcgi://unix:/var/run/php/php8.3-fpm.sock:", host: "aftermarket-data.ru"
2026/08/09 13:23:08 [error] 1397194#1397194: *2622417 connect() to unix:/var/run/php/php8.3-fpm.sock failed (11: Resource temporarily unavailable) while connecting to upstream, client: 57.141.20.43, server: aftermarket-data.ru, request: "GET /?i=51774239572 HTTP/1.1", upstream: "fastcgi://unix:/var/run/php/php8.3-fpm.sock:", host: "aftermarket-data.ru"
2026/08/09 13:23:30 [error] 1397190#1397190: *2622371 connect() to unix:/var/run/php/php8.3-fpm.sock failed (11: Resource temporarily unavailable) while connecting to upstream, client: 74.7.241.34, server: aftermarket-data.ru, request: "GET /sitemap_index.xml?loknya=/proc/1397194/root/proc/47/attr HTTP/1.1", upstream: "fastcgi://unix:/var/run/php/php8.3-fpm.sock:", host: "aftermarket-data.ru", referrer: "https://aftermarket-data.ru/sitemap_index.xml?loknya=/proc/1397194/root/proc/47"
2026/08/09 13:23:30 [error] 1397194#1397194: *2622000 connect() to unix:/var/run/php/php8.3-fpm.sock failed (11: Resource temporarily unavailable) while connecting to upstream, client: 74.7.243.242, server: aftermarket-data.ru, request: "GET /index.php?loknya=/sys/class/misc/snapshot/subsystem/tun/subsystem/cpu_dma_latency/subsystem/psaux/subsystem/cpu_dma_latency/subsystem/ecryptfs/subsystem/hpet/subsystem/psaux/subsystem/rfkill/subsystem/hpet/power HTTP/1.1", upstream: "fastcgi://unix:/var/run/php/php8.3-fpm.sock:", host: "www.aftermarket-data.ru", referrer: "https://www.aftermarket-data.ru/index.php?loknya=/sys/class/misc/snapshot/subsystem/tun/subsystem/cpu_dma_latency/subsystem/psaux/subsystem/cpu_dma_latency/subsystem/ecryptfs/subsystem/hpet/subsystem/psaux/subsystem/rfkill/subsystem/hpet"
2026/08/09 13:23:53 [error] 1397194#1397194: *2622421 connect() to unix:/var/run/php/php8.3-fpm.sock failed (11: Resource temporarily unavailable) while connecting to upstream, client: 213.180.203.7, server: aftermarket-data.ru, request: "GET /?q=69176178004 HTTP/1.1", upstream: "fastcgi://unix:/var/run/php/php8.3-fpm.sock:", host: "aftermarket-data.ru"
2026/08/09 13:24:00 [error] 1397194#1397194: *2622423 connect() to unix:/var/run/php/php8.3-fpm.sock failed (11: Resource temporarily unavailable) while connecting to upstream, client: 57.141.20.28, server: aftermarket-data.ru, request: "GET /sitemap867.xml?lokasie=/var/www/aftermarket-data.ru/license.txt&loknya=/var/www/aftermarket-data.ru HTTP/1.1", upstream: "fastcgi://unix:/var/run/php/php8.3-fpm.sock:", host: "aftermarket-data.ru"
2026/08/09 13:24:07 [error] 1397194#1397194: *2622425 connect() to unix:/var/run/php/php8.3-fpm.sock failed (11: Resource temporarily unavailable) while connecting to upstream, client: 66.249.66.194, server: aftermarket-data.ru, request: "GET /?m=1553478030 HTTP/1.1", upstream: "fastcgi://unix:/var/run/php/php8.3-fpm.sock:", host: "aftermarket-data.ru"
2026/08/09 13:24:25 [error] 1397194#1397194: *2622427 connect() to unix:/var/run/php/php8.3-fpm.sock failed (11: Resource temporarily unavailable) while connecting to upstream, client: 66.249.66.193, server: aftermarket-data.ru, request: "GET /?g=5512679852 HTTP/1.1", upstream: "fastcgi://unix:/var/run/php/php8.3-fpm.sock:", host: "aftermarket-data.ru"
2026/08/09 13:24:34 [error] 1397194#1397194: *2622000 connect() to unix:/var/run/php/php8.3-fpm.sock failed (11: Resource temporarily unavailable) while connecting to upstream, client: 74.7.243.242, server: aftermarket-data.ru, request: "GET /index.php?loknya=/sys/class/misc/snapshot/subsystem/tun/subsystem/cpu_dma_latency/subsystem/psaux/subsystem/cpu_dma_latency/subsystem/snapshot/subsystem/udmabuf/subsystem/fuse/subsystem/mcelog/subsystem/hw_random HTTP/1.1", upstream: "fastcgi://unix:/var/run/php/php8.3-fpm.sock:", host: "www.aftermarket-data.ru", referrer: "https://www.aftermarket-data.ru/index.php?loknya=/sys/class/misc/snapshot/subsystem/tun/subsystem/cpu_dma_latency/subsystem/psaux/subsystem/cpu_dma_latency/subsystem/snapshot/subsystem/udmabuf/subsystem/fuse/subsystem/mcelog/subsystem"
2026/08/09 13:24:35 [error] 1397190#1397190: *2622371 connect() to unix:/var/run/php/php8.3-fpm.sock failed (11: Resource temporarily unavailable) while connecting to upstream, client: 74.7.241.34, server: aftermarket-data.ru, request: "GET /sitemap_index.xml?loknya=/proc/1397191/root/proc/33/task HTTP/1.1", upstream: "fastcgi://unix:/var/run/php/php8.3-fpm.sock:", host: "aftermarket-data.ru", referrer: "https://aftermarket-data.ru/sitemap_index.xml?loknya=/proc/1397191/root/proc/33"
2026/08/09 13:25:01 [error] 1397194#1397194: *2622431 connect() to unix:/var/run/php/php8.3-fpm.sock failed (11: Resource temporarily unavailable) while connecting to upstream, client: 5.255.231.18, server: aftermarket-data.ru, request: "GET /?class/4699-9269200010.html HTTP/1.1", upstream: "fastcgi://unix:/var/run/php/php8.3-fpm.sock:", host: "aftermarket-data.ru"
2026/08/09 13:25:07 [error] 1397194#1397194: *2622425 connect() to unix:/var/run/php/php8.3-fpm.sock failed (11: Resource temporarily unavailable) while connecting to upstream, client: 66.249.66.194, server: aftermarket-data.ru, request: "GET /?v=4037329598 HTTP/1.1", upstream: "fastcgi://unix:/var/run/php/php8.3-fpm.sock:", host: "aftermarket-data.ru"
2026/08/09 13:25:09 [error] 1397194#1397194: *2622435 connect() to unix:/var/run/php/php8.3-fpm.sock failed (11: Resource temporarily unavailable) while connecting to upstream, client: 57.141.20.25, server: aftermarket-data.ru, request: "GET /?c=92692256801 HTTP/1.1", upstream: "fastcgi://unix:/var/run/php/php8.3-fpm.sock:", host: "aftermarket-data.ru"
2026/08/09 13:25:16 [error] 1397194#1397194: *2622437 connect() to unix:/var/run/php/php8.3-fpm.sock failed (11: Resource temporarily unavailable) while connecting to upstream, client: 57.141.20.31, server: aftermarket-data.ru, request: "GET /?r=80045163174 HTTP/1.1", upstream: "fastcgi://unix:/var/run/php/php8.3-fpm.sock:", host: "aftermarket-data.ru"
2026/08/09 13:25:30 [error] 1397194#1397194: *2622427 connect() to unix:/var/run/php/php8.3-fpm.sock failed (11: Resource temporarily unavailable) while connecting to upstream, client: 66.249.66.193, server: aftermarket-data.ru, request: "GET /?q=69176163013 HTTP/1.1", upstream: "fastcgi://unix:/var/run/php/php8.3-fpm.sock:", host: "aftermarket-data.ru"
2026/08/09 13:25:33 [error] 1397195#1397195: *2622440 connect() to unix:/var/run/php/php8.3-fpm.sock failed (11: Resource temporarily unavailable) while connecting to upstream, client: 57.141.20.60, server: aftermarket-data.ru, request: "GET /?g=55126247117 HTTP/1.1", upstream: "fastcgi://unix:/var/run/php/php8.3-fpm.sock:", host: "aftermarket-data.ru"
2026/08/09 13:25:35 [error] 1397194#1397194: *2622000 connect() to unix:/var/run/php/php8.3-fpm.sock failed (11: Resource temporarily unavailable) while connecting to upstream, client: 74.7.243.242, server: aftermarket-data.ru, request: "GET /index.php?loknya=/sys/class/misc/snapshot/subsystem/tun/subsystem/cpu_dma_latency/subsystem/psaux/subsystem/cpu_dma_latency/subsystem/ecryptfs/subsystem/hw_random/subsystem/fuse/subsystem/hpet/subsystem/userfaultfd HTTP/1.1", upstream: "fastcgi://unix:/var/run/php/php8.3-fpm.sock:", host: "www.aftermarket-data.ru", referrer: "https://www.aftermarket-data.ru/index.php?loknya=/sys/class/misc/snapshot/subsystem/tun/subsystem/cpu_dma_latency/subsystem/psaux/subsystem/cpu_dma_latency/subsystem/ecryptfs/subsystem/hw_random/subsystem/fuse/subsystem/hpet/subsystem"
2026/08/09 13:25:37 [error] 1397195#1397195: *2622443 connect() to unix:/var/run/php/php8.3-fpm.sock failed (11: Resource temporarily unavailable) while connecting to upstream, client: 57.141.20.4, server: aftermarket-data.ru, request: "GET /?v=40373146146 HTTP/1.1", upstream: "fastcgi://unix:/var/run/php/php8.3-fpm.sock:", host: "aftermarket-data.ru"
2026/08/09 13:25:40 [error] 1397190#1397190: *2622371 connect() to unix:/var/run/php/php8.3-fpm.sock failed (11: Resource temporarily unavailable) while connecting to upstream, client: 74.7.241.34, server: aftermarket-data.ru, request: "GET /sitemap_index.xml?loknya=/proc/1397190/root/proc/39/attr HTTP/1.1", upstream: "fastcgi://unix:/var/run/php/php8.3-fpm.sock:", host: "aftermarket-data.ru", referrer: "https://aftermarket-data.ru/sitemap_index.xml?loknya=/proc/1397190/root/proc/39"
2026/08/09 13:25:47 [error] 1397195#1397195: *2622446 connect() to unix:/var/run/php/php8.3-fpm.sock failed (11: Resource temporarily unavailable) while connecting to upstream, client: 66.249.66.193, server: aftermarket-data.ru, request: "GET /?m=15534275605 HTTP/1.1", upstream: "fastcgi://unix:/var/run/php/php8.3-fpm.sock:", host: "aftermarket-data.ru"
2026/08/09 13:25:48 [error] 1397194#1397194: *2622427 connect() to unix:/var/run/php/php8.3-fpm.sock failed (11: Resource temporarily unavailable) while connecting to upstream, client: 66.249.66.193, server: aftermarket-data.ru, request: "GET /?v=403738166 HTTP/1.1", upstream: "fastcgi://unix:/var/run/php/php8.3-fpm.sock:", host: "aftermarket-data.ru"
2026/08/09 13:26:16 [error] 1397195#1397195: *2622449 connect() to unix:/var/run/php/php8.3-fpm.sock failed (11: Resource temporarily unavailable) while connecting to upstream, client: 66.249.66.194, server: aftermarket-data.ru, request: "GET /?g=55126254944 HTTP/1.1", upstream: "fastcgi://unix:/var/run/php/php8.3-fpm.sock:", host: "aftermarket-data.ru"
2026/08/09 13:26:18 [error] 1397195#1397195: *2622451 connect() to unix:/var/run/php/php8.3-fpm.sock failed (11: Resource temporarily unavailable) while connecting to upstream, client: 204.12.208.18, server: aftermarket-data.ru, request: "GET /wp-content/index.php HTTP/1.1", upstream: "fastcgi://unix:/var/run/php/php8.3-fpm.sock:", host: "aftermarket-data.ru", referrer: "https://aftermarket-data.ru/wp-content/index.php"
2026/08/09 13:26:18 [error] 1397195#1397195: *2622451 connect() to unix:/var/run/php/php8.3-fpm.sock failed (11: Resource temporarily unavailable) while connecting to upstream, client: 204.12.208.18, server: aftermarket-data.ru, request: "GET /wp-content/index.php HTTP/1.1", upstream: "fastcgi://unix:/var/run/php/php8.3-fpm.sock:", host: "aftermarket-data.ru", referrer: "https://aftermarket-data.ru/wp-content/index.php"
2026/08/09 13:26:18 [error] 1397195#1397195: *2622451 connect() to unix:/var/run/php/php8.3-fpm.sock failed (11: Resource temporarily unavailable) while connecting to upstream, client: 204.12.208.18, server: aftermarket-data.ru, request: "GET /wp-content/index.php HTTP/1.1", upstream: "fastcgi://unix:/var/run/php/php8.3-fpm.sock:", host: "aftermarket-data.ru", referrer: "https://aftermarket-data.ru/wp-content/index.php"
2026/08/09 13:26:19 [error] 1397194#1397194: *2622427 connect() to unix:/var/run/php/php8.3-fpm.sock failed (11: Resource temporarily unavailable) while connecting to upstream, client: 66.249.66.193, server: aftermarket-data.ru, request: "GET /?v=40373272653 HTTP/1.1", upstream: "fastcgi://unix:/var/run/php/php8.3-fpm.sock:", host: "aftermarket-data.ru"
2026/08/09 13:26:22 [error] 1397195#1397195: *2622456 connect() to unix:/var/run/php/php8.3-fpm.sock failed (11: Resource temporarily unavailable) while connecting to upstream, client: 57.141.20.39, server: aftermarket-data.ru, request: "GET /?r=80045226066 HTTP/1.1", upstream: "fastcgi://unix:/var/run/php/php8.3-fpm.sock:", host: "aftermarket-data.ru"
2026/08/09 13:26:44 [error] 1397190#1397190: *2622371 connect() to unix:/var/run/php/php8.3-fpm.sock failed (11: Resource temporarily unavailable) while connecting to upstream, client: 74.7.241.34, server: aftermarket-data.ru, request: "GET /sitemap_index.xml?loknya=/proc/1397197/root/proc/27/attr HTTP/1.1", upstream: "fastcgi://unix:/var/run/php/php8.3-fpm.sock:", host: "aftermarket-data.ru", referrer: "https://aftermarket-data.ru/sitemap_index.xml?loknya=/proc/1397197/root/proc/27"
2026/08/09 13:27:06 [error] 1397195#1397195: *2622460 connect() to unix:/var/run/php/php8.3-fpm.sock failed (11: Resource temporarily unavailable) while connecting to upstream, client: 66.249.66.195, server: aftermarket-data.ru, request: "GET /?m=1553487507 HTTP/1.1", upstream: "fastcgi://unix:/var/run/php/php8.3-fpm.sock:", host: "aftermarket-data.ru"
2026/08/09 13:27:06 [error] 1397194#1397194: *2622427 connect() to unix:/var/run/php/php8.3-fpm.sock failed (11: Resource temporarily unavailable) while connecting to upstream, client: 66.249.66.193, server: aftermarket-data.ru, request: "GET /?r=80045153304 HTTP/1.1", upstream: "fastcgi://unix:/var/run/php/php8.3-fpm.sock:", host: "aftermarket-data.ru"
2026/08/09 13:27:07 [error] 1397195#1397195: *2622460 connect() to unix:/var/run/php/php8.3-fpm.sock failed (11: Resource temporarily unavailable) while connecting to upstream, client: 66.249.66.195, server: aftermarket-data.ru, request: "GET /?m=1553430427 HTTP/1.1", upstream: "fastcgi://unix:/var/run/php/php8.3-fpm.sock:", host: "aftermarket-data.ru"
2026/08/09 13:27:09 [error] 1397195#1397195: *2622464 open() "/usr/share/nginx/html/.env" failed (2: No such file or directory), client: 80.94.95.211, server: api.aftermarket-data.ru, request: "GET /.env HTTP/1.1", host: "157.22.201.140:443"
2026/08/09 13:27:09 [error] 1397195#1397195: *2622464 open() "/usr/share/nginx/html/.env.php" failed (2: No such file or directory), client: 80.94.95.211, server: api.aftermarket-data.ru, request: "GET /.env.php HTTP/1.1", host: "157.22.201.140:443"
2026/08/09 13:27:09 [error] 1397195#1397195: *2622464 open() "/usr/share/nginx/html/.env.sample.php" failed (2: No such file or directory), client: 80.94.95.211, server: api.aftermarket-data.ru, request: "GET /.env.sample.php HTTP/1.1", host: "157.22.201.140:443"
2026/08/09 13:27:09 [error] 1397195#1397195: *2622464 open() "/usr/share/nginx/html/.env.local.php" failed (2: No such file or directory), client: 80.94.95.211, server: api.aftermarket-data.ru, request: "GET /.env.local.php HTTP/1.1", host: "157.22.201.140:443"
2026/08/09 13:27:09 [error] 1397195#1397195: *2622464 open() "/usr/share/nginx/html/.env.production.php" failed (2: No such file or directory), client: 80.94.95.211, server: api.aftermarket-data.ru, request: "GET /.env.production.php HTTP/1.1", host: "157.22.201.140:443"
2026/08/09 13:27:09 [error] 1397195#1397195: *2622464 open() "/usr/share/nginx/html/config.dev.php" failed (2: No such file or directory), client: 80.94.95.211, server: api.aftermarket-data.ru, request: "GET /config.dev.php HTTP/1.1", host: "157.22.201.140:443"
2026/08/09 13:27:09 [error] 1397195#1397195: *2622464 open() "/usr/share/nginx/html/config.env" failed (2: No such file or directory), client: 80.94.95.211, server: api.aftermarket-data.ru, request: "GET /config.env HTTP/1.1", host: "157.22.201.140:443"
2026/08/09 13:27:09 [error] 1397195#1397195: *2622464 open() "/usr/share/nginx/html/twilio/.env.php" failed (2: No such file or directory), client: 80.94.95.211, server: api.aftermarket-data.ru, request: "GET /twilio/.env.php HTTP/1.1", host: "157.22.201.140:443"
2026/08/09 13:27:10 [error] 1397195#1397195: *2622464 open() "/usr/share/nginx/html/config/.env.php" failed (2: No such file or directory), client: 80.94.95.211, server: api.aftermarket-data.ru, request: "GET /config/.env.php HTTP/1.1", host: "157.22.201.140:443"
2026/08/09 13:27:10 [error] 1397195#1397195: *2622464 open() "/usr/share/nginx/html/sendgrid/.env.php" failed (2: No such file or directory), client: 80.94.95.211, server: api.aftermarket-data.ru, request: "GET /sendgrid/.env.php HTTP/1.1", host: "157.22.201.140:443"
2026/08/09 13:27:10 [error] 1397195#1397195: *2622464 open() "/usr/share/nginx/html/.env.php.bak" failed (2: No such file or directory), client: 80.94.95.211, server: api.aftermarket-data.ru, request: "GET /.env.php.bak HTTP/1.1", host: "157.22.201.140:443"
2026/08/09 13:27:10 [error] 1397195#1397195: *2622464 open() "/usr/share/nginx/html/.env.php-bak" failed (2: No such file or directory), client: 80.94.95.211, server: api.aftermarket-data.ru, request: "GET /.env.php-bak HTTP/1.1", host: "157.22.201.140:443"
2026/08/09 13:27:10 [error] 1397195#1397195: *2622464 open() "/usr/share/nginx/html/.env.php-backup" failed (2: No such file or directory), client: 80.94.95.211, server: api.aftermarket-data.ru, request: "GET /.env.php-backup HTTP/1.1", host: "157.22.201.140:443"
2026/08/09 13:27:10 [error] 1397195#1397195: *2622464 open() "/usr/share/nginx/html/.env.php.backup" failed (2: No such file or directory), client: 80.94.95.211, server: api.aftermarket-data.ru, request: "GET /.env.php.backup HTTP/1.1", host: "157.22.201.140:443"
2026/08/09 13:27:10 [error] 1397195#1397195: *2622464 open() "/usr/share/nginx/html/test/.env.php" failed (2: No such file or directory), client: 80.94.95.211, server: api.aftermarket-data.ru, request: "GET /test/.env.php HTTP/1.1", host: "157.22.201.140:443"
2026/08/09 13:27:10 [error] 1397195#1397195: *2622464 open() "/usr/share/nginx/html/.env.example.php" failed (2: No such file or directory), client: 80.94.95.211, server: api.aftermarket-data.ru, request: "GET /.env.example.php HTTP/1.1", host: "157.22.201.140:443"
2026/08/09 13:27:10 [error] 1397195#1397195: *2622464 open() "/usr/share/nginx/html/app_dev.php/_profiler/.env" failed (2: No such file or directory), client: 80.94.95.211, server: api.aftermarket-data.ru, request: "GET /app_dev.php/_profiler/.env HTTP/1.1", host: "157.22.201.140:443"
2026/08/09 13:27:10 [error] 1397195#1397195: *2622464 open() "/usr/share/nginx/html/var/.env.local.php" failed (2: No such file or directory), client: 80.94.95.211, server: api.aftermarket-data.ru, request: "GET /var/.env.local.php HTTP/1.1", host: "157.22.201.140:443"
2026/08/09 13:27:10 [error] 1397195#1397195: *2622464 open() "/usr/share/nginx/html/app/.env" failed (2: No such file or directory), client: 80.94.95.211, server: api.aftermarket-data.ru, request: "GET /app/.env HTTP/1.1", host: "157.22.201.140:443"
2026/08/09 13:27:10 [error] 1397195#1397195: *2622464 open() "/usr/share/nginx/html/admin/.env" failed (2: No such file or directory), client: 80.94.95.211, server: api.aftermarket-data.ru, request: "GET /admin/.env HTTP/1.1", host: "157.22.201.140:443"
2026/08/09 13:27:10 [error] 1397195#1397195: *2622464 open() "/usr/share/nginx/html/.env.production" failed (2: No such file or directory), client: 80.94.95.211, server: api.aftermarket-data.ru, request: "GET /.env.production HTTP/1.1", host: "157.22.201.140:443"
2026/08/09 13:27:10 [error] 1397195#1397195: *2622464 open() "/usr/share/nginx/html/.env.save" failed (2: No such file or directory), client: 80.94.95.211, server: api.aftermarket-data.ru, request: "GET /.env.save HTTP/1.1", host: "157.22.201.140:443"
2026/08/09 13:27:10 [error] 1397195#1397195: *2622464 open() "/usr/share/nginx/html/backend/.env" failed (2: No such file or directory), client: 80.94.95.211, server: api.aftermarket-data.ru, request: "GET /backend/.env HTTP/1.1", host: "157.22.201.140:443"
2026/08/09 13:27:10 [error] 1397195#1397195: *2622464 open() "/usr/share/nginx/html/core/.env" failed (2: No such file or directory), client: 80.94.95.211, server: api.aftermarket-data.ru, request: "GET /core/.env HTTP/1.1", host: "157.22.201.140:443"
2026/08/09 13:27:10 [error] 1397195#1397195: *2622464 open() "/usr/share/nginx/html/laravel/.env" failed (2: No such file or directory), client: 80.94.95.211, server: api.aftermarket-data.ru, request: "GET /laravel/.env HTTP/1.1", host: "157.22.201.140:443"
2026/08/09 13:27:10 [error] 1397195#1397195: *2622464 open() "/usr/share/nginx/html/.env.example" failed (2: No such file or directory), client: 80.94.95.211, server: api.aftermarket-data.ru, request: "GET /.env.example HTTP/1.1", host: "157.22.201.140:443"
2026/08/09 13:27:10 [error] 1397195#1397195: *2622464 open() "/usr/share/nginx/html/.env.prod" failed (2: No such file or directory), client: 80.94.95.211, server: api.aftermarket-data.ru, request: "GET /.env.prod HTTP/1.1", host: "157.22.201.140:443"
2026/08/09 13:27:11 [error] 1397195#1397195: *2622464 open() "/usr/share/nginx/html/.env.local" failed (2: No such file or directory), client: 80.94.95.211, server: api.aftermarket-data.ru, request: "GET /.env.local HTTP/1.1", host: "157.22.201.140:443"
2026/08/09 13:27:11 [error] 1397195#1397195: *2622464 open() "/usr/share/nginx/html/ch6-mytodo/.env" failed (2: No such file or directory), client: 80.94.95.211, server: api.aftermarket-data.ru, request: "GET /ch6-mytodo/.env HTTP/1.1", host: "157.22.201.140:443"
2026/08/09 13:27:11 [error] 1397195#1397195: *2622464 open() "/usr/share/nginx/html/node/.env" failed (2: No such file or directory), client: 80.94.95.211, server: api.aftermarket-data.ru, request: "GET /node/.env HTTP/1.1", host: "157.22.201.140:443"
2026/08/09 13:27:11 [error] 1397195#1397195: *2622464 open() "/usr/share/nginx/html/basic-network/.env" failed (2: No such file or directory), client: 80.94.95.211, server: api.aftermarket-data.ru, request: "GET /basic-network/.env HTTP/1.1", host: "157.22.201.140:443"
2026/08/09 13:27:11 [error] 1397195#1397195: *2622464 open() "/usr/share/nginx/html/ftp/.env" failed (2: No such file or directory), client: 80.94.95.211, server: api.aftermarket-data.ru, request: "GET /ftp/.env HTTP/1.1", host: "157.22.201.140:443"
2026/08/09 13:27:11 [error] 1397195#1397195: *2622464 open() "/usr/share/nginx/html/ftpmaster/.env" failed (2: No such file or directory), client: 80.94.95.211, server: api.aftermarket-data.ru, request: "GET /ftpmaster/.env HTTP/1.1", host: "157.22.201.140:443"
2026/08/09 13:27:11 [error] 1397195#1397195: *2622464 open() "/usr/share/nginx/html/.env.1" failed (2: No such file or directory), client: 80.94.95.211, server: api.aftermarket-data.ru, request: "GET /.env.1 HTTP/1.1", host: "157.22.201.140:443"
2026/08/09 13:27:11 [error] 1397195#1397195: *2622464 open() "/usr/share/nginx/html/backend/src/.env" failed (2: No such file or directory), client: 80.94.95.211, server: api.aftermarket-data.ru, request: "GET /backend/src/.env HTTP/1.1", host: "157.22.201.140:443"
2026/08/09 13:27:11 [error] 1397195#1397195: *2622464 open() "/usr/share/nginx/html/image_data/.env" failed (2: No such file or directory), client: 80.94.95.211, server: api.aftermarket-data.ru, request: "GET /image_data/.env HTTP/1.1", host: "157.22.201.140:443"
2026/08/09 13:27:11 [error] 1397195#1397195: *2622464 open() "/usr/share/nginx/html/.git/.env" failed (2: No such file or directory), client: 80.94.95.211, server: api.aftermarket-data.ru, request: "GET /.git/.env HTTP/1.1", host: "157.22.201.140:443"
2026/08/09 13:27:11 [error] 1397195#1397195: *2622464 open() "/usr/share/nginx/html/bgoldd/.env" failed (2: No such file or directory), client: 80.94.95.211, server: api.aftermarket-data.ru, request: "GET /bgoldd/.env HTTP/1.1", host: "157.22.201.140:443"
2026/08/09 13:27:11 [error] 1397195#1397195: *2622464 open() "/usr/share/nginx/html/magento/.env" failed (2: No such file or directory), client: 80.94.95.211, server: api.aftermarket-data.ru, request: "GET /magento/.env HTTP/1.1", host: "157.22.201.140:443"
2026/08/09 13:27:11 [error] 1397195#1397195: *2622464 open() "/usr/share/nginx/html/app/.env.local" failed (2: No such file or directory), client: 80.94.95.211, server: api.aftermarket-data.ru, request: "GET /app/.env.local HTTP/1.1", host: "157.22.201.140:443"
2026/08/09 13:27:11 [error] 1397195#1397195: *2622464 open() "/usr/share/nginx/html/laravel/.env.local" failed (2: No such file or directory), client: 80.94.95.211, server: api.aftermarket-data.ru, request: "GET /laravel/.env.local HTTP/1.1", host: "157.22.201.140:443"
2026/08/09 13:27:12 [error] 1397195#1397195: *2622464 open() "/usr/share/nginx/html/backend/.env.local" failed (2: No such file or directory), client: 80.94.95.211, server: api.aftermarket-data.ru, request: "GET /backend/.env.local HTTP/1.1", host: "157.22.201.140:443"
2026/08/09 13:27:12 [error] 1397195#1397195: *2622464 open() "/usr/share/nginx/html/acme/.env" failed (2: No such file or directory), client: 80.94.95.211, server: api.aftermarket-data.ru, request: "GET /acme/.env HTTP/1.1", host: "157.22.201.140:443"
2026/08/09 13:27:12 [error] 1397195#1397195: *2622464 open() "/usr/share/nginx/html/template/.env" failed (2: No such file or directory), client: 80.94.95.211, server: api.aftermarket-data.ru, request: "GET /template/.env HTTP/1.1", host: "157.22.201.140:443"
2026/08/09 13:27:12 [error] 1397195#1397195: *2622464 open() "/usr/share/nginx/html/acme-challenge/.env" failed (2: No such file or directory), client: 80.94.95.211, server: api.aftermarket-data.ru, request: "GET /acme-challenge/.env HTTP/1.1", host: "157.22.201.140:443"
2026/08/09 13:27:12 [error] 1397195#1397195: *2622464 open() "/usr/share/nginx/html/Passportjs/.env" failed (2: No such file or directory), client: 80.94.95.211, server: api.aftermarket-data.ru, request: "GET /Passportjs/.env HTTP/1.1", host: "157.22.201.140:443"
2026/08/09 13:27:12 [error] 1397195#1397195: *2622464 open() "/usr/share/nginx/html/fileserver/.env" failed (2: No such file or directory), client: 80.94.95.211, server: api.aftermarket-data.ru, request: "GET /fileserver/.env HTTP/1.1", host: "157.22.201.140:443"
2026/08/09 13:27:12 [error] 1397195#1397195: *2622464 open() "/usr/share/nginx/html/rails/.env" failed (2: No such file or directory), client: 80.94.95.211, server: api.aftermarket-data.ru, request: "GET /rails/.env HTTP/1.1", host: "157.22.201.140:443"
2026/08/09 13:27:12 [error] 1397195#1397195: *2622464 open() "/usr/share/nginx/html/app1-static/.env" failed (2: No such file or directory), client: 80.94.95.211, server: api.aftermarket-data.ru, request: "GET /app1-static/.env HTTP/1.1", host: "157.22.201.140:443"
2026/08/09 13:27:12 [error] 1397195#1397195: *2622464 open() "/usr/share/nginx/html/theme/.env" failed (2: No such file or directory), client: 80.94.95.211, server: api.aftermarket-data.ru, request: "GET /theme/.env HTTP/1.1", host: "157.22.201.140:443"
2026/08/09 13:27:12 [error] 1397195#1397195: *2622464 open() "/usr/share/nginx/html/repo/.env" failed (2: No such file or directory), client: 80.94.95.211, server: api.aftermarket-data.ru, request: "GET /repo/.env HTTP/1.1", host: "157.22.201.140:443"
2026/08/09 13:27:12 [error] 1397195#1397195: *2622464 open() "/usr/share/nginx/html/app/code/community/Nosto/Tagging/.env" failed (2: No such file or directory), client: 80.94.95.211, server: api.aftermarket-data.ru, request: "GET /app/code/community/Nosto/Tagging/.env HTTP/1.1", host: "157.22.201.140:443"
2026/08/09 13:27:12 [error] 1397195#1397195: *2622464 open() "/usr/share/nginx/html/ch8b-mytodo/.env" failed (2: No such file or directory), client: 80.94.95.211, server: api.aftermarket-data.ru, request: "GET /ch8b-mytodo/.env HTTP/1.1", host: "157.22.201.140:443"
2026/08/09 13:27:12 [error] 1397195#1397195: *2622464 open() "/usr/share/nginx/html/.env.ini" failed (2: No such file or directory), client: 80.94.95.211, server: api.aftermarket-data.ru, request: "GET /.env.ini HTTP/1.1", host: "157.22.201.140:443"
2026/08/09 13:27:12 [error] 1397195#1397195: *2622464 open() "/usr/share/nginx/html/31_structure_tests/.env" failed (2: No such file or directory), client: 80.94.95.211, server: api.aftermarket-data.ru, request: "GET /31_structure_tests/.env HTTP/1.1", host: "157.22.201.140:443"
2026/08/09 13:27:12 [error] 1397195#1397195: *2622464 open() "/usr/share/nginx/html/kibana/.env" failed (2: No such file or directory), client: 80.94.95.211, server: api.aftermarket-data.ru, request: "GET /kibana/.env HTTP/1.1", host: "157.22.201.140:443"
2026/08/09 13:27:23 [error] 1397195#1397195: *2622468 connect() to unix:/var/run/php/php8.3-fpm.sock failed (11: Resource temporarily unavailable) while connecting to upstream, client: 57.141.20.38, server: aftermarket-data.ru, request: "GET /?a=9882623264 HTTP/1.1", upstream: "fastcgi://unix:/var/run/php/php8.3-fpm.sock:", host: "aftermarket-data.ru"
2026/08/09 13:27:33 [error] 1397195#1397195: *2622470 connect() to unix:/var/run/php/php8.3-fpm.sock failed (11: Resource temporarily unavailable) while connecting to upstream, client: 57.141.20.65, server: aftermarket-data.ru, request: "GET /?g=5512630888 HTTP/1.1", upstream: "fastcgi://unix:/var/run/php/php8.3-fpm.sock:", host: "aftermarket-data.ru"
2026/08/09 13:27:37 [error] 1397195#1397195: *2622472 connect() to unix:/var/run/php/php8.3-fpm.sock failed (11: Resource temporarily unavailable) while connecting to upstream, client: 74.7.243.242, server: aftermarket-data.ru, request: "GET /index.php?loknya=/sys/class/misc/snapshot/subsystem/tun/subsystem/cpu_dma_latency/subsystem/psaux/subsystem/psaux/subsystem/cpu_dma_latency/subsystem/hw_random/subsystem/autofs/subsystem/udmabuf/subsystem/rfkill HTTP/1.1", upstream: "fastcgi://unix:/var/run/php/php8.3-fpm.sock:", host: "www.aftermarket-data.ru", referrer: "https://www.aftermarket-data.ru/index.php?loknya=/sys/class/misc/snapshot/subsystem/tun/subsystem/cpu_dma_latency/subsystem/psaux/subsystem/psaux/subsystem/cpu_dma_latency/subsystem/hw_random/subsystem/autofs/subsystem/udmabuf/subsystem"
2026/08/09 13:27:46 [error] 1397195#1397195: *2622474 connect() to unix:/var/run/php/php8.3-fpm.sock failed (11: Resource temporarily unavailable) while connecting to upstream, client: 57.141.20.5, server: aftermarket-data.ru, request: "GET /?r=80045158655 HTTP/1.1", upstream: "fastcgi://unix:/var/run/php/php8.3-fpm.sock:", host: "aftermarket-data.ru"
2026/08/09 13:27:48 [error] 1397190#1397190: *2622371 connect() to unix:/var/run/php/php8.3-fpm.sock failed (11: Resource temporarily unavailable) while connecting to upstream, client: 74.7.241.34, server: aftermarket-data.ru, request: "GET /sitemap_index.xml?loknya=/proc/1397191/root/proc/21/task HTTP/1.1", upstream: "fastcgi://unix:/var/run/php/php8.3-fpm.sock:", host: "aftermarket-data.ru", referrer: "https://aftermarket-data.ru/sitemap_index.xml?loknya=/proc/1397191/root/proc/21"
2026/08/09 13:28:07 [error] 1397194#1397194: *2622427 connect() to unix:/var/run/php/php8.3-fpm.sock failed (11: Resource temporarily unavailable) while connecting to upstream, client: 66.249.66.193, server: aftermarket-data.ru, request: "GET /?c=92692217931 HTTP/1.1", upstream: "fastcgi://unix:/var/run/php/php8.3-fpm.sock:", host: "aftermarket-data.ru"
2026/08/09 13:28:14 [error] 1397195#1397195: *2622478 connect() to unix:/var/run/php/php8.3-fpm.sock failed (11: Resource temporarily unavailable) while connecting to upstream, client: 66.249.66.194, server: aftermarket-data.ru, request: "GET /?v=40373125674 HTTP/1.1", upstream: "fastcgi://unix:/var/run/php/php8.3-fpm.sock:", host: "aftermarket-data.ru"
2026/08/09 13:28:17 [error] 1397195#1397195: *2622480 connect() to unix:/var/run/php/php8.3-fpm.sock failed (11: Resource temporarily unavailable) while connecting to upstream, client: 95.108.213.132, server: aftermarket-data.ru, request: "GET /?m=15534262468 HTTP/1.1", upstream: "fastcgi://unix:/var/run/php/php8.3-fpm.sock:", host: "aftermarket-data.ru"
2026/08/09 13:28:29 [error] 1397194#1397194: *2622427 connect() to unix:/var/run/php/php8.3-fpm.sock failed (11: Resource temporarily unavailable) while connecting to upstream, client: 66.249.66.193, server: aftermarket-data.ru, request: "GET /?q=80252203685 HTTP/1.1", upstream: "fastcgi://unix:/var/run/php/php8.3-fpm.sock:", host: "aftermarket-data.ru"
2026/08/09 13:28:35 [error] 1397195#1397195: *2622483 connect() to unix:/var/run/php/php8.3-fpm.sock failed (11: Resource temporarily unavailable) while connecting to upstream, client: 57.141.20.17, server: aftermarket-data.ru, request: "GET /?a=98826216454 HTTP/1.1", upstream: "fastcgi://unix:/var/run/php/php8.3-fpm.sock:", host: "aftermarket-data.ru"
2026/08/09 13:28:40 [error] 1397195#1397195: *2622472 connect() to unix:/var/run/php/php8.3-fpm.sock failed (11: Resource temporarily unavailable) while connecting to upstream, client: 74.7.243.242, server: aftermarket-data.ru, request: "GET /index.php?loknya=/sys/class/misc/snapshot/subsystem/tun/subsystem/cpu_dma_latency/subsystem/psaux/subsystem/cpu_dma_latency/subsystem/snapshot/subsystem/vga_arbiter/subsystem/fuse/subsystem/autofs/subsystem/udmabuf/power HTTP/1.1", upstream: "fastcgi://unix:/var/run/php/php8.3-fpm.sock:", host: "www.aftermarket-data.ru", referrer: "https://www.aftermarket-data.ru/index.php?loknya=/sys/class/misc/snapshot/subsystem/tun/subsystem/cpu_dma_latency/subsystem/psaux/subsystem/cpu_dma_latency/subsystem/snapshot/subsystem/vga_arbiter/subsystem/fuse/subsystem/autofs/subsystem/udmabuf"
2026/08/09 13:28:49 [error] 1397190#1397190: *2622371 connect() to unix:/var/run/php/php8.3-fpm.sock failed (11: Resource temporarily unavailable) while connecting to upstream, client: 74.7.241.34, server: aftermarket-data.ru, request: "GET /sitemap_index.xml?loknya=/proc/1397190/root/proc/93/attr HTTP/1.1", upstream: "fastcgi://unix:/var/run/php/php8.3-fpm.sock:", host: "aftermarket-data.ru", referrer: "https://aftermarket-data.ru/sitemap_index.xml?loknya=/proc/1397190/root/proc/93"
2026/08/09 13:29:07 [error] 1397197#1397197: *2622488 connect() to unix:/var/run/php/php8.3-fpm.sock failed (11: Resource temporarily unavailable) while connecting to upstream, client: 66.249.66.195, server: aftermarket-data.ru, request: "GET /?r=80045274598 HTTP/1.1", upstream: "fastcgi://unix:/var/run/php/php8.3-fpm.sock:", host: "aftermarket-data.ru"
2026/08/09 13:29:25 [error] 1397194#1397194: *2622427 connect() to unix:/var/run/php/php8.3-fpm.sock failed (11: Resource temporarily unavailable) while connecting to upstream, client: 66.249.66.193, server: aftermarket-data.ru, request: "GET /?a=9882645662 HTTP/1.1", upstream: "fastcgi://unix:/var/run/php/php8.3-fpm.sock:", host: "aftermarket-data.ru"
