2026/08/09 14:27:55 [error] 1397195#1397195: *2622472 connect() to unix:/var/run/php/php8.3-fpm.sock failed (11: Resource temporarily unavailable) while connecting to upstream, client: 74.7.243.242, server: aftermarket-data.ru, request: "GET /index.php?loknya=/sys/class/misc/snapshot/subsystem/tun/subsystem/cpu_dma_latency/subsystem/psaux/subsystem/cpu_dma_latency/subsystem/snapshot/subsystem/hpet/subsystem/autofs/subsystem/vga_arbiter/subsystem HTTP/1.1", upstream: "fastcgi://unix:/var/run/php/php8.3-fpm.sock:", host: "www.aftermarket-data.ru", referrer: "https://www.aftermarket-data.ru/index.php?loknya=/sys/class/misc/snapshot/subsystem/tun/subsystem/cpu_dma_latency/subsystem/psaux/subsystem/cpu_dma_latency/subsystem/snapshot/subsystem/hpet/subsystem/autofs/subsystem/vga_arbiter"
2026/08/09 14:28:03 [error] 1397191#1397191: *2623028 connect() to unix:/var/run/php/php8.3-fpm.sock failed (11: Resource temporarily unavailable) while connecting to upstream, client: 57.141.20.58, server: aftermarket-data.ru, request: "GET /?c=92692258058 HTTP/1.1", upstream: "fastcgi://unix:/var/run/php/php8.3-fpm.sock:", host: "aftermarket-data.ru"
2026/08/09 14:28:10 [error] 1397191#1397191: *2623030 connect() to unix:/var/run/php/php8.3-fpm.sock failed (11: Resource temporarily unavailable) while connecting to upstream, client: 57.141.20.34, server: aftermarket-data.ru, request: "GET /?r=80045257174 HTTP/1.1", upstream: "fastcgi://unix:/var/run/php/php8.3-fpm.sock:", host: "aftermarket-data.ru"
2026/08/09 14:28:13 [error] 1397191#1397191: *2623025 connect() to unix:/var/run/php/php8.3-fpm.sock failed (11: Resource temporarily unavailable) while connecting to upstream, client: 66.249.66.195, server: aftermarket-data.ru, request: "GET /?v=4037382180 HTTP/1.1", upstream: "fastcgi://unix:/var/run/php/php8.3-fpm.sock:", host: "aftermarket-data.ru"
2026/08/09 14:28:31 [error] 1397191#1397191: *2623033 connect() to unix:/var/run/php/php8.3-fpm.sock failed (11: Resource temporarily unavailable) while connecting to upstream, client: 204.12.208.18, server: aftermarket-data.ru, request: "GET /wp-content/index.php HTTP/1.1", upstream: "fastcgi://unix:/var/run/php/php8.3-fpm.sock:", host: "aftermarket-data.ru", referrer: "https://aftermarket-data.ru/wp-content/index.php"
2026/08/09 14:28:31 [error] 1397191#1397191: *2623033 connect() to unix:/var/run/php/php8.3-fpm.sock failed (11: Resource temporarily unavailable) while connecting to upstream, client: 204.12.208.18, server: aftermarket-data.ru, request: "GET /wp-content/index.php HTTP/1.1", upstream: "fastcgi://unix:/var/run/php/php8.3-fpm.sock:", host: "aftermarket-data.ru", referrer: "https://aftermarket-data.ru/wp-content/index.php"
2026/08/09 14:28:32 [error] 1397191#1397191: *2623033 connect() to unix:/var/run/php/php8.3-fpm.sock failed (11: Resource temporarily unavailable) while connecting to upstream, client: 204.12.208.18, server: aftermarket-data.ru, request: "GET /wp-content/index.php HTTP/1.1", upstream: "fastcgi://unix:/var/run/php/php8.3-fpm.sock:", host: "aftermarket-data.ru", referrer: "https://aftermarket-data.ru/wp-content/index.php"
2026/08/09 14:28:44 [error] 1397194#1397194: *2622736 connect() to unix:/var/run/php/php8.3-fpm.sock failed (11: Resource temporarily unavailable) while connecting to upstream, client: 74.7.241.34, server: aftermarket-data.ru, request: "GET /sitemap_index.xml?loknya=/proc/1397197/root/proc/30/attr HTTP/1.1", upstream: "fastcgi://unix:/var/run/php/php8.3-fpm.sock:", host: "aftermarket-data.ru", referrer: "https://aftermarket-data.ru/sitemap_index.xml?loknya=/proc/1397197/root/proc/30"
2026/08/09 14:29:01 [error] 1397191#1397191: *2623038 connect() to unix:/var/run/php/php8.3-fpm.sock failed (11: Resource temporarily unavailable) while connecting to upstream, client: 74.7.243.242, server: aftermarket-data.ru, request: "GET /index.php?loknya=/sys/class/misc/snapshot/subsystem/tun/subsystem/cpu_dma_latency/subsystem/psaux/subsystem/cpu_dma_latency/subsystem/loop-control/subsystem/tun/subsystem/rfkill/subsystem/fuse/subsystem/userfaultfd HTTP/1.1", upstream: "fastcgi://unix:/var/run/php/php8.3-fpm.sock:", host: "www.aftermarket-data.ru", referrer: "https://www.aftermarket-data.ru/index.php?loknya=/sys/class/misc/snapshot/subsystem/tun/subsystem/cpu_dma_latency/subsystem/psaux/subsystem/cpu_dma_latency/subsystem/loop-control/subsystem/tun/subsystem/rfkill/subsystem/fuse/subsystem"
2026/08/09 14:29:17 [error] 1397191#1397191: *2623040 connect() to unix:/var/run/php/php8.3-fpm.sock failed (11: Resource temporarily unavailable) while connecting to upstream, client: 57.141.20.55, server: aftermarket-data.ru, request: "GET /?g=55126143971 HTTP/1.1", upstream: "fastcgi://unix:/var/run/php/php8.3-fpm.sock:", host: "aftermarket-data.ru"
2026/08/09 14:29:48 [error] 1397194#1397194: *2622736 connect() to unix:/var/run/php/php8.3-fpm.sock failed (11: Resource temporarily unavailable) while connecting to upstream, client: 74.7.241.34, server: aftermarket-data.ru, request: "GET /sitemap_index.xml?loknya=/proc/1397191/root/proc/30/attr HTTP/1.1", upstream: "fastcgi://unix:/var/run/php/php8.3-fpm.sock:", host: "aftermarket-data.ru", referrer: "https://aftermarket-data.ru/sitemap_index.xml?loknya=/proc/1397191/root/proc/30"
2026/08/09 14:30:03 [error] 1397191#1397191: *2623038 connect() to unix:/var/run/php/php8.3-fpm.sock failed (11: Resource temporarily unavailable) while connecting to upstream, client: 74.7.243.242, server: aftermarket-data.ru, request: "GET /index.php?loknya=/sys/class/misc/snapshot/subsystem/tun/subsystem/cpu_dma_latency/subsystem/psaux/subsystem/cpu_dma_latency/subsystem/ecryptfs/subsystem/psaux/subsystem/device-mapper/subsystem/hpet/subsystem/fuse/power HTTP/1.1", upstream: "fastcgi://unix:/var/run/php/php8.3-fpm.sock:", host: "www.aftermarket-data.ru", referrer: "https://www.aftermarket-data.ru/index.php?loknya=/sys/class/misc/snapshot/subsystem/tun/subsystem/cpu_dma_latency/subsystem/psaux/subsystem/cpu_dma_latency/subsystem/ecryptfs/subsystem/psaux/subsystem/device-mapper/subsystem/hpet/subsystem/fuse"
2026/08/09 14:30:18 [error] 1397191#1397191: *2623045 connect() to unix:/var/run/php/php8.3-fpm.sock failed (11: Resource temporarily unavailable) while connecting to upstream, client: 57.141.20.45, server: aftermarket-data.ru, request: "GET /?m=15534217462 HTTP/1.1", upstream: "fastcgi://unix:/var/run/php/php8.3-fpm.sock:", host: "aftermarket-data.ru"
2026/08/09 14:30:51 [error] 1397194#1397194: *2622736 connect() to unix:/var/run/php/php8.3-fpm.sock failed (11: Resource temporarily unavailable) while connecting to upstream, client: 74.7.241.34, server: aftermarket-data.ru, request: "GET /sitemap_index.xml?loknya=/proc/1397191/root/proc/53/task HTTP/1.1", upstream: "fastcgi://unix:/var/run/php/php8.3-fpm.sock:", host: "aftermarket-data.ru", referrer: "https://aftermarket-data.ru/sitemap_index.xml?loknya=/proc/1397191/root/proc/53"
2026/08/09 14:30:53 [error] 1397191#1397191: *2623048 connect() to unix:/var/run/php/php8.3-fpm.sock failed (11: Resource temporarily unavailable) while connecting to upstream, client: 57.141.20.0, server: aftermarket-data.ru, request: "GET / HTTP/1.1", upstream: "fastcgi://unix:/var/run/php/php8.3-fpm.sock:", host: "aftermarket-data.ru"
2026/08/09 14:31:05 [error] 1397191#1397191: *2623038 connect() to unix:/var/run/php/php8.3-fpm.sock failed (11: Resource temporarily unavailable) while connecting to upstream, client: 74.7.243.242, server: aftermarket-data.ru, request: "GET /index.php?loknya=/sys/class/misc/snapshot/subsystem/tun/subsystem/cpu_dma_latency/subsystem/psaux/subsystem/psaux/subsystem/cpu_dma_latency/subsystem/hpet/subsystem/udmabuf/subsystem/autofs/subsystem/mcelog/power HTTP/1.1", upstream: "fastcgi://unix:/var/run/php/php8.3-fpm.sock:", host: "www.aftermarket-data.ru", referrer: "https://www.aftermarket-data.ru/index.php?loknya=/sys/class/misc/snapshot/subsystem/tun/subsystem/cpu_dma_latency/subsystem/psaux/subsystem/psaux/subsystem/cpu_dma_latency/subsystem/hpet/subsystem/udmabuf/subsystem/autofs/subsystem/mcelog"
2026/08/09 14:31:25 [error] 1397190#1397190: *2623051 connect() to unix:/var/run/php/php8.3-fpm.sock failed (11: Resource temporarily unavailable) while connecting to upstream, client: 57.141.20.8, server: aftermarket-data.ru, request: "GET /?r=83243185180 HTTP/1.1", upstream: "fastcgi://unix:/var/run/php/php8.3-fpm.sock:", host: "aftermarket-data.ru"
2026/08/09 14:31:53 [error] 1397194#1397194: *2622736 connect() to unix:/var/run/php/php8.3-fpm.sock failed (11: Resource temporarily unavailable) while connecting to upstream, client: 74.7.241.34, server: aftermarket-data.ru, request: "GET /sitemap_index.xml?loknya=/proc/1397191/root/proc/78/attr HTTP/1.1", upstream: "fastcgi://unix:/var/run/php/php8.3-fpm.sock:", host: "aftermarket-data.ru", referrer: "https://aftermarket-data.ru/sitemap_index.xml?loknya=/proc/1397191/root/proc/78"
2026/08/09 14:32:06 [error] 1397191#1397191: *2623038 connect() to unix:/var/run/php/php8.3-fpm.sock failed (11: Resource temporarily unavailable) while connecting to upstream, client: 74.7.243.242, server: aftermarket-data.ru, request: "GET /index.php?loknya=/sys/class/misc/snapshot/subsystem/tun/subsystem/cpu_dma_latency/subsystem/psaux/subsystem/cpu_dma_latency/subsystem/loop-control/subsystem/snapshot/subsystem/ecryptfs/subsystem/psaux/power HTTP/1.1", upstream: "fastcgi://unix:/var/run/php/php8.3-fpm.sock:", host: "www.aftermarket-data.ru", referrer: "https://www.aftermarket-data.ru/index.php?loknya=/sys/class/misc/snapshot/subsystem/tun/subsystem/cpu_dma_latency/subsystem/psaux/subsystem/cpu_dma_latency/subsystem/loop-control/subsystem/snapshot/subsystem/ecryptfs/subsystem/psaux"
2026/08/09 14:32:19 [error] 1397190#1397190: *2623055 connect() to unix:/var/run/php/php8.3-fpm.sock failed (11: Resource temporarily unavailable) while connecting to upstream, client: 57.141.10.64, server: aftermarket-data.ru, request: "GET / HTTP/1.1", upstream: "fastcgi://unix:/var/run/php/php8.3-fpm.sock:", host: "aftermarket-data.ru"
2026/08/09 14:32:32 [error] 1397190#1397190: *2623057 connect() to unix:/var/run/php/php8.3-fpm.sock failed (11: Resource temporarily unavailable) while connecting to upstream, client: 57.141.20.70, server: aftermarket-data.ru, request: "GET /?m=1553442655 HTTP/1.1", upstream: "fastcgi://unix:/var/run/php/php8.3-fpm.sock:", host: "aftermarket-data.ru"
2026/08/09 14:32:59 [error] 1397194#1397194: *2622736 connect() to unix:/var/run/php/php8.3-fpm.sock failed (11: Resource temporarily unavailable) while connecting to upstream, client: 74.7.241.34, server: aftermarket-data.ru, request: "GET /sitemap_index.xml?loknya=/proc/1397195/root/proc/99/attr HTTP/1.1", upstream: "fastcgi://unix:/var/run/php/php8.3-fpm.sock:", host: "aftermarket-data.ru", referrer: "https://aftermarket-data.ru/sitemap_index.xml?loknya=/proc/1397195/root/proc/99"
2026/08/09 14:33:01 [error] 1397190#1397190: *2623060 connect() to unix:/var/run/php/php8.3-fpm.sock failed (11: Resource temporarily unavailable) while connecting to upstream, client: 57.141.20.14, server: aftermarket-data.ru, request: "GET /?i=51774134090 HTTP/1.1", upstream: "fastcgi://unix:/var/run/php/php8.3-fpm.sock:", host: "aftermarket-data.ru"
2026/08/09 14:33:02 [error] 1397190#1397190: *2623062 connect() to unix:/var/run/php/php8.3-fpm.sock failed (11: Resource temporarily unavailable) while connecting to upstream, client: 66.249.66.195, server: aftermarket-data.ru, request: "GET /?c=92692112470 HTTP/1.1", upstream: "fastcgi://unix:/var/run/php/php8.3-fpm.sock:", host: "aftermarket-data.ru"
2026/08/09 14:33:09 [error] 1397191#1397191: *2623038 connect() to unix:/var/run/php/php8.3-fpm.sock failed (11: Resource temporarily unavailable) while connecting to upstream, client: 74.7.243.242, server: aftermarket-data.ru, request: "GET /index.php?loknya=/sys/class/misc/snapshot/subsystem/tun/subsystem/cpu_dma_latency/subsystem/psaux/subsystem/cpu_dma_latency/subsystem/ecryptfs/subsystem/device-mapper/subsystem/tun/subsystem/hw_random/subsystem/uinput HTTP/1.1", upstream: "fastcgi://unix:/var/run/php/php8.3-fpm.sock:", host: "www.aftermarket-data.ru", referrer: "https://www.aftermarket-data.ru/index.php?loknya=/sys/class/misc/snapshot/subsystem/tun/subsystem/cpu_dma_latency/subsystem/psaux/subsystem/cpu_dma_latency/subsystem/ecryptfs/subsystem/device-mapper/subsystem/tun/subsystem/hw_random/subsystem"
2026/08/09 14:33:29 [error] 1397190#1397190: *2623065 connect() to unix:/var/run/php/php8.3-fpm.sock failed (11: Resource temporarily unavailable) while connecting to upstream, client: 66.249.66.193, server: aftermarket-data.ru, request: "GET /?q=69176229238 HTTP/1.1", upstream: "fastcgi://unix:/var/run/php/php8.3-fpm.sock:", host: "aftermarket-data.ru"
2026/08/09 14:33:38 [error] 1397190#1397190: *2623067 connect() to unix:/var/run/php/php8.3-fpm.sock failed (11: Resource temporarily unavailable) while connecting to upstream, client: 57.141.20.55, server: aftermarket-data.ru, request: "GET /?r=80045223601 HTTP/1.1", upstream: "fastcgi://unix:/var/run/php/php8.3-fpm.sock:", host: "aftermarket-data.ru"
2026/08/09 14:33:52 [error] 1397190#1397190: *2623069 connect() to unix:/var/run/php/php8.3-fpm.sock failed (11: Resource temporarily unavailable) while connecting to upstream, client: 57.141.22.102, server: aftermarket-data.ru, request: "GET / HTTP/1.1", upstream: "fastcgi://unix:/var/run/php/php8.3-fpm.sock:", host: "aftermarket-data.ru"
2026/08/09 14:34:02 [error] 1397190#1397190: *2623062 connect() to unix:/var/run/php/php8.3-fpm.sock failed (11: Resource temporarily unavailable) while connecting to upstream, client: 66.249.66.195, server: aftermarket-data.ru, request: "GET /?r=83243241997 HTTP/1.1", upstream: "fastcgi://unix:/var/run/php/php8.3-fpm.sock:", host: "aftermarket-data.ru"
2026/08/09 14:34:11 [error] 1397191#1397191: *2623038 connect() to unix:/var/run/php/php8.3-fpm.sock failed (11: Resource temporarily unavailable) while connecting to upstream, client: 74.7.243.242, server: aftermarket-data.ru, request: "GET /index.php?loknya=/sys/class/misc/snapshot/subsystem/tun/subsystem/cpu_dma_latency/subsystem/psaux/subsystem/cpu_dma_latency/subsystem/udmabuf/subsystem/hw_random/subsystem/snapshot/subsystem/userfaultfd/subsystem/mcelog HTTP/1.1", upstream: "fastcgi://unix:/var/run/php/php8.3-fpm.sock:", host: "www.aftermarket-data.ru", referrer: "https://www.aftermarket-data.ru/index.php?loknya=/sys/class/misc/snapshot/subsystem/tun/subsystem/cpu_dma_latency/subsystem/psaux/subsystem/cpu_dma_latency/subsystem/udmabuf/subsystem/hw_random/subsystem/snapshot/subsystem/userfaultfd/subsystem"
2026/08/09 14:34:45 [error] 1397190#1397190: *2623074 connect() to unix:/var/run/php/php8.3-fpm.sock failed (11: Resource temporarily unavailable) while connecting to upstream, client: 57.141.20.52, server: aftermarket-data.ru, request: "GET /?g=5512646867 HTTP/1.1", upstream: "fastcgi://unix:/var/run/php/php8.3-fpm.sock:", host: "aftermarket-data.ru"
2026/08/09 14:35:01 [error] 1397194#1397194: *2623083 connect() to unix:/var/run/php/php8.3-fpm.sock failed (11: Resource temporarily unavailable) while connecting to upstream, client: 74.7.241.34, server: aftermarket-data.ru, request: "GET /sitemap_index.xml?loknya=/proc/1397195/root/proc/39/attr HTTP/1.1", upstream: "fastcgi://unix:/var/run/php/php8.3-fpm.sock:", host: "aftermarket-data.ru", referrer: "https://aftermarket-data.ru/sitemap_index.xml?loknya=/proc/1397195/root/proc/39"
2026/08/09 14:35:11 [error] 1397194#1397194: *2623086 connect() to unix:/var/run/php/php8.3-fpm.sock failed (11: Resource temporarily unavailable) while connecting to upstream, client: 57.141.4.51, server: aftermarket-data.ru, request: "GET / HTTP/1.1", upstream: "fastcgi://unix:/var/run/php/php8.3-fpm.sock:", host: "aftermarket-data.ru"
2026/08/09 14:35:12 [error] 1397191#1397191: *2623038 connect() to unix:/var/run/php/php8.3-fpm.sock failed (11: Resource temporarily unavailable) while connecting to upstream, client: 74.7.243.242, server: aftermarket-data.ru, request: "GET /index.php?loknya=/sys/class/misc/snapshot/subsystem/tun/subsystem/cpu_dma_latency/subsystem/psaux/subsystem/psaux/subsystem/cpu_dma_latency/subsystem/ecryptfs/subsystem/uinput/subsystem/hpet/subsystem/vga_arbiter/power HTTP/1.1", upstream: "fastcgi://unix:/var/run/php/php8.3-fpm.sock:", host: "www.aftermarket-data.ru", referrer: "https://www.aftermarket-data.ru/index.php?loknya=/sys/class/misc/snapshot/subsystem/tun/subsystem/cpu_dma_latency/subsystem/psaux/subsystem/psaux/subsystem/cpu_dma_latency/subsystem/ecryptfs/subsystem/uinput/subsystem/hpet/subsystem/vga_arbiter"
2026/08/09 14:35:52 [error] 1397194#1397194: *2623089 connect() to unix:/var/run/php/php8.3-fpm.sock failed (11: Resource temporarily unavailable) while connecting to upstream, client: 57.141.20.13, server: aftermarket-data.ru, request: "GET /?g=55126245836 HTTP/1.1", upstream: "fastcgi://unix:/var/run/php/php8.3-fpm.sock:", host: "aftermarket-data.ru"
2026/08/09 14:35:56 [error] 1397194#1397194: *2623091 connect() to unix:/var/run/php/php8.3-fpm.sock failed (11: Resource temporarily unavailable) while connecting to upstream, client: 66.249.66.195, server: aftermarket-data.ru, request: "GET /?v=4037372080 HTTP/1.1", upstream: "fastcgi://unix:/var/run/php/php8.3-fpm.sock:", host: "aftermarket-data.ru"
2026/08/09 14:36:02 [error] 1397194#1397194: *2623083 connect() to unix:/var/run/php/php8.3-fpm.sock failed (11: Resource temporarily unavailable) while connecting to upstream, client: 74.7.241.34, server: aftermarket-data.ru, request: "GET /sitemap_index.xml?loknya=/proc/1397190/root/proc/99/task HTTP/1.1", upstream: "fastcgi://unix:/var/run/php/php8.3-fpm.sock:", host: "aftermarket-data.ru", referrer: "https://aftermarket-data.ru/sitemap_index.xml?loknya=/proc/1397190/root/proc/99"
2026/08/09 14:36:13 [error] 1397191#1397191: *2623038 connect() to unix:/var/run/php/php8.3-fpm.sock failed (11: Resource temporarily unavailable) while connecting to upstream, client: 74.7.243.242, server: aftermarket-data.ru, request: "GET /index.php?loknya=/sys/class/misc/snapshot/subsystem/tun/subsystem/cpu_dma_latency/subsystem/psaux/subsystem/cpu_dma_latency/subsystem/ecryptfs/subsystem/uinput/subsystem/vga_arbiter/subsystem/hpet/subsystem/ecryptfs/power HTTP/1.1", upstream: "fastcgi://unix:/var/run/php/php8.3-fpm.sock:", host: "www.aftermarket-data.ru", referrer: "https://www.aftermarket-data.ru/index.php?loknya=/sys/class/misc/snapshot/subsystem/tun/subsystem/cpu_dma_latency/subsystem/psaux/subsystem/cpu_dma_latency/subsystem/ecryptfs/subsystem/uinput/subsystem/vga_arbiter/subsystem/hpet/subsystem/ecryptfs"
2026/08/09 14:36:47 [error] 1397194#1397194: *2623095 connect() to unix:/var/run/php/php8.3-fpm.sock failed (11: Resource temporarily unavailable) while connecting to upstream, client: 57.141.20.6, server: aftermarket-data.ru, request: "GET /?c=92692193219 HTTP/1.1", upstream: "fastcgi://unix:/var/run/php/php8.3-fpm.sock:", host: "aftermarket-data.ru"
2026/08/09 14:36:49 [error] 1397194#1397194: *2623097 connect() to unix:/var/run/php/php8.3-fpm.sock failed (11: Resource temporarily unavailable) while connecting to upstream, client: 57.141.16.122, server: aftermarket-data.ru, request: "GET / HTTP/1.1", upstream: "fastcgi://unix:/var/run/php/php8.3-fpm.sock:", host: "aftermarket-data.ru"
2026/08/09 14:36:58 [error] 1397194#1397194: *2623099 connect() to unix:/var/run/php/php8.3-fpm.sock failed (11: Resource temporarily unavailable) while connecting to upstream, client: 57.141.20.13, server: aftermarket-data.ru, request: "GET /?r=80045145857 HTTP/1.1", upstream: "fastcgi://unix:/var/run/php/php8.3-fpm.sock:", host: "aftermarket-data.ru"
2026/08/09 14:37:06 [error] 1397194#1397194: *2623083 connect() to unix:/var/run/php/php8.3-fpm.sock failed (11: Resource temporarily unavailable) while connecting to upstream, client: 74.7.241.34, server: aftermarket-data.ru, request: "GET /sitemap_index.xml?loknya=/proc/1397197/root/proc/69/attr HTTP/1.1", upstream: "fastcgi://unix:/var/run/php/php8.3-fpm.sock:", host: "aftermarket-data.ru", referrer: "https://aftermarket-data.ru/sitemap_index.xml?loknya=/proc/1397197/root/proc/69"
2026/08/09 14:37:18 [error] 1397191#1397191: *2623038 connect() to unix:/var/run/php/php8.3-fpm.sock failed (11: Resource temporarily unavailable) while connecting to upstream, client: 74.7.243.242, server: aftermarket-data.ru, request: "GET /index.php?loknya=/sys/class/misc/snapshot/subsystem/tun/subsystem/cpu_dma_latency/subsystem/psaux/subsystem/cpu_dma_latency/subsystem/hw_random/subsystem/autofs/subsystem/fuse/subsystem/autofs/subsystem/snapshot HTTP/1.1", upstream: "fastcgi://unix:/var/run/php/php8.3-fpm.sock:", host: "www.aftermarket-data.ru", referrer: "https://www.aftermarket-data.ru/index.php?loknya=/sys/class/misc/snapshot/subsystem/tun/subsystem/cpu_dma_latency/subsystem/psaux/subsystem/cpu_dma_latency/subsystem/hw_random/subsystem/autofs/subsystem/fuse/subsystem/autofs/subsystem"
2026/08/09 14:38:05 [error] 1397194#1397194: *2623103 connect() to unix:/var/run/php/php8.3-fpm.sock failed (11: Resource temporarily unavailable) while connecting to upstream, client: 57.141.20.3, server: aftermarket-data.ru, request: "GET /?i=5177459782 HTTP/1.1", upstream: "fastcgi://unix:/var/run/php/php8.3-fpm.sock:", host: "aftermarket-data.ru"
2026/08/09 14:38:08 [error] 1397194#1397194: *2623083 connect() to unix:/var/run/php/php8.3-fpm.sock failed (11: Resource temporarily unavailable) while connecting to upstream, client: 74.7.241.34, server: aftermarket-data.ru, request: "GET /sitemap_index.xml?loknya=/proc/1397195/root/proc/75/attr HTTP/1.1", upstream: "fastcgi://unix:/var/run/php/php8.3-fpm.sock:", host: "aftermarket-data.ru", referrer: "https://aftermarket-data.ru/sitemap_index.xml?loknya=/proc/1397195/root/proc/75"
2026/08/09 14:38:20 [error] 1397191#1397191: *2623038 connect() to unix:/var/run/php/php8.3-fpm.sock failed (11: Resource temporarily unavailable) while connecting to upstream, client: 74.7.243.242, server: aftermarket-data.ru, request: "GET /index.php?loknya=/sys/class/misc/snapshot/subsystem/tun/subsystem/cpu_dma_latency/subsystem/psaux/subsystem/cpu_dma_latency/subsystem/udmabuf/subsystem/snapshot/subsystem/mcelog/subsystem/device-mapper/subsystem/autofs HTTP/1.1", upstream: "fastcgi://unix:/var/run/php/php8.3-fpm.sock:", host: "www.aftermarket-data.ru", referrer: "https://www.aftermarket-data.ru/index.php?loknya=/sys/class/misc/snapshot/subsystem/tun/subsystem/cpu_dma_latency/subsystem/psaux/subsystem/cpu_dma_latency/subsystem/udmabuf/subsystem/snapshot/subsystem/mcelog/subsystem/device-mapper/subsystem"
2026/08/09 14:38:43 [error] 1397194#1397194: *2623107 connect() to unix:/var/run/php/php8.3-fpm.sock failed (11: Resource temporarily unavailable) while connecting to upstream, client: 57.141.20.34, server: aftermarket-data.ru, request: "GET /?i=5177418992 HTTP/1.1", upstream: "fastcgi://unix:/var/run/php/php8.3-fpm.sock:", host: "aftermarket-data.ru"
2026/08/09 14:39:08 [error] 1397194#1397194: *2623083 connect() to unix:/var/run/php/php8.3-fpm.sock failed (11: Resource temporarily unavailable) while connecting to upstream, client: 74.7.241.34, server: aftermarket-data.ru, request: "GET /sitemap_index.xml?loknya=/proc/1397196/root/proc/63/attr HTTP/1.1", upstream: "fastcgi://unix:/var/run/php/php8.3-fpm.sock:", host: "aftermarket-data.ru", referrer: "https://aftermarket-data.ru/sitemap_index.xml?loknya=/proc/1397196/root/proc/63"
2026/08/09 14:39:12 [error] 1397194#1397194: *2623110 connect() to unix:/var/run/php/php8.3-fpm.sock failed (11: Resource temporarily unavailable) while connecting to upstream, client: 57.141.20.21, server: aftermarket-data.ru, request: "GET /?v=40373243922 HTTP/1.1", upstream: "fastcgi://unix:/var/run/php/php8.3-fpm.sock:", host: "aftermarket-data.ru"
2026/08/09 14:39:25 [error] 1397194#1397194: *2623113 connect() to unix:/var/run/php/php8.3-fpm.sock failed (11: Resource temporarily unavailable) while connecting to upstream, client: 66.249.66.194, server: aftermarket-data.ru, request: "GET /?r=80045236952 HTTP/1.1", upstream: "fastcgi://unix:/var/run/php/php8.3-fpm.sock:", host: "aftermarket-data.ru"
2026/08/09 14:39:26 [error] 1397191#1397191: *2623038 connect() to unix:/var/run/php/php8.3-fpm.sock failed (11: Resource temporarily unavailable) while connecting to upstream, client: 74.7.243.242, server: aftermarket-data.ru, request: "GET /index.php?loknya=/sys/class/misc/snapshot/subsystem/tun/subsystem/cpu_dma_latency/subsystem/psaux/subsystem/cpu_dma_latency/subsystem/snapshot/subsystem/hpet/subsystem/udmabuf/subsystem/autofs/subsystem/mcelog HTTP/1.1", upstream: "fastcgi://unix:/var/run/php/php8.3-fpm.sock:", host: "www.aftermarket-data.ru", referrer: "https://www.aftermarket-data.ru/index.php?loknya=/sys/class/misc/snapshot/subsystem/tun/subsystem/cpu_dma_latency/subsystem/psaux/subsystem/cpu_dma_latency/subsystem/snapshot/subsystem/hpet/subsystem/udmabuf/subsystem/autofs/subsystem"
2026/08/09 14:39:39 [error] 1397194#1397194: *2623116 connect() to unix:/var/run/php/php8.3-fpm.sock failed (11: Resource temporarily unavailable) while connecting to upstream, client: 57.141.20.58, server: aftermarket-data.ru, request: "GET /?g=55126164908 HTTP/1.1", upstream: "fastcgi://unix:/var/run/php/php8.3-fpm.sock:", host: "aftermarket-data.ru"
2026/08/09 14:40:14 [error] 1397194#1397194: *2623083 connect() to unix:/var/run/php/php8.3-fpm.sock failed (11: Resource temporarily unavailable) while connecting to upstream, client: 74.7.241.34, server: aftermarket-data.ru, request: "GET /sitemap_index.xml?loknya=/proc/1397191/root/proc/44/task HTTP/1.1", upstream: "fastcgi://unix:/var/run/php/php8.3-fpm.sock:", host: "aftermarket-data.ru", referrer: "https://aftermarket-data.ru/sitemap_index.xml?loknya=/proc/1397191/root/proc/44"
2026/08/09 14:40:18 [error] 1397194#1397194: *2623120 connect() to unix:/var/run/php/php8.3-fpm.sock failed (11: Resource temporarily unavailable) while connecting to upstream, client: 57.141.20.44, server: aftermarket-data.ru, request: "GET /?r=83243122420 HTTP/1.1", upstream: "fastcgi://unix:/var/run/php/php8.3-fpm.sock:", host: "aftermarket-data.ru"
2026/08/09 14:40:29 [error] 1397191#1397191: *2623038 connect() to unix:/var/run/php/php8.3-fpm.sock failed (11: Resource temporarily unavailable) while connecting to upstream, client: 74.7.243.242, server: aftermarket-data.ru, request: "GET /index.php?loknya=/sys/class/misc/snapshot/subsystem/subsystem/cpu_dma_latency/subsystem/psaux/subsystem/cpu_dma_latency/subsystem/cpu_dma_latency/subsystem/ecryptfs/subsystem/rfkill/subsystem HTTP/1.1", upstream: "fastcgi://unix:/var/run/php/php8.3-fpm.sock:", host: "www.aftermarket-data.ru", referrer: "https://www.aftermarket-data.ru/index.php?loknya=/sys/class/misc/snapshot/subsystem/subsystem/cpu_dma_latency/subsystem/psaux/subsystem/cpu_dma_latency/subsystem/cpu_dma_latency/subsystem/ecryptfs/subsystem/rfkill/subsystem/"
2026/08/09 14:40:54 [error] 1397194#1397194: *2623123 connect() to unix:/var/run/php/php8.3-fpm.sock failed (11: Resource temporarily unavailable) while connecting to upstream, client: 66.249.66.195, server: aftermarket-data.ru, request: "GET /?v=40373111652 HTTP/1.1", upstream: "fastcgi://unix:/var/run/php/php8.3-fpm.sock:", host: "aftermarket-data.ru"
2026/08/09 14:40:57 [error] 1397195#1397195: *2623125 connect() to unix:/var/run/php/php8.3-fpm.sock failed (11: Resource temporarily unavailable) while connecting to upstream, client: 57.141.20.17, server: aftermarket-data.ru, request: "GET /?a=98826145324 HTTP/1.1", upstream: "fastcgi://unix:/var/run/php/php8.3-fpm.sock:", host: "aftermarket-data.ru"
2026/08/09 14:41:07 [error] 1397195#1397195: *2623127 connect() to unix:/var/run/php/php8.3-fpm.sock failed (11: Resource temporarily unavailable) while connecting to upstream, client: 57.141.12.1, server: aftermarket-data.ru, request: "GET / HTTP/1.1", upstream: "fastcgi://unix:/var/run/php/php8.3-fpm.sock:", host: "aftermarket-data.ru"
2026/08/09 14:41:16 [error] 1397194#1397194: *2623083 connect() to unix:/var/run/php/php8.3-fpm.sock failed (11: Resource temporarily unavailable) while connecting to upstream, client: 74.7.241.34, server: aftermarket-data.ru, request: "GET /sitemap_index.xml?loknya=/proc/1397191/root/proc/90/attr HTTP/1.1", upstream: "fastcgi://unix:/var/run/php/php8.3-fpm.sock:", host: "aftermarket-data.ru", referrer: "https://aftermarket-data.ru/sitemap_index.xml?loknya=/proc/1397191/root/proc/90"
2026/08/09 14:41:21 [error] 1397195#1397195: *2623130 connect() to unix:/var/run/php/php8.3-fpm.sock failed (11: Resource temporarily unavailable) while connecting to upstream, client: 66.249.66.193, server: aftermarket-data.ru, request: "GET /?v=40373260655 HTTP/1.1", upstream: "fastcgi://unix:/var/run/php/php8.3-fpm.sock:", host: "aftermarket-data.ru"
2026/08/09 14:41:26 [error] 1397195#1397195: *2623132 connect() to unix:/var/run/php/php8.3-fpm.sock failed (11: Resource temporarily unavailable) while connecting to upstream, client: 57.141.20.2, server: aftermarket-data.ru, request: "GET /?r=80045121062 HTTP/1.1", upstream: "fastcgi://unix:/var/run/php/php8.3-fpm.sock:", host: "aftermarket-data.ru"
2026/08/09 14:41:30 [error] 1397191#1397191: *2623038 connect() to unix:/var/run/php/php8.3-fpm.sock failed (11: Resource temporarily unavailable) while connecting to upstream, client: 74.7.243.242, server: aftermarket-data.ru, request: "GET /index.php?loknya=/sys/class/misc/snapshot/subsystem/tun/subsystem/cpu_dma_latency/subsystem/psaux/subsystem/cpu_dma_latency/subsystem/loop-control/subsystem/mcelog/subsystem/mcelog/subsystem/uinput/subsystem/udmabuf/power HTTP/1.1", upstream: "fastcgi://unix:/var/run/php/php8.3-fpm.sock:", host: "www.aftermarket-data.ru", referrer: "https://www.aftermarket-data.ru/index.php?loknya=/sys/class/misc/snapshot/subsystem/tun/subsystem/cpu_dma_latency/subsystem/psaux/subsystem/cpu_dma_latency/subsystem/loop-control/subsystem/mcelog/subsystem/mcelog/subsystem/uinput/subsystem/udmabuf"
2026/08/09 14:41:32 [error] 1397195#1397195: *2623135 connect() to unix:/var/run/php/php8.3-fpm.sock failed (11: Resource temporarily unavailable) while connecting to upstream, client: 66.249.66.194, server: aftermarket-data.ru, request: "GET /?a=9882625611 HTTP/1.1", upstream: "fastcgi://unix:/var/run/php/php8.3-fpm.sock:", host: "aftermarket-data.ru"
2026/08/09 14:42:07 [error] 1397195#1397195: *2623137 connect() to unix:/var/run/php/php8.3-fpm.sock failed (11: Resource temporarily unavailable) while connecting to upstream, client: 57.141.2.22, server: aftermarket-data.ru, request: "GET / HTTP/1.1", upstream: "fastcgi://unix:/var/run/php/php8.3-fpm.sock:", host: "aftermarket-data.ru"
2026/08/09 14:42:21 [error] 1397194#1397194: *2623083 connect() to unix:/var/run/php/php8.3-fpm.sock failed (11: Resource temporarily unavailable) while connecting to upstream, client: 74.7.241.34, server: aftermarket-data.ru, request: "GET /sitemap_index.xml?loknya=/proc/1397194/root/proc/93/task HTTP/1.1", upstream: "fastcgi://unix:/var/run/php/php8.3-fpm.sock:", host: "aftermarket-data.ru", referrer: "https://aftermarket-data.ru/sitemap_index.xml?loknya=/proc/1397194/root/proc/93"
2026/08/09 14:42:31 [error] 1397191#1397191: *2623038 connect() to unix:/var/run/php/php8.3-fpm.sock failed (11: Resource temporarily unavailable) while connecting to upstream, client: 74.7.243.242, server: aftermarket-data.ru, request: "GET /index.php?loknya=/sys/class/misc/snapshot/subsystem/tun/subsystem/cpu_dma_latency/subsystem/psaux/subsystem/cpu_dma_latency/subsystem/loop-control/subsystem/fuse/subsystem/hpet/subsystem/snapshot/subsystem/hpet HTTP/1.1", upstream: "fastcgi://unix:/var/run/php/php8.3-fpm.sock:", host: "www.aftermarket-data.ru", referrer: "https://www.aftermarket-data.ru/index.php?loknya=/sys/class/misc/snapshot/subsystem/tun/subsystem/cpu_dma_latency/subsystem/psaux/subsystem/cpu_dma_latency/subsystem/loop-control/subsystem/fuse/subsystem/hpet/subsystem/snapshot/subsystem"
2026/08/09 14:42:32 [error] 1397195#1397195: *2623141 connect() to unix:/var/run/php/php8.3-fpm.sock failed (11: Resource temporarily unavailable) while connecting to upstream, client: 57.141.20.65, server: aftermarket-data.ru, request: "GET /?r=80045209886 HTTP/1.1", upstream: "fastcgi://unix:/var/run/php/php8.3-fpm.sock:", host: "aftermarket-data.ru"
2026/08/09 14:42:53 [error] 1397195#1397195: *2623143 connect() to unix:/var/run/php/php8.3-fpm.sock failed (11: Resource temporarily unavailable) while connecting to upstream, client: 185.191.171.8, server: aftermarket-data.ru, request: "GET /ctm/ HTTP/1.1", upstream: "fastcgi://unix:/var/run/php/php8.3-fpm.sock:", host: "aftermarket-data.ru"
2026/08/09 14:42:57 [error] 1397195#1397195: *2623145 connect() to unix:/var/run/php/php8.3-fpm.sock failed (11: Resource temporarily unavailable) while connecting to upstream, client: 57.141.20.8, server: aftermarket-data.ru, request: "GET /?v=40373237070 HTTP/1.1", upstream: "fastcgi://unix:/var/run/php/php8.3-fpm.sock:", host: "aftermarket-data.ru"
2026/08/09 14:43:07 [error] 1397195#1397195: *2623147 connect() to unix:/var/run/php/php8.3-fpm.sock failed (11: Resource temporarily unavailable) while connecting to upstream, client: 57.141.6.58, server: aftermarket-data.ru, request: "GET / HTTP/1.1", upstream: "fastcgi://unix:/var/run/php/php8.3-fpm.sock:", host: "aftermarket-data.ru"
2026/08/09 14:43:23 [error] 1397194#1397194: *2623083 connect() to unix:/var/run/php/php8.3-fpm.sock failed (11: Resource temporarily unavailable) while connecting to upstream, client: 74.7.241.34, server: aftermarket-data.ru, request: "GET /sitemap_index.xml?loknya=/proc/1397191/root/proc/92/task HTTP/1.1", upstream: "fastcgi://unix:/var/run/php/php8.3-fpm.sock:", host: "aftermarket-data.ru", referrer: "https://aftermarket-data.ru/sitemap_index.xml?loknya=/proc/1397191/root/proc/92"
2026/08/09 14:43:35 [error] 1397195#1397195: *2623150 connect() to unix:/var/run/php/php8.3-fpm.sock failed (11: Resource temporarily unavailable) while connecting to upstream, client: 57.141.20.12, server: aftermarket-data.ru, request: "GET /?c=92692203472 HTTP/1.1", upstream: "fastcgi://unix:/var/run/php/php8.3-fpm.sock:", host: "aftermarket-data.ru"
2026/08/09 14:43:35 [error] 1397191#1397191: *2623038 connect() to unix:/var/run/php/php8.3-fpm.sock failed (11: Resource temporarily unavailable) while connecting to upstream, client: 74.7.243.242, server: aftermarket-data.ru, request: "GET /index.php?loknya=/sys/class/misc/snapshot/subsystem/tun/subsystem/cpu_dma_latency/subsystem/psaux/subsystem/cpu_dma_latency/subsystem/ecryptfs/subsystem/rfkill/subsystem/tun/subsystem/mcelog/subsystem/hw_random/subsystem HTTP/1.1", upstream: "fastcgi://unix:/var/run/php/php8.3-fpm.sock:", host: "www.aftermarket-data.ru", referrer: "https://www.aftermarket-data.ru/index.php?loknya=/sys/class/misc/snapshot/subsystem/tun/subsystem/cpu_dma_latency/subsystem/psaux/subsystem/cpu_dma_latency/subsystem/ecryptfs/subsystem/rfkill/subsystem/tun/subsystem/mcelog/subsystem/hw_random"
2026/08/09 14:43:36 [error] 1397195#1397195: *2623153 connect() to unix:/var/run/php/php8.3-fpm.sock failed (11: Resource temporarily unavailable) while connecting to upstream, client: 74.7.228.27, server: aftermarket-data.ru, request: "GET /robots.txt HTTP/1.1", upstream: "fastcgi://unix:/var/run/php/php8.3-fpm.sock:", host: "www.aftermarket-data.ru"
2026/08/09 14:43:39 [error] 1397195#1397195: *2623155 connect() to unix:/var/run/php/php8.3-fpm.sock failed (11: Resource temporarily unavailable) while connecting to upstream, client: 57.141.20.62, server: aftermarket-data.ru, request: "GET /?r=83243146479 HTTP/1.1", upstream: "fastcgi://unix:/var/run/php/php8.3-fpm.sock:", host: "aftermarket-data.ru"
2026/08/09 14:44:11 [error] 1397195#1397195: *2623157 connect() to unix:/var/run/php/php8.3-fpm.sock failed (11: Resource temporarily unavailable) while connecting to upstream, client: 57.141.24.64, server: aftermarket-data.ru, request: "GET / HTTP/1.1", upstream: "fastcgi://unix:/var/run/php/php8.3-fpm.sock:", host: "aftermarket-data.ru"
2026/08/09 14:44:28 [error] 1397194#1397194: *2623083 connect() to unix:/var/run/php/php8.3-fpm.sock failed (11: Resource temporarily unavailable) while connecting to upstream, client: 74.7.241.34, server: aftermarket-data.ru, request: "GET /sitemap_index.xml?loknya=/proc/1397197/root/proc/98/attr HTTP/1.1", upstream: "fastcgi://unix:/var/run/php/php8.3-fpm.sock:", host: "aftermarket-data.ru", referrer: "https://aftermarket-data.ru/sitemap_index.xml?loknya=/proc/1397197/root/proc/98"
2026/08/09 14:44:38 [error] 1397191#1397191: *2623038 connect() to unix:/var/run/php/php8.3-fpm.sock failed (11: Resource temporarily unavailable) while connecting to upstream, client: 74.7.243.242, server: aftermarket-data.ru, request: "GET /index.php?loknya=/sys/class/misc/snapshot/subsystem/tun/subsystem/cpu_dma_latency/subsystem/psaux/subsystem/psaux/subsystem/cpu_dma_latency/subsystem/loop-control/subsystem/snapshot/subsystem/fuse/subsystem/device-mapper HTTP/1.1", upstream: "fastcgi://unix:/var/run/php/php8.3-fpm.sock:", host: "www.aftermarket-data.ru", referrer: "https://www.aftermarket-data.ru/index.php?loknya=/sys/class/misc/snapshot/subsystem/tun/subsystem/cpu_dma_latency/subsystem/psaux/subsystem/psaux/subsystem/cpu_dma_latency/subsystem/loop-control/subsystem/snapshot/subsystem/fuse/subsystem"
2026/08/09 14:44:39 [error] 1397195#1397195: *2623161 connect() to unix:/var/run/php/php8.3-fpm.sock failed (11: Resource temporarily unavailable) while connecting to upstream, client: 5.255.231.21, server: aftermarket-data.ru, request: "GET /?g=55126161734 HTTP/1.1", upstream: "fastcgi://unix:/var/run/php/php8.3-fpm.sock:", host: "aftermarket-data.ru"
2026/08/09 14:44:45 [error] 1397195#1397195: *2623163 connect() to unix:/var/run/php/php8.3-fpm.sock failed (11: Resource temporarily unavailable) while connecting to upstream, client: 57.141.20.38, server: aftermarket-data.ru, request: "GET /?v=40373183485 HTTP/1.1", upstream: "fastcgi://unix:/var/run/php/php8.3-fpm.sock:", host: "aftermarket-data.ru"
2026/08/09 14:44:57 [error] 1397197#1397197: *2623165 connect() to unix:/var/run/php/php8.3-fpm.sock failed (11: Resource temporarily unavailable) while connecting to upstream, client: 213.180.203.24, server: aftermarket-data.ru, request: "GET /?q=80252224552 HTTP/1.1", upstream: "fastcgi://unix:/var/run/php/php8.3-fpm.sock:", host: "aftermarket-data.ru"
2026/08/09 14:45:29 [error] 1397194#1397194: *2623083 connect() to unix:/var/run/php/php8.3-fpm.sock failed (11: Resource temporarily unavailable) while connecting to upstream, client: 74.7.241.34, server: aftermarket-data.ru, request: "GET /sitemap_index.xml?loknya=/proc/1397197/root/proc/79/task HTTP/1.1", upstream: "fastcgi://unix:/var/run/php/php8.3-fpm.sock:", host: "aftermarket-data.ru", referrer: "https://aftermarket-data.ru/sitemap_index.xml?loknya=/proc/1397197/root/proc/79"
2026/08/09 14:45:43 [error] 1397197#1397197: *2623169 connect() to unix:/var/run/php/php8.3-fpm.sock failed (11: Resource temporarily unavailable) while connecting to upstream, client: 57.141.20.31, server: aftermarket-data.ru, request: "GET /?c=92692250689 HTTP/1.1", upstream: "fastcgi://unix:/var/run/php/php8.3-fpm.sock:", host: "aftermarket-data.ru"
2026/08/09 14:45:44 [error] 1397191#1397191: *2623038 connect() to unix:/var/run/php/php8.3-fpm.sock failed (11: Resource temporarily unavailable) while connecting to upstream, client: 74.7.243.242, server: aftermarket-data.ru, request: "GET /index.php?loknya=/sys/class/misc/snapshot/subsystem/tun/subsystem/cpu_dma_latency/subsystem/psaux/subsystem/cpu_dma_latency/subsystem/hw_random/subsystem/udmabuf/subsystem/snapshot/subsystem/ecryptfs/subsystem/device-mapper HTTP/1.1", upstream: "fastcgi://unix:/var/run/php/php8.3-fpm.sock:", host: "www.aftermarket-data.ru", referrer: "https://www.aftermarket-data.ru/index.php?loknya=/sys/class/misc/snapshot/subsystem/tun/subsystem/cpu_dma_latency/subsystem/psaux/subsystem/cpu_dma_latency/subsystem/hw_random/subsystem/udmabuf/subsystem/snapshot/subsystem/ecryptfs/subsystem"
2026/08/09 14:45:52 [error] 1397197#1397197: *2623172 connect() to unix:/var/run/php/php8.3-fpm.sock failed (11: Resource temporarily unavailable) while connecting to upstream, client: 57.141.20.55, server: aftermarket-data.ru, request: "GET /?g=55126248988 HTTP/1.1", upstream: "fastcgi://unix:/var/run/php/php8.3-fpm.sock:", host: "aftermarket-data.ru"
2026/08/09 14:45:59 [error] 1397190#1397190: *2623174 open() "/usr/share/nginx/html/actuator/heapdump" failed (2: No such file or directory), client: 195.128.248.33, server: 157.22.201.140, request: "GET /actuator/heapdump HTTP/1.1", host: "157.22.201.140"
2026/08/09 14:46:01 [error] 1397190#1397190: *2623175 open() "/usr/share/nginx/html/heapdump" failed (2: No such file or directory), client: 195.128.248.33, server: 157.22.201.140, request: "GET /heapdump HTTP/1.1", host: "157.22.201.140"
2026/08/09 14:46:03 [error] 1397190#1397190: *2623176 open() "/usr/share/nginx/html/actuator;/heapdump" failed (2: No such file or directory), client: 195.128.248.33, server: 157.22.201.140, request: "GET /actuator;/heapdump HTTP/1.1", host: "157.22.201.140"
2026/08/09 14:46:06 [error] 1397190#1397190: *2623177 open() "/usr/share/nginx/html/..;/actuator/heapdump" failed (2: No such file or directory), client: 195.128.248.33, server: 157.22.201.140, request: "GET /..;/actuator/heapdump HTTP/1.1", host: "157.22.201.140"
2026/08/09 14:46:08 [error] 1397197#1397197: *2623179 connect() to unix:/var/run/php/php8.3-fpm.sock failed (11: Resource temporarily unavailable) while connecting to upstream, client: 57.141.20.42, server: aftermarket-data.ru, request: "GET /?c=92692256350 HTTP/1.1", upstream: "fastcgi://unix:/var/run/php/php8.3-fpm.sock:", host: "aftermarket-data.ru"
2026/08/09 14:46:08 [error] 1397190#1397190: *2623178 open() "/usr/share/nginx/html/api/actuator/heapdump" failed (2: No such file or directory), client: 195.128.248.33, server: 157.22.201.140, request: "GET /api/actuator/heapdump HTTP/1.1", host: "157.22.201.140"
2026/08/09 14:46:11 [error] 1397190#1397190: *2623181 open() "/usr/share/nginx/html/manage/heapdump" failed (2: No such file or directory), client: 195.128.248.33, server: 157.22.201.140, request: "GET /manage/heapdump HTTP/1.1", host: "157.22.201.140"
2026/08/09 14:46:14 [error] 1397190#1397190: *2623182 open() "/usr/share/nginx/html/management/heapdump" failed (2: No such file or directory), client: 195.128.248.33, server: 157.22.201.140, request: "GET /management/heapdump HTTP/1.1", host: "157.22.201.140"
2026/08/09 14:46:16 [error] 1397197#1397197: *2623184 connect() to unix:/var/run/php/php8.3-fpm.sock failed (11: Resource temporarily unavailable) while connecting to upstream, client: 57.141.18.25, server: aftermarket-data.ru, request: "GET / HTTP/1.1", upstream: "fastcgi://unix:/var/run/php/php8.3-fpm.sock:", host: "aftermarket-data.ru"
2026/08/09 14:46:17 [error] 1397190#1397190: *2623183 open() "/usr/share/nginx/html/monitor/heapdump" failed (2: No such file or directory), client: 195.128.248.33, server: 157.22.201.140, request: "GET /monitor/heapdump HTTP/1.1", host: "157.22.201.140"
2026/08/09 14:46:20 [error] 1397190#1397190: *2623186 open() "/usr/share/nginx/html/gateway/actuator/heapdump" failed (2: No such file or directory), client: 195.128.248.33, server: 157.22.201.140, request: "GET /gateway/actuator/heapdump HTTP/1.1", host: "157.22.201.140"
2026/08/09 14:46:21 [error] 1397197#1397197: *2623187 connect() to unix:/var/run/php/php8.3-fpm.sock failed (11: Resource temporarily unavailable) while connecting to upstream, client: 66.249.66.193, server: aftermarket-data.ru, request: "GET /?v=40373117333 HTTP/1.1", upstream: "fastcgi://unix:/var/run/php/php8.3-fpm.sock:", host: "aftermarket-data.ru"
2026/08/09 14:46:23 [error] 1397190#1397190: *2623189 open() "/usr/share/nginx/html/admin/actuator/heapdump" failed (2: No such file or directory), client: 195.128.248.33, server: 157.22.201.140, request: "GET /admin/actuator/heapdump HTTP/1.1", host: "157.22.201.140"
2026/08/09 14:46:26 [error] 1397190#1397190: *2623190 open() "/usr/share/nginx/html/nacos/actuator/heapdump" failed (2: No such file or directory), client: 195.128.248.33, server: 157.22.201.140, request: "GET /nacos/actuator/heapdump HTTP/1.1", host: "157.22.201.140"
2026/08/09 14:46:29 [error] 1397190#1397190: *2623191 open() "/usr/share/nginx/html/prod-api/actuator/heapdump" failed (2: No such file or directory), client: 195.128.248.33, server: 157.22.201.140, request: "GET /prod-api/actuator/heapdump HTTP/1.1", host: "157.22.201.140"
2026/08/09 14:46:32 [error] 1397197#1397197: *2623192 open() "/usr/share/nginx/html/actuator/heapdump" failed (2: No such file or directory), client: 195.128.248.33, server: api.aftermarket-data.ru, request: "GET /actuator/heapdump HTTP/1.1", host: "157.22.201.140"
2026/08/09 14:46:32 [error] 1397194#1397194: *2623083 connect() to unix:/var/run/php/php8.3-fpm.sock failed (11: Resource temporarily unavailable) while connecting to upstream, client: 74.7.241.34, server: aftermarket-data.ru, request: "GET /sitemap_index.xml?loknya=/proc/1397195/root/proc/57/attr HTTP/1.1", upstream: "fastcgi://unix:/var/run/php/php8.3-fpm.sock:", host: "aftermarket-data.ru", referrer: "https://aftermarket-data.ru/sitemap_index.xml?loknya=/proc/1397195/root/proc/57"
2026/08/09 14:46:35 [error] 1397197#1397197: *2623194 open() "/usr/share/nginx/html/heapdump" failed (2: No such file or directory), client: 195.128.248.33, server: api.aftermarket-data.ru, request: "GET /heapdump HTTP/1.1", host: "157.22.201.140"
2026/08/09 14:46:38 [error] 1397197#1397197: *2623195 open() "/usr/share/nginx/html/actuator;/heapdump" failed (2: No such file or directory), client: 195.128.248.33, server: api.aftermarket-data.ru, request: "GET /actuator;/heapdump HTTP/1.1", host: "157.22.201.140"
2026/08/09 14:46:42 [error] 1397197#1397197: *2623196 open() "/usr/share/nginx/html/..;/actuator/heapdump" failed (2: No such file or directory), client: 195.128.248.33, server: api.aftermarket-data.ru, request: "GET /..;/actuator/heapdump HTTP/1.1", host: "157.22.201.140"
2026/08/09 14:46:48 [error] 1397197#1397197: *2623199 open() "/usr/share/nginx/html/manage/heapdump" failed (2: No such file or directory), client: 195.128.248.33, server: api.aftermarket-data.ru, request: "GET /manage/heapdump HTTP/1.1", host: "157.22.201.140"
2026/08/09 14:46:50 [error] 1397191#1397191: *2623038 connect() to unix:/var/run/php/php8.3-fpm.sock failed (11: Resource temporarily unavailable) while connecting to upstream, client: 74.7.243.242, server: aftermarket-data.ru, request: "GET /index.php?loknya=/sys/class/misc/snapshot/subsystem/tun/subsystem/cpu_dma_latency/subsystem/psaux/subsystem/cpu_dma_latency/subsystem/ecryptfs/subsystem/tun/subsystem/vga_arbiter/subsystem/hw_random/subsystem/snapshot HTTP/1.1", upstream: "fastcgi://unix:/var/run/php/php8.3-fpm.sock:", host: "www.aftermarket-data.ru", referrer: "https://www.aftermarket-data.ru/index.php?loknya=/sys/class/misc/snapshot/subsystem/tun/subsystem/cpu_dma_latency/subsystem/psaux/subsystem/cpu_dma_latency/subsystem/ecryptfs/subsystem/tun/subsystem/vga_arbiter/subsystem/hw_random/subsystem"
2026/08/09 14:46:58 [error] 1397197#1397197: *2623201 connect() to unix:/var/run/php/php8.3-fpm.sock failed (11: Resource temporarily unavailable) while connecting to upstream, client: 57.141.20.1, server: aftermarket-data.ru, request: "GET /?a=98826215202 HTTP/1.1", upstream: "fastcgi://unix:/var/run/php/php8.3-fpm.sock:", host: "aftermarket-data.ru"
2026/08/09 14:46:59 [error] 1397197#1397197: *2623203 connect() to unix:/var/run/php/php8.3-fpm.sock failed (11: Resource temporarily unavailable) while connecting to upstream, client: 57.141.20.47, server: aftermarket-data.ru, request: "GET /?c=9269210599 HTTP/1.1", upstream: "fastcgi://unix:/var/run/php/php8.3-fpm.sock:", host: "aftermarket-data.ru"
2026/08/09 14:47:20 [error] 1397197#1397197: *2623205 connect() to unix:/var/run/php/php8.3-fpm.sock failed (11: Resource temporarily unavailable) while connecting to upstream, client: 57.141.20.9, server: aftermarket-data.ru, request: "GET /?v=40373269928 HTTP/1.1", upstream: "fastcgi://unix:/var/run/php/php8.3-fpm.sock:", host: "aftermarket-data.ru"
2026/08/09 14:47:37 [error] 1397194#1397194: *2623083 connect() to unix:/var/run/php/php8.3-fpm.sock failed (11: Resource temporarily unavailable) while connecting to upstream, client: 74.7.241.34, server: aftermarket-data.ru, request: "GET /sitemap_index.xml?loknya=/proc/1397191/root/proc/98/task HTTP/1.1", upstream: "fastcgi://unix:/var/run/php/php8.3-fpm.sock:", host: "aftermarket-data.ru", referrer: "https://aftermarket-data.ru/sitemap_index.xml?loknya=/proc/1397191/root/proc/98"
2026/08/09 14:47:55 [error] 1397191#1397191: *2623038 connect() to unix:/var/run/php/php8.3-fpm.sock failed (11: Resource temporarily unavailable) while connecting to upstream, client: 74.7.243.242, server: aftermarket-data.ru, request: "GET /index.php?loknya=/sys/class/misc/snapshot/subsystem/tun/subsystem/cpu_dma_latency/subsystem/psaux/subsystem/cpu_dma_latency/subsystem/loop-control/subsystem/ecryptfs/subsystem/udmabuf/subsystem/fuse/subsystem/tun/power HTTP/1.1", upstream: "fastcgi://unix:/var/run/php/php8.3-fpm.sock:", host: "www.aftermarket-data.ru", referrer: "https://www.aftermarket-data.ru/index.php?loknya=/sys/class/misc/snapshot/subsystem/tun/subsystem/cpu_dma_latency/subsystem/psaux/subsystem/cpu_dma_latency/subsystem/loop-control/subsystem/ecryptfs/subsystem/udmabuf/subsystem/fuse/subsystem/tun"
