2026/08/09 12:52:56 [error] 1397194#1397194: *2622000 connect() to unix:/var/run/php/php8.3-fpm.sock failed (11: Resource temporarily unavailable) while connecting to upstream, client: 74.7.243.242, server: aftermarket-data.ru, request: "GET /index.php?loknya=/sys/class/misc/snapshot/subsystem/tun/subsystem/cpu_dma_latency/subsystem/subsystem/cpu_dma_latency/subsystem/subsystem/device-mapper/subsystem/hw_random/subsystem/mcelog/subsystem HTTP/1.1", upstream: "fastcgi://unix:/var/run/php/php8.3-fpm.sock:", host: "www.aftermarket-data.ru", referrer: "https://www.aftermarket-data.ru/index.php?loknya=/sys/class/misc/snapshot/subsystem/tun/subsystem/cpu_dma_latency/subsystem/subsystem/cpu_dma_latency/subsystem/subsystem/device-mapper/subsystem/hw_random/subsystem/mcelog/subsystem/"
2026/08/09 12:52:57 [error] 1397195#1397195: *2622032 connect() to unix:/var/run/php/php8.3-fpm.sock failed (11: Resource temporarily unavailable) while connecting to upstream, client: 57.141.20.29, server: aftermarket-data.ru, request: "GET /?a=98826151589 HTTP/1.1", upstream: "fastcgi://unix:/var/run/php/php8.3-fpm.sock:", host: "aftermarket-data.ru"
2026/08/09 12:53:06 [error] 1397195#1397195: *2622034 connect() to unix:/var/run/php/php8.3-fpm.sock failed (11: Resource temporarily unavailable) while connecting to upstream, client: 57.141.20.69, server: aftermarket-data.ru, request: "GET /?c=92692162547 HTTP/1.1", upstream: "fastcgi://unix:/var/run/php/php8.3-fpm.sock:", host: "aftermarket-data.ru"
2026/08/09 12:53:08 [error] 1397195#1397195: *2622036 connect() to unix:/var/run/php/php8.3-fpm.sock failed (11: Resource temporarily unavailable) while connecting to upstream, client: 57.141.20.13, server: aftermarket-data.ru, request: "GET /?g=55126115320 HTTP/1.1", upstream: "fastcgi://unix:/var/run/php/php8.3-fpm.sock:", host: "aftermarket-data.ru"
2026/08/09 12:53:17 [error] 1397197#1397197: *2621480 connect() to unix:/var/run/php/php8.3-fpm.sock failed (11: Resource temporarily unavailable) while connecting to upstream, client: 74.7.241.34, server: aftermarket-data.ru, request: "GET /sitemap_index.xml?loknya=/proc/1397190/root/proc/71/attr HTTP/1.1", upstream: "fastcgi://unix:/var/run/php/php8.3-fpm.sock:", host: "aftermarket-data.ru", referrer: "https://aftermarket-data.ru/sitemap_index.xml?loknya=/proc/1397190/root/proc/71"
2026/08/09 12:53:22 [error] 1397195#1397195: *2622039 connect() to unix:/var/run/php/php8.3-fpm.sock failed (11: Resource temporarily unavailable) while connecting to upstream, client: 66.249.66.193, server: aftermarket-data.ru, request: "GET /?c=92692221500 HTTP/1.1", upstream: "fastcgi://unix:/var/run/php/php8.3-fpm.sock:", host: "aftermarket-data.ru"
2026/08/09 12:53:23 [error] 1397195#1397195: *2622041 connect() to unix:/var/run/php/php8.3-fpm.sock failed (11: Resource temporarily unavailable) while connecting to upstream, client: 57.141.20.56, server: aftermarket-data.ru, request: "GET /?i=51774204451 HTTP/1.1", upstream: "fastcgi://unix:/var/run/php/php8.3-fpm.sock:", host: "aftermarket-data.ru"
2026/08/09 12:53:39 [error] 1397198#1397198: *2621825 connect() to unix:/var/run/php/php8.3-fpm.sock failed (11: Resource temporarily unavailable) while connecting to upstream, client: 66.249.66.193, server: aftermarket-data.ru, request: "GET /?m=15534243464 HTTP/1.1", upstream: "fastcgi://unix:/var/run/php/php8.3-fpm.sock:", host: "aftermarket-data.ru"
2026/08/09 12:53:45 [error] 1397195#1397195: *2622044 connect() to unix:/var/run/php/php8.3-fpm.sock failed (11: Resource temporarily unavailable) while connecting to upstream, client: 57.141.20.25, server: aftermarket-data.ru, request: "GET /?g=55126160801 HTTP/1.1", upstream: "fastcgi://unix:/var/run/php/php8.3-fpm.sock:", host: "aftermarket-data.ru"
2026/08/09 12:53:51 [error] 1397195#1397195: *2622046 connect() to unix:/var/run/php/php8.3-fpm.sock failed (11: Resource temporarily unavailable) while connecting to upstream, client: 57.141.14.38, server: aftermarket-data.ru, request: "GET / HTTP/1.1", upstream: "fastcgi://unix:/var/run/php/php8.3-fpm.sock:", host: "aftermarket-data.ru"
2026/08/09 12:53:56 [error] 1397198#1397198: *2621825 connect() to unix:/var/run/php/php8.3-fpm.sock failed (11: Resource temporarily unavailable) while connecting to upstream, client: 66.249.66.193, server: aftermarket-data.ru, request: "GET /?r=83243110773 HTTP/1.1", upstream: "fastcgi://unix:/var/run/php/php8.3-fpm.sock:", host: "aftermarket-data.ru"
2026/08/09 12:54:01 [error] 1397194#1397194: *2622000 connect() to unix:/var/run/php/php8.3-fpm.sock failed (11: Resource temporarily unavailable) while connecting to upstream, client: 74.7.243.242, server: aftermarket-data.ru, request: "GET /index.php?loknya=/sys/class/misc/snapshot/subsystem/tun/subsystem/cpu_dma_latency/subsystem/psaux/subsystem/cpu_dma_latency/subsystem/loop-control/subsystem/subsystem/autofs/subsystem/mcelog HTTP/1.1", upstream: "fastcgi://unix:/var/run/php/php8.3-fpm.sock:", host: "www.aftermarket-data.ru", referrer: "https://www.aftermarket-data.ru/index.php?loknya=/sys/class/misc/snapshot/subsystem/tun/subsystem/cpu_dma_latency/subsystem/psaux/subsystem/cpu_dma_latency/subsystem/loop-control/subsystem/subsystem/autofs/subsystem/mcelog/subsystem/"
2026/08/09 12:54:04 [error] 1397195#1397195: *2622050 connect() to unix:/var/run/php/php8.3-fpm.sock failed (11: Resource temporarily unavailable) while connecting to upstream, client: 57.141.20.37, server: aftermarket-data.ru, request: "GET /?g=5512688331 HTTP/1.1", upstream: "fastcgi://unix:/var/run/php/php8.3-fpm.sock:", host: "aftermarket-data.ru"
2026/08/09 12:54:13 [error] 1397195#1397195: *2622052 connect() to unix:/var/run/php/php8.3-fpm.sock failed (11: Resource temporarily unavailable) while connecting to upstream, client: 66.249.66.195, server: aftermarket-data.ru, request: "GET /?r=80045202975 HTTP/1.1", upstream: "fastcgi://unix:/var/run/php/php8.3-fpm.sock:", host: "aftermarket-data.ru"
2026/08/09 12:54:17 [error] 1397195#1397195: *2622054 connect() to unix:/var/run/php/php8.3-fpm.sock failed (11: Resource temporarily unavailable) while connecting to upstream, client: 57.141.20.5, server: aftermarket-data.ru, request: "GET /?g=55126284200 HTTP/1.1", upstream: "fastcgi://unix:/var/run/php/php8.3-fpm.sock:", host: "aftermarket-data.ru"
2026/08/09 12:54:20 [error] 1397197#1397197: *2621480 connect() to unix:/var/run/php/php8.3-fpm.sock failed (11: Resource temporarily unavailable) while connecting to upstream, client: 74.7.241.34, server: aftermarket-data.ru, request: "GET /sitemap_index.xml?loknya=/proc/1397196/root/proc/36/task HTTP/1.1", upstream: "fastcgi://unix:/var/run/php/php8.3-fpm.sock:", host: "aftermarket-data.ru", referrer: "https://aftermarket-data.ru/sitemap_index.xml?loknya=/proc/1397196/root/proc/36"
2026/08/09 12:54:30 [error] 1397195#1397195: *2622057 connect() to unix:/var/run/php/php8.3-fpm.sock failed (11: Resource temporarily unavailable) while connecting to upstream, client: 66.249.66.194, server: aftermarket-data.ru, request: "GET /?a=98826245635 HTTP/1.1", upstream: "fastcgi://unix:/var/run/php/php8.3-fpm.sock:", host: "aftermarket-data.ru"
2026/08/09 12:54:32 [error] 1397197#1397197: *2622059 connect() to unix:/var/run/php/php8.3-fpm.sock failed (11: Resource temporarily unavailable) while connecting to upstream, client: 57.141.20.66, server: aftermarket-data.ru, request: "GET /?g=55126270660 HTTP/1.1", upstream: "fastcgi://unix:/var/run/php/php8.3-fpm.sock:", host: "aftermarket-data.ru"
2026/08/09 12:54:46 [error] 1397198#1397198: *2621825 connect() to unix:/var/run/php/php8.3-fpm.sock failed (11: Resource temporarily unavailable) while connecting to upstream, client: 66.249.66.193, server: aftermarket-data.ru, request: "GET /?r=8004533829 HTTP/1.1", upstream: "fastcgi://unix:/var/run/php/php8.3-fpm.sock:", host: "aftermarket-data.ru"
2026/08/09 12:54:57 [error] 1397197#1397197: *2622062 connect() to unix:/var/run/php/php8.3-fpm.sock failed (11: Resource temporarily unavailable) while connecting to upstream, client: 57.141.20.3, server: aftermarket-data.ru, request: "GET /?a=98826129442 HTTP/1.1", upstream: "fastcgi://unix:/var/run/php/php8.3-fpm.sock:", host: "aftermarket-data.ru"
2026/08/09 12:54:58 [error] 1397197#1397197: *2622064 connect() to unix:/var/run/php/php8.3-fpm.sock failed (11: Resource temporarily unavailable) while connecting to upstream, client: 204.12.208.18, server: aftermarket-data.ru, request: "GET /wp-content/index.php HTTP/1.1", upstream: "fastcgi://unix:/var/run/php/php8.3-fpm.sock:", host: "aftermarket-data.ru", referrer: "https://aftermarket-data.ru/wp-content/index.php"
2026/08/09 12:54:58 [error] 1397197#1397197: *2622064 connect() to unix:/var/run/php/php8.3-fpm.sock failed (11: Resource temporarily unavailable) while connecting to upstream, client: 204.12.208.18, server: aftermarket-data.ru, request: "GET /wp-content/index.php HTTP/1.1", upstream: "fastcgi://unix:/var/run/php/php8.3-fpm.sock:", host: "aftermarket-data.ru", referrer: "https://aftermarket-data.ru/wp-content/index.php"
2026/08/09 12:54:58 [error] 1397197#1397197: *2622064 connect() to unix:/var/run/php/php8.3-fpm.sock failed (11: Resource temporarily unavailable) while connecting to upstream, client: 204.12.208.18, server: aftermarket-data.ru, request: "GET /wp-content/index.php HTTP/1.1", upstream: "fastcgi://unix:/var/run/php/php8.3-fpm.sock:", host: "aftermarket-data.ru", referrer: "https://aftermarket-data.ru/wp-content/index.php"
2026/08/09 12:55:02 [error] 1397194#1397194: *2622000 connect() to unix:/var/run/php/php8.3-fpm.sock failed (11: Resource temporarily unavailable) while connecting to upstream, client: 74.7.243.242, server: aftermarket-data.ru, request: "GET /index.php?loknya=/sys/class/misc/snapshot/subsystem/tun/subsystem/cpu_dma_latency/subsystem/psaux/subsystem/cpu_dma_latency/subsystem/snapshot/subsystem/autofs/subsystem/tun/subsystem/mcelog/power HTTP/1.1", upstream: "fastcgi://unix:/var/run/php/php8.3-fpm.sock:", host: "www.aftermarket-data.ru", referrer: "https://www.aftermarket-data.ru/index.php?loknya=/sys/class/misc/snapshot/subsystem/tun/subsystem/cpu_dma_latency/subsystem/psaux/subsystem/cpu_dma_latency/subsystem/snapshot/subsystem/autofs/subsystem/tun/subsystem/mcelog"
2026/08/09 12:55:02 [error] 1397198#1397198: *2621825 connect() to unix:/var/run/php/php8.3-fpm.sock failed (11: Resource temporarily unavailable) while connecting to upstream, client: 66.249.66.193, server: aftermarket-data.ru, request: "GET /?q=69176169050 HTTP/1.1", upstream: "fastcgi://unix:/var/run/php/php8.3-fpm.sock:", host: "aftermarket-data.ru"
2026/08/09 12:55:11 [error] 1397197#1397197: *2622071 connect() to unix:/var/run/php/php8.3-fpm.sock failed (11: Resource temporarily unavailable) while connecting to upstream, client: 57.141.20.39, server: aftermarket-data.ru, request: "GET /?m=155345096 HTTP/1.1", upstream: "fastcgi://unix:/var/run/php/php8.3-fpm.sock:", host: "aftermarket-data.ru"
2026/08/09 12:55:18 [error] 1397195#1397195: *2622057 connect() to unix:/var/run/php/php8.3-fpm.sock failed (11: Resource temporarily unavailable) while connecting to upstream, client: 66.249.66.194, server: aftermarket-data.ru, request: "GET /?c=9269241810 HTTP/1.1", upstream: "fastcgi://unix:/var/run/php/php8.3-fpm.sock:", host: "aftermarket-data.ru"
2026/08/09 12:55:20 [error] 1397197#1397197: *2621480 connect() to unix:/var/run/php/php8.3-fpm.sock failed (11: Resource temporarily unavailable) while connecting to upstream, client: 74.7.241.34, server: aftermarket-data.ru, request: "GET /sitemap_index.xml?loknya=/proc/1397198/root/proc/93/attr HTTP/1.1", upstream: "fastcgi://unix:/var/run/php/php8.3-fpm.sock:", host: "aftermarket-data.ru", referrer: "https://aftermarket-data.ru/sitemap_index.xml?loknya=/proc/1397198/root/proc/93"
2026/08/09 12:55:27 [error] 1397197#1397197: *2622078 connect() to unix:/var/run/php/php8.3-fpm.sock failed (11: Resource temporarily unavailable) while connecting to upstream, client: 57.141.20.60, server: aftermarket-data.ru, request: "GET /?i=51774258828 HTTP/1.1", upstream: "fastcgi://unix:/var/run/php/php8.3-fpm.sock:", host: "aftermarket-data.ru"
2026/08/09 12:55:34 [error] 1397197#1397197: *2622080 connect() to unix:/var/run/php/php8.3-fpm.sock failed (11: Resource temporarily unavailable) while connecting to upstream, client: 57.141.20.53, server: aftermarket-data.ru, request: "GET /?a=9882691592 HTTP/1.1", upstream: "fastcgi://unix:/var/run/php/php8.3-fpm.sock:", host: "aftermarket-data.ru"
2026/08/09 12:55:34 [error] 1397198#1397198: *2621825 connect() to unix:/var/run/php/php8.3-fpm.sock failed (11: Resource temporarily unavailable) while connecting to upstream, client: 66.249.66.193, server: aftermarket-data.ru, request: "GET /?v=4037389901 HTTP/1.1", upstream: "fastcgi://unix:/var/run/php/php8.3-fpm.sock:", host: "aftermarket-data.ru"
2026/08/09 12:55:49 [error] 1397190#1397190: *2622085 openat() "/usr/share/nginx/html/favicon.ico" failed (2: No such file or directory), client: 66.132.172.215, server: 157.22.201.140, request: "GET /favicon.ico HTTP/1.1", host: "157.22.201.140:1501"
2026/08/09 12:55:50 [error] 1397198#1397198: *2621825 connect() to unix:/var/run/php/php8.3-fpm.sock failed (11: Resource temporarily unavailable) while connecting to upstream, client: 66.249.66.193, server: aftermarket-data.ru, request: "GET /?v=40373278662 HTTP/1.1", upstream: "fastcgi://unix:/var/run/php/php8.3-fpm.sock:", host: "aftermarket-data.ru"
2026/08/09 12:55:57 [error] 1397197#1397197: *2622087 open() "/usr/share/nginx/html/.env" failed (2: No such file or directory), client: 169.150.201.37, server: api.aftermarket-data.ru, request: "GET /.env HTTP/2.0", host: "157.22.201.140"
2026/08/09 12:55:57 [error] 1397197#1397197: *2622087 open() "/usr/share/nginx/html/.env.production" failed (2: No such file or directory), client: 169.150.201.37, server: api.aftermarket-data.ru, request: "GET /.env.production HTTP/2.0", host: "157.22.201.140"
2026/08/09 12:55:57 [error] 1397197#1397197: *2622087 open() "/usr/share/nginx/html/.env.local" failed (2: No such file or directory), client: 169.150.201.37, server: api.aftermarket-data.ru, request: "GET /.env.local HTTP/2.0", host: "157.22.201.140"
2026/08/09 12:55:57 [error] 1397197#1397197: *2622087 open() "/usr/share/nginx/html/app/.env" failed (2: No such file or directory), client: 169.150.201.37, server: api.aftermarket-data.ru, request: "GET /app/.env HTTP/2.0", host: "157.22.201.140"
2026/08/09 12:55:57 [error] 1397197#1397197: *2622087 open() "/usr/share/nginx/html/backend/.env" failed (2: No such file or directory), client: 169.150.201.37, server: api.aftermarket-data.ru, request: "GET /backend/.env HTTP/2.0", host: "157.22.201.140"
2026/08/09 12:55:57 [error] 1397197#1397197: *2622087 open() "/usr/share/nginx/html/laravel/.env" failed (2: No such file or directory), client: 169.150.201.37, server: api.aftermarket-data.ru, request: "GET /laravel/.env HTTP/2.0", host: "157.22.201.140"
2026/08/09 12:55:57 [error] 1397197#1397197: *2622087 open() "/usr/share/nginx/html/.env.backup" failed (2: No such file or directory), client: 169.150.201.37, server: api.aftermarket-data.ru, request: "GET /.env.backup HTTP/2.0", host: "157.22.201.140"
2026/08/09 12:55:57 [error] 1397197#1397197: *2622087 open() "/usr/share/nginx/html/.env.old" failed (2: No such file or directory), client: 169.150.201.37, server: api.aftermarket-data.ru, request: "GET /.env.old HTTP/2.0", host: "157.22.201.140"
2026/08/09 12:55:57 [error] 1397197#1397197: *2622087 open() "/usr/share/nginx/html/.env.dev" failed (2: No such file or directory), client: 169.150.201.37, server: api.aftermarket-data.ru, request: "GET /.env.dev HTTP/2.0", host: "157.22.201.140"
2026/08/09 12:55:57 [error] 1397197#1397197: *2622087 open() "/usr/share/nginx/html/docker-compose.yml" failed (2: No such file or directory), client: 169.150.201.37, server: api.aftermarket-data.ru, request: "GET /docker-compose.yml HTTP/2.0", host: "157.22.201.140"
2026/08/09 12:55:57 [error] 1397197#1397197: *2622087 open() "/usr/share/nginx/html/.env.uat" failed (2: No such file or directory), client: 169.150.201.37, server: api.aftermarket-data.ru, request: "GET /.env.uat HTTP/2.0", host: "157.22.201.140"
2026/08/09 12:55:57 [error] 1397197#1397197: *2622087 open() "/usr/share/nginx/html/docker-compose.prod.yml" failed (2: No such file or directory), client: 169.150.201.37, server: api.aftermarket-data.ru, request: "GET /docker-compose.prod.yml HTTP/2.0", host: "157.22.201.140"
2026/08/09 12:55:57 [error] 1397197#1397197: *2622087 open() "/usr/share/nginx/html/.git/HEAD" failed (2: No such file or directory), client: 169.150.201.37, server: api.aftermarket-data.ru, request: "GET /.git/HEAD HTTP/2.0", host: "157.22.201.140"
2026/08/09 12:55:57 [error] 1397197#1397197: *2622087 open() "/usr/share/nginx/html/docker-compose.production.yml" failed (2: No such file or directory), client: 169.150.201.37, server: api.aftermarket-data.ru, request: "GET /docker-compose.production.yml HTTP/2.0", host: "157.22.201.140"
2026/08/09 12:55:57 [error] 1397197#1397197: *2622087 open() "/usr/share/nginx/html/robots.txt" failed (2: No such file or directory), client: 169.150.201.37, server: api.aftermarket-data.ru, request: "GET /robots.txt HTTP/2.0", host: "157.22.201.140"
2026/08/09 12:55:57 [error] 1397197#1397197: *2622087 open() "/usr/share/nginx/html/.git/config" failed (2: No such file or directory), client: 169.150.201.37, server: api.aftermarket-data.ru, request: "GET /.git/config HTTP/2.0", host: "157.22.201.140"
2026/08/09 12:55:57 [error] 1397197#1397197: *2622087 open() "/usr/share/nginx/html/info.php" failed (2: No such file or directory), client: 169.150.201.37, server: api.aftermarket-data.ru, request: "GET /info.php HTTP/2.0", host: "157.22.201.140"
2026/08/09 12:55:57 [error] 1397197#1397197: *2622087 open() "/usr/share/nginx/html/.git/index" failed (2: No such file or directory), client: 169.150.201.37, server: api.aftermarket-data.ru, request: "GET /.git/index HTTP/2.0", host: "157.22.201.140"
2026/08/09 12:55:57 [error] 1397197#1397197: *2622087 open() "/usr/share/nginx/html/.git/logs/HEAD" failed (2: No such file or directory), client: 169.150.201.37, server: api.aftermarket-data.ru, request: "GET /.git/logs/HEAD HTTP/2.0", host: "157.22.201.140"
2026/08/09 12:55:57 [error] 1397197#1397197: *2622087 open() "/usr/share/nginx/html/.svn/entries" failed (2: No such file or directory), client: 169.150.201.37, server: api.aftermarket-data.ru, request: "GET /.svn/entries HTTP/2.0", host: "157.22.201.140"
2026/08/09 12:55:57 [error] 1397197#1397197: *2622087 open() "/usr/share/nginx/html/Dockerfile" failed (2: No such file or directory), client: 169.150.201.37, server: api.aftermarket-data.ru, request: "GET /Dockerfile HTTP/2.0", host: "157.22.201.140"
2026/08/09 12:55:57 [error] 1397197#1397197: *2622087 open() "/usr/share/nginx/html/phpinfo.php.bak" failed (2: No such file or directory), client: 169.150.201.37, server: api.aftermarket-data.ru, request: "GET /phpinfo.php.bak HTTP/2.0", host: "157.22.201.140"
2026/08/09 12:55:57 [error] 1397197#1397197: *2622087 open() "/usr/share/nginx/html/graphql" failed (2: No such file or directory), client: 169.150.201.37, server: api.aftermarket-data.ru, request: "GET /graphql HTTP/2.0", host: "157.22.201.140"
2026/08/09 12:55:57 [error] 1397197#1397197: *2622087 open() "/usr/share/nginx/html/graphql" failed (2: No such file or directory), client: 169.150.201.37, server: api.aftermarket-data.ru, request: "POST /graphql HTTP/2.0", host: "157.22.201.140"
2026/08/09 12:55:57 [error] 1397197#1397197: *2622087 open() "/usr/share/nginx/html/contact" failed (2: No such file or directory), client: 169.150.201.37, server: api.aftermarket-data.ru, request: "POST /contact HTTP/2.0", host: "157.22.201.140"
2026/08/09 12:55:57 [error] 1397197#1397197: *2622087 open() "/usr/share/nginx/html/home" failed (2: No such file or directory), client: 169.150.201.37, server: api.aftermarket-data.ru, request: "POST /home HTTP/2.0", host: "157.22.201.140"
2026/08/09 12:55:57 [error] 1397197#1397197: *2622087 open() "/usr/share/nginx/html/env.php" failed (2: No such file or directory), client: 169.150.201.37, server: api.aftermarket-data.ru, request: "GET /env.php HTTP/2.0", host: "157.22.201.140"
2026/08/09 12:55:57 [error] 1397197#1397197: *2622087 open() "/usr/share/nginx/html/dashboard" failed (2: No such file or directory), client: 169.150.201.37, server: api.aftermarket-data.ru, request: "POST /dashboard HTTP/2.0", host: "157.22.201.140"
2026/08/09 12:55:57 [error] 1397197#1397197: *2622087 open() "/usr/share/nginx/html/robots.txt" failed (2: No such file or directory), client: 169.150.201.37, server: api.aftermarket-data.ru, request: "POST /robots.txt HTTP/2.0", host: "157.22.201.140"
2026/08/09 12:55:57 [error] 1397197#1397197: *2622087 open() "/usr/share/nginx/html/docker-compose.yaml" failed (2: No such file or directory), client: 169.150.201.37, server: api.aftermarket-data.ru, request: "GET /docker-compose.yaml HTTP/2.0", host: "157.22.201.140"
2026/08/09 12:55:57 [error] 1397197#1397197: *2622087 open() "/usr/share/nginx/html/.git/config" failed (2: No such file or directory), client: 169.150.201.37, server: api.aftermarket-data.ru, request: "GET /.git/config HTTP/2.0", host: "157.22.201.140"
2026/08/09 12:55:58 [error] 1397197#1397197: *2622087 open() "/usr/share/nginx/html/docker-compose.override.yml" failed (2: No such file or directory), client: 169.150.201.37, server: api.aftermarket-data.ru, request: "GET /docker-compose.override.yml HTTP/2.0", host: "157.22.201.140"
2026/08/09 12:55:58 [error] 1397197#1397197: *2622087 open() "/usr/share/nginx/html/sitemap.xml" failed (2: No such file or directory), client: 169.150.201.37, server: api.aftermarket-data.ru, request: "GET /sitemap.xml HTTP/2.0", host: "157.22.201.140"
2026/08/09 12:55:58 [error] 1397197#1397197: *2622087 open() "/usr/share/nginx/html/.git/HEAD" failed (2: No such file or directory), client: 169.150.201.37, server: api.aftermarket-data.ru, request: "GET /.git/HEAD HTTP/2.0", host: "157.22.201.140"
2026/08/09 12:55:58 [error] 1397197#1397197: *2622087 open() "/usr/share/nginx/html/info" failed (2: No such file or directory), client: 169.150.201.37, server: api.aftermarket-data.ru, request: "GET /info HTTP/2.0", host: "157.22.201.140"
2026/08/09 12:55:58 [error] 1397197#1397197: *2622087 open() "/usr/share/nginx/html/.git/HEAD" failed (2: No such file or directory), client: 169.150.201.37, server: api.aftermarket-data.ru, request: "GET /.git/HEAD HTTP/2.0", host: "157.22.201.140"
2026/08/09 12:55:58 [error] 1397197#1397197: *2622087 open() "/usr/share/nginx/html/phpinfo.php" failed (2: No such file or directory), client: 169.150.201.37, server: api.aftermarket-data.ru, request: "GET /phpinfo.php HTTP/2.0", host: "157.22.201.140"
2026/08/09 12:55:58 [error] 1397197#1397197: *2622087 open() "/usr/share/nginx/html/phpinf.php" failed (2: No such file or directory), client: 169.150.201.37, server: api.aftermarket-data.ru, request: "GET /phpinf.php HTTP/2.0", host: "157.22.201.140"
2026/08/09 12:55:58 [error] 1397197#1397197: *2622087 open() "/usr/share/nginx/html/phpinfo" failed (2: No such file or directory), client: 169.150.201.37, server: api.aftermarket-data.ru, request: "GET /phpinfo HTTP/2.0", host: "157.22.201.140"
2026/08/09 12:55:58 [error] 1397197#1397197: *2622087 open() "/usr/share/nginx/html/_profiler/phpinfo" failed (2: No such file or directory), client: 169.150.201.37, server: api.aftermarket-data.ru, request: "GET /_profiler/phpinfo HTTP/2.0", host: "157.22.201.140"
2026/08/09 12:55:58 [error] 1397197#1397197: *2622087 open() "/usr/share/nginx/html/_ignition/execute-solution" failed (2: No such file or directory), client: 169.150.201.37, server: api.aftermarket-data.ru, request: "GET /_ignition/execute-solution HTTP/2.0", host: "157.22.201.140"
2026/08/09 12:55:58 [error] 1397197#1397197: *2622087 open() "/usr/share/nginx/html/.dockerenv" failed (2: No such file or directory), client: 169.150.201.37, server: api.aftermarket-data.ru, request: "GET /.dockerenv HTTP/2.0", host: "157.22.201.140"
2026/08/09 12:55:58 [error] 1397197#1397197: *2622087 open() "/usr/share/nginx/html/debug.php" failed (2: No such file or directory), client: 169.150.201.37, server: api.aftermarket-data.ru, request: "GET /debug.php HTTP/2.0", host: "157.22.201.140"
2026/08/09 12:55:58 [error] 1397197#1397197: *2622087 open() "/usr/share/nginx/html/administrator/phpinfo.php" failed (2: No such file or directory), client: 169.150.201.37, server: api.aftermarket-data.ru, request: "GET /administrator/phpinfo.php HTTP/2.0", host: "157.22.201.140"
2026/08/09 12:55:58 [error] 1397197#1397197: *2622087 open() "/usr/share/nginx/html/admin" failed (2: No such file or directory), client: 169.150.201.37, server: api.aftermarket-data.ru, request: "POST /admin HTTP/2.0", host: "157.22.201.140"
2026/08/09 12:55:58 [error] 1397197#1397197: *2622087 open() "/usr/share/nginx/html/app_dev.php" failed (2: No such file or directory), client: 169.150.201.37, server: api.aftermarket-data.ru, request: "GET /app_dev.php HTTP/2.0", host: "157.22.201.140"
2026/08/09 12:55:58 [error] 1397197#1397197: *2622087 open() "/usr/share/nginx/html/pinfo.php" failed (2: No such file or directory), client: 169.150.201.37, server: api.aftermarket-data.ru, request: "GET /pinfo.php HTTP/2.0", host: "157.22.201.140"
2026/08/09 12:55:58 [error] 1397197#1397197: *2622087 open() "/usr/share/nginx/html/wp-content/phpinfo.php" failed (2: No such file or directory), client: 169.150.201.37, server: api.aftermarket-data.ru, request: "GET /wp-content/phpinfo.php HTTP/2.0", host: "157.22.201.140"
2026/08/09 12:55:58 [error] 1397197#1397197: *2622087 open() "/usr/share/nginx/html/test.php" failed (2: No such file or directory), client: 169.150.201.37, server: api.aftermarket-data.ru, request: "GET /test.php HTTP/2.0", host: "157.22.201.140"
2026/08/09 12:55:58 [error] 1397197#1397197: *2622087 open() "/usr/share/nginx/html/_phpinfo.php" failed (2: No such file or directory), client: 169.150.201.37, server: api.aftermarket-data.ru, request: "GET /_phpinfo.php HTTP/2.0", host: "157.22.201.140"
2026/08/09 12:55:58 [error] 1397197#1397197: *2622087 open() "/usr/share/nginx/html/php_info.php" failed (2: No such file or directory), client: 169.150.201.37, server: api.aftermarket-data.ru, request: "GET /php_info.php HTTP/2.0", host: "157.22.201.140"
2026/08/09 12:55:58 [error] 1397197#1397197: *2622087 open() "/usr/share/nginx/html/login" failed (2: No such file or directory), client: 169.150.201.37, server: api.aftermarket-data.ru, request: "POST /login HTTP/2.0", host: "157.22.201.140"
2026/08/09 12:55:58 [error] 1397197#1397197: *2622087 open() "/usr/share/nginx/html/sysinfo.php" failed (2: No such file or directory), client: 169.150.201.37, server: api.aftermarket-data.ru, request: "GET /sysinfo.php HTTP/2.0", host: "157.22.201.140"
2026/08/09 12:55:58 [error] 1397198#1397198: *2622094 open() "/usr/share/nginx/html/.git/HEAD" failed (2: No such file or directory), client: 169.150.201.37, server: 157.22.201.140, request: "GET /.git/HEAD HTTP/1.1", host: "157.22.201.140"
2026/08/09 12:56:06 [error] 1397197#1397197: *2622095 connect() to unix:/var/run/php/php8.3-fpm.sock failed (11: Resource temporarily unavailable) while connecting to upstream, client: 66.249.66.195, server: aftermarket-data.ru, request: "GET /?a=9882611070 HTTP/1.1", upstream: "fastcgi://unix:/var/run/php/php8.3-fpm.sock:", host: "aftermarket-data.ru"
2026/08/09 12:56:07 [error] 1397194#1397194: *2622000 connect() to unix:/var/run/php/php8.3-fpm.sock failed (11: Resource temporarily unavailable) while connecting to upstream, client: 74.7.243.242, server: aftermarket-data.ru, request: "GET /index.php?loknya=/sys/class/misc/snapshot/subsystem/tun/subsystem/cpu_dma_latency/subsystem/psaux/subsystem/cpu_dma_latency/subsystem/loop-control/subsystem/hpet/subsystem/uinput/subsystem/mcelog/subsystem/udmabuf/subsystem HTTP/1.1", upstream: "fastcgi://unix:/var/run/php/php8.3-fpm.sock:", host: "www.aftermarket-data.ru", referrer: "https://www.aftermarket-data.ru/index.php?loknya=/sys/class/misc/snapshot/subsystem/tun/subsystem/cpu_dma_latency/subsystem/psaux/subsystem/cpu_dma_latency/subsystem/loop-control/subsystem/hpet/subsystem/uinput/subsystem/mcelog/subsystem/udmabuf"
2026/08/09 12:56:17 [error] 1397197#1397197: *2622099 connect() to unix:/var/run/php/php8.3-fpm.sock failed (11: Resource temporarily unavailable) while connecting to upstream, client: 57.141.20.27, server: aftermarket-data.ru, request: "GET /?c=92692128571 HTTP/1.1", upstream: "fastcgi://unix:/var/run/php/php8.3-fpm.sock:", host: "aftermarket-data.ru"
2026/08/09 12:56:21 [error] 1397197#1397197: *2621480 connect() to unix:/var/run/php/php8.3-fpm.sock failed (11: Resource temporarily unavailable) while connecting to upstream, client: 74.7.241.34, server: aftermarket-data.ru, request: "GET /sitemap_index.xml?loknya=/proc/1397191/root/proc/35/attr HTTP/1.1", upstream: "fastcgi://unix:/var/run/php/php8.3-fpm.sock:", host: "aftermarket-data.ru", referrer: "https://aftermarket-data.ru/sitemap_index.xml?loknya=/proc/1397191/root/proc/35"
2026/08/09 12:56:21 [error] 1397195#1397195: *2622057 connect() to unix:/var/run/php/php8.3-fpm.sock failed (11: Resource temporarily unavailable) while connecting to upstream, client: 66.249.66.194, server: aftermarket-data.ru, request: "GET /?r=8004553656 HTTP/1.1", upstream: "fastcgi://unix:/var/run/php/php8.3-fpm.sock:", host: "aftermarket-data.ru"
2026/08/09 12:56:22 [error] 1397192#1397192: *2622104 open() "/usr/share/nginx/html/SDK/webLanguage" failed (2: No such file or directory), client: 5.61.209.44, server: 157.22.201.140, request: "GET /SDK/webLanguage HTTP/1.1", host: "157.22.201.140:80"
2026/08/09 12:56:33 [error] 1397197#1397197: *2622107 connect() to unix:/var/run/php/php8.3-fpm.sock failed (11: Resource temporarily unavailable) while connecting to upstream, client: 57.141.20.17, server: aftermarket-data.ru, request: "GET /?r=80045214179 HTTP/1.1", upstream: "fastcgi://unix:/var/run/php/php8.3-fpm.sock:", host: "aftermarket-data.ru"
2026/08/09 12:56:36 [error] 1397198#1397198: *2621825 connect() to unix:/var/run/php/php8.3-fpm.sock failed (11: Resource temporarily unavailable) while connecting to upstream, client: 66.249.66.193, server: aftermarket-data.ru, request: "GET /?q=80252148099 HTTP/1.1", upstream: "fastcgi://unix:/var/run/php/php8.3-fpm.sock:", host: "aftermarket-data.ru"
2026/08/09 12:56:51 [error] 1397190#1397190: *2622110 openat() "/usr/share/nginx/html/robots.txt" failed (2: No such file or directory), client: 66.132.172.215, server: 157.22.201.140, request: "GET /robots.txt HTTP/1.1", host: "157.22.201.140:1501"
2026/08/09 12:56:52 [error] 1397198#1397198: *2621825 connect() to unix:/var/run/php/php8.3-fpm.sock failed (11: Resource temporarily unavailable) while connecting to upstream, client: 66.249.66.193, server: aftermarket-data.ru, request: "GET /?r=80045224426 HTTP/1.1", upstream: "fastcgi://unix:/var/run/php/php8.3-fpm.sock:", host: "aftermarket-data.ru"
2026/08/09 12:57:07 [error] 1397197#1397197: *2622112 connect() to unix:/var/run/php/php8.3-fpm.sock failed (11: Resource temporarily unavailable) while connecting to upstream, client: 66.249.66.193, server: aftermarket-data.ru, request: "GET /?i=51774185754 HTTP/1.1", upstream: "fastcgi://unix:/var/run/php/php8.3-fpm.sock:", host: "aftermarket-data.ru"
2026/08/09 12:57:11 [error] 1397194#1397194: *2622000 connect() to unix:/var/run/php/php8.3-fpm.sock failed (11: Resource temporarily unavailable) while connecting to upstream, client: 74.7.243.242, server: aftermarket-data.ru, request: "GET /index.php?loknya=/sys/class/misc/snapshot/subsystem/tun/subsystem/cpu_dma_latency/subsystem/subsystem/cpu_dma_latency/subsystem/udmabuf/subsystem/rfkill/subsystem/tun/subsystem/mcelog/subsystem HTTP/1.1", upstream: "fastcgi://unix:/var/run/php/php8.3-fpm.sock:", host: "www.aftermarket-data.ru", referrer: "https://www.aftermarket-data.ru/index.php?loknya=/sys/class/misc/snapshot/subsystem/tun/subsystem/cpu_dma_latency/subsystem/subsystem/cpu_dma_latency/subsystem/udmabuf/subsystem/rfkill/subsystem/tun/subsystem/mcelog/subsystem/"
2026/08/09 12:57:21 [error] 1397195#1397195: *2622057 connect() to unix:/var/run/php/php8.3-fpm.sock failed (11: Resource temporarily unavailable) while connecting to upstream, client: 66.249.66.194, server: aftermarket-data.ru, request: "GET /?q=6917610548 HTTP/1.1", upstream: "fastcgi://unix:/var/run/php/php8.3-fpm.sock:", host: "aftermarket-data.ru"
2026/08/09 12:57:22 [error] 1397197#1397197: *2621480 connect() to unix:/var/run/php/php8.3-fpm.sock failed (11: Resource temporarily unavailable) while connecting to upstream, client: 74.7.241.34, server: aftermarket-data.ru, request: "GET /sitemap_index.xml?loknya=/proc/1397194/root/proc/33/attr HTTP/1.1", upstream: "fastcgi://unix:/var/run/php/php8.3-fpm.sock:", host: "aftermarket-data.ru", referrer: "https://aftermarket-data.ru/sitemap_index.xml?loknya=/proc/1397194/root/proc/33"
2026/08/09 12:57:24 [error] 1397197#1397197: *2622117 connect() to unix:/var/run/php/php8.3-fpm.sock failed (11: Resource temporarily unavailable) while connecting to upstream, client: 57.141.20.28, server: aftermarket-data.ru, request: "GET /?g=55126236116 HTTP/1.1", upstream: "fastcgi://unix:/var/run/php/php8.3-fpm.sock:", host: "aftermarket-data.ru"
2026/08/09 12:57:36 [error] 1397198#1397198: *2621825 connect() to unix:/var/run/php/php8.3-fpm.sock failed (11: Resource temporarily unavailable) while connecting to upstream, client: 66.249.66.193, server: aftermarket-data.ru, request: "GET /?v=4037315919 HTTP/1.1", upstream: "fastcgi://unix:/var/run/php/php8.3-fpm.sock:", host: "aftermarket-data.ru"
2026/08/09 12:57:43 [error] 1397197#1397197: *2622120 connect() to unix:/var/run/php/php8.3-fpm.sock failed (11: Resource temporarily unavailable) while connecting to upstream, client: 57.141.20.31, server: aftermarket-data.ru, request: "GET /?r=83243180103 HTTP/1.1", upstream: "fastcgi://unix:/var/run/php/php8.3-fpm.sock:", host: "aftermarket-data.ru"
2026/08/09 12:57:51 [error] 1397198#1397198: *2621825 connect() to unix:/var/run/php/php8.3-fpm.sock failed (11: Resource temporarily unavailable) while connecting to upstream, client: 66.249.66.193, server: aftermarket-data.ru, request: "GET /?q=6917667964 HTTP/1.1", upstream: "fastcgi://unix:/var/run/php/php8.3-fpm.sock:", host: "aftermarket-data.ru"
2026/08/09 12:58:05 [error] 1397195#1397195: *2622057 connect() to unix:/var/run/php/php8.3-fpm.sock failed (11: Resource temporarily unavailable) while connecting to upstream, client: 66.249.66.194, server: aftermarket-data.ru, request: "GET /?q=69176174716 HTTP/1.1", upstream: "fastcgi://unix:/var/run/php/php8.3-fpm.sock:", host: "aftermarket-data.ru"
2026/08/09 12:58:12 [error] 1397194#1397194: *2622000 connect() to unix:/var/run/php/php8.3-fpm.sock failed (11: Resource temporarily unavailable) while connecting to upstream, client: 74.7.243.242, server: aftermarket-data.ru, request: "GET /index.php?loknya=/sys/class/misc/snapshot/subsystem/tun/subsystem/cpu_dma_latency/subsystem/psaux/subsystem/cpu_dma_latency/subsystem/snapshot/subsystem/psaux/subsystem/loop-control/subsystem/uinput/subsystem/vga_arbiter HTTP/1.1", upstream: "fastcgi://unix:/var/run/php/php8.3-fpm.sock:", host: "www.aftermarket-data.ru", referrer: "https://www.aftermarket-data.ru/index.php?loknya=/sys/class/misc/snapshot/subsystem/tun/subsystem/cpu_dma_latency/subsystem/psaux/subsystem/cpu_dma_latency/subsystem/snapshot/subsystem/psaux/subsystem/loop-control/subsystem/uinput/subsystem"
2026/08/09 12:58:20 [error] 1397198#1397198: *2621825 connect() to unix:/var/run/php/php8.3-fpm.sock failed (11: Resource temporarily unavailable) while connecting to upstream, client: 66.249.66.193, server: aftermarket-data.ru, request: "GET /?i=51774151992 HTTP/1.1", upstream: "fastcgi://unix:/var/run/php/php8.3-fpm.sock:", host: "aftermarket-data.ru"
2026/08/09 12:58:27 [error] 1397197#1397197: *2621480 connect() to unix:/var/run/php/php8.3-fpm.sock failed (11: Resource temporarily unavailable) while connecting to upstream, client: 74.7.241.34, server: aftermarket-data.ru, request: "GET /sitemap_index.xml?loknya=/proc/1397197/root/proc/69/task HTTP/1.1", upstream: "fastcgi://unix:/var/run/php/php8.3-fpm.sock:", host: "aftermarket-data.ru", referrer: "https://aftermarket-data.ru/sitemap_index.xml?loknya=/proc/1397197/root/proc/69"
2026/08/09 12:58:30 [error] 1397197#1397197: *2622127 connect() to unix:/var/run/php/php8.3-fpm.sock failed (11: Resource temporarily unavailable) while connecting to upstream, client: 57.141.20.51, server: aftermarket-data.ru, request: "GET /?g=551264045 HTTP/1.1", upstream: "fastcgi://unix:/var/run/php/php8.3-fpm.sock:", host: "aftermarket-data.ru"
2026/08/09 12:58:34 [error] 1397198#1397198: *2621825 connect() to unix:/var/run/php/php8.3-fpm.sock failed (11: Resource temporarily unavailable) while connecting to upstream, client: 66.249.66.193, server: aftermarket-data.ru, request: "GET /?v=4037355986 HTTP/1.1", upstream: "fastcgi://unix:/var/run/php/php8.3-fpm.sock:", host: "aftermarket-data.ru"
2026/08/09 12:58:48 [error] 1397198#1397198: *2621825 connect() to unix:/var/run/php/php8.3-fpm.sock failed (11: Resource temporarily unavailable) while connecting to upstream, client: 66.249.66.193, server: aftermarket-data.ru, request: "GET /?m=15534186944 HTTP/1.1", upstream: "fastcgi://unix:/var/run/php/php8.3-fpm.sock:", host: "aftermarket-data.ru"
2026/08/09 12:59:02 [error] 1397198#1397198: *2621825 connect() to unix:/var/run/php/php8.3-fpm.sock failed (11: Resource temporarily unavailable) while connecting to upstream, client: 66.249.66.193, server: aftermarket-data.ru, request: "GET /?v=4037394965 HTTP/1.1", upstream: "fastcgi://unix:/var/run/php/php8.3-fpm.sock:", host: "aftermarket-data.ru"
2026/08/09 12:59:14 [error] 1397194#1397194: *2622000 connect() to unix:/var/run/php/php8.3-fpm.sock failed (11: Resource temporarily unavailable) while connecting to upstream, client: 74.7.243.242, server: aftermarket-data.ru, request: "GET /index.php?loknya=/sys/class/misc/snapshot/subsystem/subsystem/cpu_dma_latency/subsystem/psaux/subsystem/cpu_dma_latency/subsystem/ecryptfs/subsystem/hpet/subsystem/hw_random/subsystem/hpet/subsystem HTTP/1.1", upstream: "fastcgi://unix:/var/run/php/php8.3-fpm.sock:", host: "www.aftermarket-data.ru", referrer: "https://www.aftermarket-data.ru/index.php?loknya=/sys/class/misc/snapshot/subsystem/subsystem/cpu_dma_latency/subsystem/psaux/subsystem/cpu_dma_latency/subsystem/ecryptfs/subsystem/hpet/subsystem/hw_random/subsystem/hpet/subsystem/"
2026/08/09 12:59:15 [error] 1397198#1397198: *2621825 connect() to unix:/var/run/php/php8.3-fpm.sock failed (11: Resource temporarily unavailable) while connecting to upstream, client: 66.249.66.193, server: aftermarket-data.ru, request: "GET /?c=92692258531 HTTP/1.1", upstream: "fastcgi://unix:/var/run/php/php8.3-fpm.sock:", host: "aftermarket-data.ru"
2026/08/09 12:59:18 [error] 1397197#1397197: *2622134 connect() to unix:/var/run/php/php8.3-fpm.sock failed (11: Resource temporarily unavailable) while connecting to upstream, client: 57.141.20.35, server: aftermarket-data.ru, request: "GET /?a=98826159628 HTTP/1.1", upstream: "fastcgi://unix:/var/run/php/php8.3-fpm.sock:", host: "aftermarket-data.ru"
2026/08/09 12:59:29 [error] 1397198#1397198: *2621825 connect() to unix:/var/run/php/php8.3-fpm.sock failed (11: Resource temporarily unavailable) while connecting to upstream, client: 66.249.66.193, server: aftermarket-data.ru, request: "GET /?r=83243282216 HTTP/1.1", upstream: "fastcgi://unix:/var/run/php/php8.3-fpm.sock:", host: "aftermarket-data.ru"
2026/08/09 12:59:30 [error] 1397197#1397197: *2621480 connect() to unix:/var/run/php/php8.3-fpm.sock failed (11: Resource temporarily unavailable) while connecting to upstream, client: 74.7.241.34, server: aftermarket-data.ru, request: "GET /sitemap_index.xml?loknya=/proc/1397191/root/proc/83/task HTTP/1.1", upstream: "fastcgi://unix:/var/run/php/php8.3-fpm.sock:", host: "aftermarket-data.ru", referrer: "https://aftermarket-data.ru/sitemap_index.xml?loknya=/proc/1397191/root/proc/83"
2026/08/09 12:59:34 [error] 1397197#1397197: *2622138 connect() to unix:/var/run/php/php8.3-fpm.sock failed (11: Resource temporarily unavailable) while connecting to upstream, client: 57.141.20.18, server: aftermarket-data.ru, request: "GET /?g=55126231734 HTTP/1.1", upstream: "fastcgi://unix:/var/run/php/php8.3-fpm.sock:", host: "aftermarket-data.ru"
2026/08/09 12:59:37 [error] 1397196#1397196: *2622140 connect() to unix:/var/run/php/php8.3-fpm.sock failed (11: Resource temporarily unavailable) while connecting to upstream, client: 57.141.20.27, server: aftermarket-data.ru, request: "GET /?c=92692124149 HTTP/1.1", upstream: "fastcgi://unix:/var/run/php/php8.3-fpm.sock:", host: "aftermarket-data.ru"
2026/08/09 12:59:38 [error] 1397196#1397196: *2622142 connect() to unix:/var/run/php/php8.3-fpm.sock failed (11: Resource temporarily unavailable) while connecting to upstream, client: 57.141.20.49, server: aftermarket-data.ru, request: "GET /?g=5512661223 HTTP/1.1", upstream: "fastcgi://unix:/var/run/php/php8.3-fpm.sock:", host: "aftermarket-data.ru"
2026/08/09 12:59:56 [error] 1397198#1397198: *2621825 connect() to unix:/var/run/php/php8.3-fpm.sock failed (11: Resource temporarily unavailable) while connecting to upstream, client: 66.249.66.193, server: aftermarket-data.ru, request: "GET /?m=15534130594 HTTP/1.1", upstream: "fastcgi://unix:/var/run/php/php8.3-fpm.sock:", host: "aftermarket-data.ru"
2026/08/09 13:00:09 [error] 1397196#1397196: *2622146 connect() to unix:/var/run/php/php8.3-fpm.sock failed (11: Resource temporarily unavailable) while connecting to upstream, client: 66.249.66.193, server: aftermarket-data.ru, request: "GET /?r=832439150 HTTP/1.1", upstream: "fastcgi://unix:/var/run/php/php8.3-fpm.sock:", host: "aftermarket-data.ru"
2026/08/09 13:00:18 [error] 1397196#1397196: *2622148 connect() to unix:/var/run/php/php8.3-fpm.sock failed (11: Resource temporarily unavailable) while connecting to upstream, client: 57.141.20.1, server: aftermarket-data.ru, request: "GET /?r=80045181010 HTTP/1.1", upstream: "fastcgi://unix:/var/run/php/php8.3-fpm.sock:", host: "aftermarket-data.ru"
2026/08/09 13:00:19 [error] 1397194#1397194: *2622000 connect() to unix:/var/run/php/php8.3-fpm.sock failed (11: Resource temporarily unavailable) while connecting to upstream, client: 74.7.243.242, server: aftermarket-data.ru, request: "GET /index.php?loknya=/sys/class/misc/snapshot/subsystem/subsystem/cpu_dma_latency/subsystem/subsystem/cpu_dma_latency/subsystem/udmabuf/subsystem/hw_random/subsystem/userfaultfd/subsystem HTTP/1.1", upstream: "fastcgi://unix:/var/run/php/php8.3-fpm.sock:", host: "www.aftermarket-data.ru", referrer: "https://www.aftermarket-data.ru/index.php?loknya=/sys/class/misc/snapshot/subsystem/subsystem/cpu_dma_latency/subsystem/subsystem/cpu_dma_latency/subsystem/udmabuf/subsystem/hw_random/subsystem/userfaultfd/subsystem/"
2026/08/09 13:00:22 [error] 1397196#1397196: *2622151 connect() to unix:/var/run/php/php8.3-fpm.sock failed (11: Resource temporarily unavailable) while connecting to upstream, client: 66.249.66.194, server: aftermarket-data.ru, request: "GET /?a=9882616483 HTTP/1.1", upstream: "fastcgi://unix:/var/run/php/php8.3-fpm.sock:", host: "aftermarket-data.ru"
2026/08/09 13:00:30 [error] 1397196#1397196: *2622153 connect() to unix:/var/run/php/php8.3-fpm.sock failed (11: Resource temporarily unavailable) while connecting to upstream, client: 57.141.20.28, server: aftermarket-data.ru, request: "GET /?i=51774152882 HTTP/1.1", upstream: "fastcgi://unix:/var/run/php/php8.3-fpm.sock:", host: "aftermarket-data.ru"
2026/08/09 13:00:31 [error] 1397196#1397196: *2622155 connect() to unix:/var/run/php/php8.3-fpm.sock failed (11: Resource temporarily unavailable) while connecting to upstream, client: 57.141.20.27, server: aftermarket-data.ru, request: "GET /?c=92692172342 HTTP/1.1", upstream: "fastcgi://unix:/var/run/php/php8.3-fpm.sock:", host: "aftermarket-data.ru"
2026/08/09 13:00:32 [error] 1397197#1397197: *2621480 connect() to unix:/var/run/php/php8.3-fpm.sock failed (11: Resource temporarily unavailable) while connecting to upstream, client: 74.7.241.34, server: aftermarket-data.ru, request: "GET /sitemap_index.xml?loknya=/proc/1397195/root/proc/33/task HTTP/1.1", upstream: "fastcgi://unix:/var/run/php/php8.3-fpm.sock:", host: "aftermarket-data.ru", referrer: "https://aftermarket-data.ru/sitemap_index.xml?loknya=/proc/1397195/root/proc/33"
2026/08/09 13:00:34 [error] 1397196#1397196: *2622158 connect() to unix:/var/run/php/php8.3-fpm.sock failed (11: Resource temporarily unavailable) while connecting to upstream, client: 57.141.20.45, server: aftermarket-data.ru, request: "GET /?r=83243214354 HTTP/1.1", upstream: "fastcgi://unix:/var/run/php/php8.3-fpm.sock:", host: "aftermarket-data.ru"
2026/08/09 13:00:35 [error] 1397196#1397196: *2622160 connect() to unix:/var/run/php/php8.3-fpm.sock failed (11: Resource temporarily unavailable) while connecting to upstream, client: 66.249.66.65, server: aftermarket-data.ru, request: "GET /?g=55126152990 HTTP/1.1", upstream: "fastcgi://unix:/var/run/php/php8.3-fpm.sock:", host: "aftermarket-data.ru"
2026/08/09 13:00:44 [error] 1397196#1397196: *2622162 connect() to unix:/var/run/php/php8.3-fpm.sock failed (11: Resource temporarily unavailable) while connecting to upstream, client: 57.141.20.51, server: aftermarket-data.ru, request: "GET /?r=80045158288 HTTP/1.1", upstream: "fastcgi://unix:/var/run/php/php8.3-fpm.sock:", host: "aftermarket-data.ru"
2026/08/09 13:00:48 [error] 1397198#1397198: *2621825 connect() to unix:/var/run/php/php8.3-fpm.sock failed (11: Resource temporarily unavailable) while connecting to upstream, client: 66.249.66.193, server: aftermarket-data.ru, request: "GET /?v=40373190043 HTTP/1.1", upstream: "fastcgi://unix:/var/run/php/php8.3-fpm.sock:", host: "aftermarket-data.ru"
2026/08/09 13:00:48 [error] 1397196#1397196: *2622165 connect() to unix:/var/run/php/php8.3-fpm.sock failed (11: Resource temporarily unavailable) while connecting to upstream, client: 57.141.20.54, server: aftermarket-data.ru, request: "GET /?c=92692144016 HTTP/1.1", upstream: "fastcgi://unix:/var/run/php/php8.3-fpm.sock:", host: "aftermarket-data.ru"
2026/08/09 13:01:01 [error] 1397196#1397196: *2622167 connect() to unix:/var/run/php/php8.3-fpm.sock failed (11: Resource temporarily unavailable) while connecting to upstream, client: 66.249.66.195, server: aftermarket-data.ru, request: "GET /?q=8025235124 HTTP/1.1", upstream: "fastcgi://unix:/var/run/php/php8.3-fpm.sock:", host: "aftermarket-data.ru"
2026/08/09 13:01:13 [error] 1397196#1397196: *2622151 connect() to unix:/var/run/php/php8.3-fpm.sock failed (11: Resource temporarily unavailable) while connecting to upstream, client: 66.249.66.194, server: aftermarket-data.ru, request: "GET /?v=40373137411 HTTP/1.1", upstream: "fastcgi://unix:/var/run/php/php8.3-fpm.sock:", host: "aftermarket-data.ru"
2026/08/09 13:01:22 [error] 1397194#1397194: *2622000 connect() to unix:/var/run/php/php8.3-fpm.sock failed (11: Resource temporarily unavailable) while connecting to upstream, client: 74.7.243.242, server: aftermarket-data.ru, request: "GET /index.php?loknya=/sys/class/misc/snapshot/subsystem/tun/subsystem/cpu_dma_latency/subsystem/psaux/subsystem/cpu_dma_latency/subsystem/hw_random/subsystem/ecryptfs/subsystem/psaux/subsystem/userfaultfd/subsystem/tun/power HTTP/1.1", upstream: "fastcgi://unix:/var/run/php/php8.3-fpm.sock:", host: "www.aftermarket-data.ru", referrer: "https://www.aftermarket-data.ru/index.php?loknya=/sys/class/misc/snapshot/subsystem/tun/subsystem/cpu_dma_latency/subsystem/psaux/subsystem/cpu_dma_latency/subsystem/hw_random/subsystem/ecryptfs/subsystem/psaux/subsystem/userfaultfd/subsystem/tun"
2026/08/09 13:01:25 [error] 1397196#1397196: *2622172 connect() to unix:/var/run/php/php8.3-fpm.sock failed (11: Resource temporarily unavailable) while connecting to upstream, client: 57.141.20.14, server: aftermarket-data.ru, request: "GET /?m=15534238149 HTTP/1.1", upstream: "fastcgi://unix:/var/run/php/php8.3-fpm.sock:", host: "aftermarket-data.ru"
2026/08/09 13:01:26 [error] 1397198#1397198: *2621825 connect() to unix:/var/run/php/php8.3-fpm.sock failed (11: Resource temporarily unavailable) while connecting to upstream, client: 66.249.66.193, server: aftermarket-data.ru, request: "GET /?q=8025294454 HTTP/1.1", upstream: "fastcgi://unix:/var/run/php/php8.3-fpm.sock:", host: "aftermarket-data.ru"
2026/08/09 13:01:32 [error] 1397197#1397197: *2621480 connect() to unix:/var/run/php/php8.3-fpm.sock failed (11: Resource temporarily unavailable) while connecting to upstream, client: 74.7.241.34, server: aftermarket-data.ru, request: "GET /sitemap_index.xml?loknya=/proc/1397191/root/proc/87/attr HTTP/1.1", upstream: "fastcgi://unix:/var/run/php/php8.3-fpm.sock:", host: "aftermarket-data.ru", referrer: "https://aftermarket-data.ru/sitemap_index.xml?loknya=/proc/1397191/root/proc/87"
2026/08/09 13:01:38 [error] 1397198#1397198: *2621825 connect() to unix:/var/run/php/php8.3-fpm.sock failed (11: Resource temporarily unavailable) while connecting to upstream, client: 66.249.66.193, server: aftermarket-data.ru, request: "GET /?q=8025291591 HTTP/1.1", upstream: "fastcgi://unix:/var/run/php/php8.3-fpm.sock:", host: "aftermarket-data.ru"
