2026/08/10 05:47:26 [error] 2609823#2609823: *2632636 connect() to unix:/var/run/php/php8.3-fpm.sock failed (11: Resource temporarily unavailable) while connecting to upstream, client: 74.7.241.23, server: aftermarket-data.ru, request: "GET /index.php?loknya=/sys/class/misc/snapshot/subsystem/tun/subsystem/cpu_dma_latency/subsystem/psaux/subsystem/cpu_dma_latency/subsystem/ecryptfs/subsystem/tun/subsystem/snapshot/subsystem/vga_arbiter/subsystem/uinput HTTP/1.1", upstream: "fastcgi://unix:/var/run/php/php8.3-fpm.sock:", host: "www.aftermarket-data.ru", referrer: "https://www.aftermarket-data.ru/index.php?loknya=/sys/class/misc/snapshot/subsystem/tun/subsystem/cpu_dma_latency/subsystem/psaux/subsystem/cpu_dma_latency/subsystem/ecryptfs/subsystem/tun/subsystem/snapshot/subsystem/vga_arbiter/subsystem"
2026/08/10 05:48:01 [error] 2609822#2609822: *2632568 connect() to unix:/var/run/php/php8.3-fpm.sock failed (11: Resource temporarily unavailable) while connecting to upstream, client: 74.7.227.36, server: aftermarket-data.ru, request: "GET /sitemap_index.xml?loknya=/proc/1397196/root/proc/21 HTTP/1.1", upstream: "fastcgi://unix:/var/run/php/php8.3-fpm.sock:", host: "aftermarket-data.ru", referrer: "https://aftermarket-data.ru/sitemap_index.xml?loknya=/proc/1397196/root/proc"
2026/08/10 05:48:12 [error] 2609821#2609821: *2632969 connect() to unix:/var/run/php/php8.3-fpm.sock failed (11: Resource temporarily unavailable) while connecting to upstream, client: 66.249.66.193, server: aftermarket-data.ru, request: "GET /robots.txt HTTP/1.1", upstream: "fastcgi://unix:/var/run/php/php8.3-fpm.sock:", host: "aftermarket-data.ru"
2026/08/10 05:48:23 [error] 2609821#2609821: *2632971 connect() to unix:/var/run/php/php8.3-fpm.sock failed (11: Resource temporarily unavailable) while connecting to upstream, client: 57.141.20.17, server: aftermarket-data.ru, request: "GET /?r=80045193246 HTTP/1.1", upstream: "fastcgi://unix:/var/run/php/php8.3-fpm.sock:", host: "aftermarket-data.ru"
2026/08/10 05:48:29 [error] 2609823#2609823: *2632636 connect() to unix:/var/run/php/php8.3-fpm.sock failed (11: Resource temporarily unavailable) while connecting to upstream, client: 74.7.241.23, server: aftermarket-data.ru, request: "GET /index.php?loknya=/sys/class/misc/snapshot/subsystem/tun/subsystem/cpu_dma_latency/subsystem/psaux/subsystem/psaux/subsystem/cpu_dma_latency/subsystem/hpet/subsystem/uinput/subsystem/rfkill/subsystem/autofs HTTP/1.1", upstream: "fastcgi://unix:/var/run/php/php8.3-fpm.sock:", host: "www.aftermarket-data.ru", referrer: "https://www.aftermarket-data.ru/index.php?loknya=/sys/class/misc/snapshot/subsystem/tun/subsystem/cpu_dma_latency/subsystem/psaux/subsystem/psaux/subsystem/cpu_dma_latency/subsystem/hpet/subsystem/uinput/subsystem/rfkill/subsystem"
2026/08/10 05:48:33 [error] 2609821#2609821: *2632974 connect() to unix:/var/run/php/php8.3-fpm.sock failed (11: Resource temporarily unavailable) while connecting to upstream, client: 57.141.20.49, server: aftermarket-data.ru, request: "GET /?g=5512692465 HTTP/1.1", upstream: "fastcgi://unix:/var/run/php/php8.3-fpm.sock:", host: "aftermarket-data.ru"
2026/08/10 05:48:34 [error] 2609821#2609821: *2632976 connect() to unix:/var/run/php/php8.3-fpm.sock failed (11: Resource temporarily unavailable) while connecting to upstream, client: 57.141.8.36, server: aftermarket-data.ru, request: "GET / HTTP/1.1", upstream: "fastcgi://unix:/var/run/php/php8.3-fpm.sock:", host: "aftermarket-data.ru"
2026/08/10 05:49:07 [error] 2609822#2609822: *2632568 connect() to unix:/var/run/php/php8.3-fpm.sock failed (11: Resource temporarily unavailable) while connecting to upstream, client: 74.7.227.36, server: aftermarket-data.ru, request: "GET /sitemap_index.xml?loknya=/proc/1397194/root/proc/92 HTTP/1.1", upstream: "fastcgi://unix:/var/run/php/php8.3-fpm.sock:", host: "aftermarket-data.ru", referrer: "https://aftermarket-data.ru/sitemap_index.xml?loknya=/proc/1397194/root/proc"
2026/08/10 05:49:29 [error] 2609821#2609821: *2632979 connect() to unix:/var/run/php/php8.3-fpm.sock failed (11: Resource temporarily unavailable) while connecting to upstream, client: 57.141.20.30, server: aftermarket-data.ru, request: "GET /?a=98826236993 HTTP/1.1", upstream: "fastcgi://unix:/var/run/php/php8.3-fpm.sock:", host: "aftermarket-data.ru"
2026/08/10 05:49:30 [error] 2609823#2609823: *2632636 connect() to unix:/var/run/php/php8.3-fpm.sock failed (11: Resource temporarily unavailable) while connecting to upstream, client: 74.7.241.23, server: aftermarket-data.ru, request: "GET /index.php?loknya=/sys/class/misc/snapshot/subsystem/tun/subsystem/cpu_dma_latency/subsystem/psaux/subsystem/cpu_dma_latency/subsystem/loop-control/subsystem/autofs/subsystem/tun/subsystem/userfaultfd/subsystem/tun HTTP/1.1", upstream: "fastcgi://unix:/var/run/php/php8.3-fpm.sock:", host: "www.aftermarket-data.ru", referrer: "https://www.aftermarket-data.ru/index.php?loknya=/sys/class/misc/snapshot/subsystem/tun/subsystem/cpu_dma_latency/subsystem/psaux/subsystem/cpu_dma_latency/subsystem/loop-control/subsystem/autofs/subsystem/tun/subsystem/userfaultfd/subsystem"
2026/08/10 05:50:09 [error] 2609821#2609821: *2632983 connect() to unix:/var/run/php/php8.3-fpm.sock failed (11: Resource temporarily unavailable) while connecting to upstream, client: 66.249.66.193, server: aftermarket-data.ru, request: "GET /robots.txt HTTP/1.1", upstream: "fastcgi://unix:/var/run/php/php8.3-fpm.sock:", host: "aftermarket-data.ru"
2026/08/10 05:50:11 [error] 2609822#2609822: *2632568 connect() to unix:/var/run/php/php8.3-fpm.sock failed (11: Resource temporarily unavailable) while connecting to upstream, client: 74.7.227.36, server: aftermarket-data.ru, request: "GET /sitemap_index.xml?loknya=/proc/1397194/root/proc/23 HTTP/1.1", upstream: "fastcgi://unix:/var/run/php/php8.3-fpm.sock:", host: "aftermarket-data.ru", referrer: "https://aftermarket-data.ru/sitemap_index.xml?loknya=/proc/1397194/root/proc"
2026/08/10 05:50:31 [error] 2609823#2609823: *2632636 connect() to unix:/var/run/php/php8.3-fpm.sock failed (11: Resource temporarily unavailable) while connecting to upstream, client: 74.7.241.23, server: aftermarket-data.ru, request: "GET /index.php?loknya=/sys/class/misc/snapshot/subsystem/tun/subsystem/cpu_dma_latency/subsystem/psaux/subsystem/psaux/subsystem/cpu_dma_latency/subsystem/hpet/subsystem/uinput/subsystem/udmabuf/subsystem/rfkill/power HTTP/1.1", upstream: "fastcgi://unix:/var/run/php/php8.3-fpm.sock:", host: "www.aftermarket-data.ru", referrer: "https://www.aftermarket-data.ru/index.php?loknya=/sys/class/misc/snapshot/subsystem/tun/subsystem/cpu_dma_latency/subsystem/psaux/subsystem/psaux/subsystem/cpu_dma_latency/subsystem/hpet/subsystem/uinput/subsystem/udmabuf/subsystem/rfkill"
2026/08/10 05:50:32 [error] 2609821#2609821: *2632987 connect() to unix:/var/run/php/php8.3-fpm.sock failed (11: Resource temporarily unavailable) while connecting to upstream, client: 87.250.224.214, server: aftermarket-data.ru, request: "GET /?r=8004550157 HTTP/1.1", upstream: "fastcgi://unix:/var/run/php/php8.3-fpm.sock:", host: "aftermarket-data.ru"
2026/08/10 05:50:37 [error] 2609821#2609821: *2632989 connect() to unix:/var/run/php/php8.3-fpm.sock failed (11: Resource temporarily unavailable) while connecting to upstream, client: 57.141.20.6, server: aftermarket-data.ru, request: "GET /?m=1553473756 HTTP/1.1", upstream: "fastcgi://unix:/var/run/php/php8.3-fpm.sock:", host: "aftermarket-data.ru"
2026/08/10 05:50:38 [error] 2609821#2609821: *2632991 connect() to unix:/var/run/php/php8.3-fpm.sock failed (11: Resource temporarily unavailable) while connecting to upstream, client: 57.141.0.8, server: aftermarket-data.ru, request: "GET / HTTP/1.1", upstream: "fastcgi://unix:/var/run/php/php8.3-fpm.sock:", host: "aftermarket-data.ru"
2026/08/10 05:51:15 [error] 2609822#2609822: *2632568 connect() to unix:/var/run/php/php8.3-fpm.sock failed (11: Resource temporarily unavailable) while connecting to upstream, client: 74.7.227.36, server: aftermarket-data.ru, request: "GET /sitemap_index.xml?loknya=/proc/1397195/root/proc/87 HTTP/1.1", upstream: "fastcgi://unix:/var/run/php/php8.3-fpm.sock:", host: "aftermarket-data.ru", referrer: "https://aftermarket-data.ru/sitemap_index.xml?loknya=/proc/1397195/root/proc"
2026/08/10 05:51:36 [error] 2609823#2609823: *2632636 connect() to unix:/var/run/php/php8.3-fpm.sock failed (11: Resource temporarily unavailable) while connecting to upstream, client: 74.7.241.23, server: aftermarket-data.ru, request: "GET /index.php?loknya=/sys/class/misc/snapshot/subsystem/tun/subsystem/cpu_dma_latency/subsystem/psaux/subsystem/psaux/subsystem/cpu_dma_latency/subsystem/tun/subsystem/hpet/subsystem/udmabuf/subsystem/device-mapper HTTP/1.1", upstream: "fastcgi://unix:/var/run/php/php8.3-fpm.sock:", host: "www.aftermarket-data.ru", referrer: "https://www.aftermarket-data.ru/index.php?loknya=/sys/class/misc/snapshot/subsystem/tun/subsystem/cpu_dma_latency/subsystem/psaux/subsystem/psaux/subsystem/cpu_dma_latency/subsystem/tun/subsystem/hpet/subsystem/udmabuf/subsystem"
2026/08/10 05:51:43 [error] 2609821#2609821: *2632995 connect() to unix:/var/run/php/php8.3-fpm.sock failed (11: Resource temporarily unavailable) while connecting to upstream, client: 57.141.20.21, server: aftermarket-data.ru, request: "GET /?r=80045196564 HTTP/1.1", upstream: "fastcgi://unix:/var/run/php/php8.3-fpm.sock:", host: "aftermarket-data.ru"
2026/08/10 05:52:06 [error] 2609821#2609821: *2632997 connect() to unix:/var/run/php/php8.3-fpm.sock failed (11: Resource temporarily unavailable) while connecting to upstream, client: 66.249.66.193, server: aftermarket-data.ru, request: "GET /robots.txt HTTP/1.1", upstream: "fastcgi://unix:/var/run/php/php8.3-fpm.sock:", host: "aftermarket-data.ru"
2026/08/10 05:52:20 [error] 2609822#2609822: *2632568 connect() to unix:/var/run/php/php8.3-fpm.sock failed (11: Resource temporarily unavailable) while connecting to upstream, client: 74.7.227.36, server: aftermarket-data.ru, request: "GET /sitemap_index.xml?loknya=/proc/1397190/root/proc/irq/38 HTTP/1.1", upstream: "fastcgi://unix:/var/run/php/php8.3-fpm.sock:", host: "aftermarket-data.ru", referrer: "https://aftermarket-data.ru/sitemap_index.xml?loknya=/proc/1397190/root/proc/irq"
2026/08/10 05:52:21 [error] 2609821#2609821: *2633001 connect() to unix:/var/run/php/php8.3-fpm.sock failed (11: Resource temporarily unavailable) while connecting to upstream, client: 74.7.230.33, server: aftermarket-data.ru, request: "GET /robots.txt HTTP/1.1", upstream: "fastcgi://unix:/var/run/php/php8.3-fpm.sock:", host: "aftermarket-data.ru"
2026/08/10 05:52:38 [error] 2609821#2609821: *2633003 connect() to unix:/var/run/php/php8.3-fpm.sock failed (11: Resource temporarily unavailable) while connecting to upstream, client: 57.141.14.37, server: aftermarket-data.ru, request: "GET / HTTP/1.1", upstream: "fastcgi://unix:/var/run/php/php8.3-fpm.sock:", host: "aftermarket-data.ru"
2026/08/10 05:52:39 [error] 2609823#2609823: *2632636 connect() to unix:/var/run/php/php8.3-fpm.sock failed (11: Resource temporarily unavailable) while connecting to upstream, client: 74.7.241.23, server: aftermarket-data.ru, request: "GET /index.php?loknya=/sys/class/misc/snapshot/subsystem/tun/subsystem/cpu_dma_latency/subsystem/psaux/subsystem/cpu_dma_latency/subsystem/loop-control/subsystem/autofs/subsystem/psaux/subsystem/uinput/subsystem/device-mapper HTTP/1.1", upstream: "fastcgi://unix:/var/run/php/php8.3-fpm.sock:", host: "www.aftermarket-data.ru", referrer: "https://www.aftermarket-data.ru/index.php?loknya=/sys/class/misc/snapshot/subsystem/tun/subsystem/cpu_dma_latency/subsystem/psaux/subsystem/cpu_dma_latency/subsystem/loop-control/subsystem/autofs/subsystem/psaux/subsystem/uinput/subsystem"
2026/08/10 05:52:48 [error] 2609821#2609821: *2633006 connect() to unix:/var/run/php/php8.3-fpm.sock failed (11: Resource temporarily unavailable) while connecting to upstream, client: 57.141.20.44, server: aftermarket-data.ru, request: "GET /?g=55126232283 HTTP/1.1", upstream: "fastcgi://unix:/var/run/php/php8.3-fpm.sock:", host: "aftermarket-data.ru"
2026/08/10 05:52:50 [error] 2609821#2609821: *2633008 connect() to unix:/var/run/php/php8.3-fpm.sock failed (11: Resource temporarily unavailable) while connecting to upstream, client: 57.141.20.7, server: aftermarket-data.ru, request: "GET /?m=15534169171 HTTP/1.1", upstream: "fastcgi://unix:/var/run/php/php8.3-fpm.sock:", host: "aftermarket-data.ru"
2026/08/10 05:52:51 [error] 2609822#2609822: *2633010 connect() to unix:/var/run/php/php8.3-fpm.sock failed (11: Resource temporarily unavailable) while connecting to upstream, client: 57.141.20.28, server: aftermarket-data.ru, request: "GET /?v=4037380368 HTTP/1.1", upstream: "fastcgi://unix:/var/run/php/php8.3-fpm.sock:", host: "aftermarket-data.ru"
2026/08/10 05:53:24 [error] 2609822#2609822: *2633012 connect() to unix:/var/run/php/php8.3-fpm.sock failed (11: Resource temporarily unavailable) while connecting to upstream, client: 213.180.203.113, server: aftermarket-data.ru, request: "GET /?c=92692224258 HTTP/1.1", upstream: "fastcgi://unix:/var/run/php/php8.3-fpm.sock:", host: "aftermarket-data.ru"
2026/08/10 05:53:43 [error] 2609823#2609823: *2632636 connect() to unix:/var/run/php/php8.3-fpm.sock failed (11: Resource temporarily unavailable) while connecting to upstream, client: 74.7.241.23, server: aftermarket-data.ru, request: "GET /index.php?loknya=/sys/class/misc/snapshot/subsystem/tun/subsystem/cpu_dma_latency/subsystem/psaux/subsystem/psaux/subsystem/cpu_dma_latency/subsystem/hw_random/subsystem/mcelog/subsystem/ecryptfs/subsystem HTTP/1.1", upstream: "fastcgi://unix:/var/run/php/php8.3-fpm.sock:", host: "www.aftermarket-data.ru", referrer: "https://www.aftermarket-data.ru/index.php?loknya=/sys/class/misc/snapshot/subsystem/tun/subsystem/cpu_dma_latency/subsystem/psaux/subsystem/psaux/subsystem/cpu_dma_latency/subsystem/hw_random/subsystem/mcelog/subsystem/ecryptfs"
2026/08/10 05:53:57 [error] 2609822#2609822: *2633015 connect() to unix:/var/run/php/php8.3-fpm.sock failed (11: Resource temporarily unavailable) while connecting to upstream, client: 57.141.20.64, server: aftermarket-data.ru, request: "GET /?r=832435088 HTTP/1.1", upstream: "fastcgi://unix:/var/run/php/php8.3-fpm.sock:", host: "aftermarket-data.ru"
2026/08/10 05:53:57 [error] 2609822#2609822: *2633016 connect() to unix:/var/run/php/php8.3-fpm.sock failed (11: Resource temporarily unavailable) while connecting to upstream, client: 57.141.20.60, server: aftermarket-data.ru, request: "GET /?g=55126274654 HTTP/1.1", upstream: "fastcgi://unix:/var/run/php/php8.3-fpm.sock:", host: "aftermarket-data.ru"
2026/08/10 05:54:23 [error] 2609822#2609822: *2633019 connect() to unix:/var/run/php/php8.3-fpm.sock failed (11: Resource temporarily unavailable) while connecting to upstream, client: 74.7.227.36, server: aftermarket-data.ru, request: "GET /sitemap_index.xml?loknya=/proc/1397194/root/proc/22 HTTP/1.1", upstream: "fastcgi://unix:/var/run/php/php8.3-fpm.sock:", host: "aftermarket-data.ru", referrer: "https://aftermarket-data.ru/sitemap_index.xml?loknya=/proc/1397194/root/proc"
2026/08/10 05:54:25 [error] 2609822#2609822: *2633021 connect() to unix:/var/run/php/php8.3-fpm.sock failed (11: Resource temporarily unavailable) while connecting to upstream, client: 57.141.20.59, server: aftermarket-data.ru, request: "GET /?i=51774169035 HTTP/1.1", upstream: "fastcgi://unix:/var/run/php/php8.3-fpm.sock:", host: "aftermarket-data.ru"
2026/08/10 05:54:34 [error] 2609822#2609822: *2633023 connect() to unix:/var/run/php/php8.3-fpm.sock failed (11: Resource temporarily unavailable) while connecting to upstream, client: 57.141.20.6, server: aftermarket-data.ru, request: "GET /?a=98826243023 HTTP/1.1", upstream: "fastcgi://unix:/var/run/php/php8.3-fpm.sock:", host: "aftermarket-data.ru"
2026/08/10 05:54:45 [error] 2609823#2609823: *2632636 connect() to unix:/var/run/php/php8.3-fpm.sock failed (11: Resource temporarily unavailable) while connecting to upstream, client: 74.7.241.23, server: aftermarket-data.ru, request: "GET /index.php?loknya=/sys/class/misc/snapshot/subsystem/tun/subsystem/cpu_dma_latency/subsystem/psaux/subsystem/cpu_dma_latency/subsystem/loop-control/subsystem/autofs/subsystem/autofs/subsystem/rfkill/subsystem/snapshot/power HTTP/1.1", upstream: "fastcgi://unix:/var/run/php/php8.3-fpm.sock:", host: "www.aftermarket-data.ru", referrer: "https://www.aftermarket-data.ru/index.php?loknya=/sys/class/misc/snapshot/subsystem/tun/subsystem/cpu_dma_latency/subsystem/psaux/subsystem/cpu_dma_latency/subsystem/loop-control/subsystem/autofs/subsystem/autofs/subsystem/rfkill/subsystem/snapshot"
2026/08/10 05:54:47 [error] 2609822#2609822: *2633026 connect() to unix:/var/run/php/php8.3-fpm.sock failed (11: Resource temporarily unavailable) while connecting to upstream, client: 57.141.20.42, server: aftermarket-data.ru, request: "GET /?c=9269248356 HTTP/1.1", upstream: "fastcgi://unix:/var/run/php/php8.3-fpm.sock:", host: "aftermarket-data.ru"
2026/08/10 05:55:03 [error] 2609822#2609822: *2633028 connect() to unix:/var/run/php/php8.3-fpm.sock failed (11: Resource temporarily unavailable) while connecting to upstream, client: 57.141.20.60, server: aftermarket-data.ru, request: "GET /?m=15534144805 HTTP/1.1", upstream: "fastcgi://unix:/var/run/php/php8.3-fpm.sock:", host: "aftermarket-data.ru"
2026/08/10 05:55:04 [error] 2609822#2609822: *2633030 connect() to unix:/var/run/php/php8.3-fpm.sock failed (11: Resource temporarily unavailable) while connecting to upstream, client: 57.141.20.10, server: aftermarket-data.ru, request: "GET /?v=40373104132 HTTP/1.1", upstream: "fastcgi://unix:/var/run/php/php8.3-fpm.sock:", host: "aftermarket-data.ru"
2026/08/10 05:55:24 [error] 2609822#2609822: *2633019 connect() to unix:/var/run/php/php8.3-fpm.sock failed (11: Resource temporarily unavailable) while connecting to upstream, client: 74.7.227.36, server: aftermarket-data.ru, request: "GET /sitemap_index.xml?loknya=/proc/1397196/root/proc/30 HTTP/1.1", upstream: "fastcgi://unix:/var/run/php/php8.3-fpm.sock:", host: "aftermarket-data.ru", referrer: "https://aftermarket-data.ru/sitemap_index.xml?loknya=/proc/1397196/root/proc"
2026/08/10 05:55:47 [error] 2609823#2609823: *2632636 connect() to unix:/var/run/php/php8.3-fpm.sock failed (11: Resource temporarily unavailable) while connecting to upstream, client: 74.7.241.23, server: aftermarket-data.ru, request: "GET /index.php?loknya=/sys/class/misc/snapshot/subsystem/tun/subsystem/cpu_dma_latency/subsystem/psaux/subsystem/cpu_dma_latency/subsystem/hw_random/subsystem/hpet/subsystem/userfaultfd/subsystem/hpet/subsystem/hpet HTTP/1.1", upstream: "fastcgi://unix:/var/run/php/php8.3-fpm.sock:", host: "www.aftermarket-data.ru", referrer: "https://www.aftermarket-data.ru/index.php?loknya=/sys/class/misc/snapshot/subsystem/tun/subsystem/cpu_dma_latency/subsystem/psaux/subsystem/cpu_dma_latency/subsystem/hw_random/subsystem/hpet/subsystem/userfaultfd/subsystem/hpet/subsystem"
2026/08/10 05:56:00 [error] 2609822#2609822: *2633035 connect() to unix:/var/run/php/php8.3-fpm.sock failed (11: Resource temporarily unavailable) while connecting to upstream, client: 66.249.66.193, server: aftermarket-data.ru, request: "GET /robots.txt HTTP/1.1", upstream: "fastcgi://unix:/var/run/php/php8.3-fpm.sock:", host: "aftermarket-data.ru"
2026/08/10 05:56:10 [error] 2609822#2609822: *2633038 connect() to unix:/var/run/php/php8.3-fpm.sock failed (11: Resource temporarily unavailable) while connecting to upstream, client: 57.141.20.33, server: aftermarket-data.ru, request: "GET /?c=92692103636 HTTP/1.1", upstream: "fastcgi://unix:/var/run/php/php8.3-fpm.sock:", host: "aftermarket-data.ru"
2026/08/10 05:56:11 [error] 2609822#2609822: *2633040 connect() to unix:/var/run/php/php8.3-fpm.sock failed (11: Resource temporarily unavailable) while connecting to upstream, client: 57.141.20.32, server: aftermarket-data.ru, request: "GET /?a=988265388 HTTP/1.1", upstream: "fastcgi://unix:/var/run/php/php8.3-fpm.sock:", host: "aftermarket-data.ru"
2026/08/10 05:56:13 [error] 2609822#2609822: *2633042 connect() to unix:/var/run/php/php8.3-fpm.sock failed (11: Resource temporarily unavailable) while connecting to upstream, client: 57.141.20.39, server: aftermarket-data.ru, request: "GET /?a=98826174174 HTTP/1.1", upstream: "fastcgi://unix:/var/run/php/php8.3-fpm.sock:", host: "aftermarket-data.ru"
2026/08/10 05:56:26 [error] 2609822#2609822: *2633019 connect() to unix:/var/run/php/php8.3-fpm.sock failed (11: Resource temporarily unavailable) while connecting to upstream, client: 74.7.227.36, server: aftermarket-data.ru, request: "GET /sitemap_index.xml?loknya=/proc/1397196/root/proc/57 HTTP/1.1", upstream: "fastcgi://unix:/var/run/php/php8.3-fpm.sock:", host: "aftermarket-data.ru", referrer: "https://aftermarket-data.ru/sitemap_index.xml?loknya=/proc/1397196/root/proc"
2026/08/10 05:56:27 [error] 2609822#2609822: *2633045 connect() to unix:/var/run/php/php8.3-fpm.sock failed (11: Resource temporarily unavailable) while connecting to upstream, client: 95.108.213.132, server: aftermarket-data.ru, request: "GET /?r=80045195075 HTTP/1.1", upstream: "fastcgi://unix:/var/run/php/php8.3-fpm.sock:", host: "aftermarket-data.ru"
2026/08/10 05:56:43 [error] 2609823#2609823: *2633047 connect() to unix:/var/run/php/php8.3-fpm.sock failed (11: Resource temporarily unavailable) while connecting to upstream, client: 57.141.20.26, server: aftermarket-data.ru, request: "GET /?c=9269280264 HTTP/1.1", upstream: "fastcgi://unix:/var/run/php/php8.3-fpm.sock:", host: "aftermarket-data.ru"
2026/08/10 05:56:51 [error] 2609823#2609823: *2632636 connect() to unix:/var/run/php/php8.3-fpm.sock failed (11: Resource temporarily unavailable) while connecting to upstream, client: 74.7.241.23, server: aftermarket-data.ru, request: "GET /index.php?loknya=/sys/class/misc/snapshot/subsystem/tun/subsystem/cpu_dma_latency/subsystem/psaux/subsystem/cpu_dma_latency/subsystem/hw_random/subsystem/snapshot/subsystem/loop-control/subsystem/ecryptfs/subsystem/tun HTTP/1.1", upstream: "fastcgi://unix:/var/run/php/php8.3-fpm.sock:", host: "www.aftermarket-data.ru", referrer: "https://www.aftermarket-data.ru/index.php?loknya=/sys/class/misc/snapshot/subsystem/tun/subsystem/cpu_dma_latency/subsystem/psaux/subsystem/cpu_dma_latency/subsystem/hw_random/subsystem/snapshot/subsystem/loop-control/subsystem/ecryptfs/subsystem"
2026/08/10 05:57:11 [error] 2609823#2609823: *2633050 connect() to unix:/var/run/php/php8.3-fpm.sock failed (11: Resource temporarily unavailable) while connecting to upstream, client: 57.141.20.7, server: aftermarket-data.ru, request: "GET /?a=98826147479 HTTP/1.1", upstream: "fastcgi://unix:/var/run/php/php8.3-fpm.sock:", host: "aftermarket-data.ru"
2026/08/10 05:57:32 [error] 2609822#2609822: *2633019 connect() to unix:/var/run/php/php8.3-fpm.sock failed (11: Resource temporarily unavailable) while connecting to upstream, client: 74.7.227.36, server: aftermarket-data.ru, request: "GET /sitemap_index.xml?loknya=/proc/1397195/root/proc/45 HTTP/1.1", upstream: "fastcgi://unix:/var/run/php/php8.3-fpm.sock:", host: "aftermarket-data.ru", referrer: "https://aftermarket-data.ru/sitemap_index.xml?loknya=/proc/1397195/root/proc"
2026/08/10 05:57:41 [error] 2609823#2609823: *2633053 connect() to unix:/var/run/php/php8.3-fpm.sock failed (11: Resource temporarily unavailable) while connecting to upstream, client: 66.249.66.193, server: aftermarket-data.ru, request: "GET /robots.txt HTTP/1.1", upstream: "fastcgi://unix:/var/run/php/php8.3-fpm.sock:", host: "aftermarket-data.ru"
2026/08/10 05:57:47 [error] 2609823#2609823: *2633055 connect() to unix:/var/run/php/php8.3-fpm.sock failed (11: Resource temporarily unavailable) while connecting to upstream, client: 57.141.20.65, server: aftermarket-data.ru, request: "GET /?i=51774238185 HTTP/1.1", upstream: "fastcgi://unix:/var/run/php/php8.3-fpm.sock:", host: "aftermarket-data.ru"
2026/08/10 05:57:57 [error] 2609823#2609823: *2632636 connect() to unix:/var/run/php/php8.3-fpm.sock failed (11: Resource temporarily unavailable) while connecting to upstream, client: 74.7.241.23, server: aftermarket-data.ru, request: "GET /index.php?loknya=/sys/class/misc/snapshot/subsystem/tun/subsystem/cpu_dma_latency/subsystem/psaux/subsystem/cpu_dma_latency/subsystem/ecryptfs/subsystem/rfkill/subsystem/mcelog/subsystem/hpet/subsystem/tun HTTP/1.1", upstream: "fastcgi://unix:/var/run/php/php8.3-fpm.sock:", host: "www.aftermarket-data.ru", referrer: "https://www.aftermarket-data.ru/index.php?loknya=/sys/class/misc/snapshot/subsystem/tun/subsystem/cpu_dma_latency/subsystem/psaux/subsystem/cpu_dma_latency/subsystem/ecryptfs/subsystem/rfkill/subsystem/mcelog/subsystem/hpet/subsystem"
2026/08/10 05:58:33 [error] 2609822#2609822: *2633019 connect() to unix:/var/run/php/php8.3-fpm.sock failed (11: Resource temporarily unavailable) while connecting to upstream, client: 74.7.227.36, server: aftermarket-data.ru, request: "GET /sitemap_index.xml?loknya=/proc/1397196/root/proc/22 HTTP/1.1", upstream: "fastcgi://unix:/var/run/php/php8.3-fpm.sock:", host: "aftermarket-data.ru", referrer: "https://aftermarket-data.ru/sitemap_index.xml?loknya=/proc/1397196/root/proc"
2026/08/10 05:58:33 [error] 2609823#2609823: *2633059 connect() to unix:/var/run/php/php8.3-fpm.sock failed (11: Resource temporarily unavailable) while connecting to upstream, client: 57.141.20.28, server: aftermarket-data.ru, request: "GET /?v=40373237859 HTTP/1.1", upstream: "fastcgi://unix:/var/run/php/php8.3-fpm.sock:", host: "aftermarket-data.ru"
2026/08/10 05:59:01 [error] 2609823#2609823: *2632636 connect() to unix:/var/run/php/php8.3-fpm.sock failed (11: Resource temporarily unavailable) while connecting to upstream, client: 74.7.241.23, server: aftermarket-data.ru, request: "GET /index.php?loknya=/sys/class/misc/snapshot/subsystem/tun/subsystem/cpu_dma_latency/subsystem/psaux/subsystem/cpu_dma_latency/subsystem/ecryptfs/subsystem/uinput/subsystem/vga_arbiter/subsystem/rfkill/subsystem/psaux HTTP/1.1", upstream: "fastcgi://unix:/var/run/php/php8.3-fpm.sock:", host: "www.aftermarket-data.ru", referrer: "https://www.aftermarket-data.ru/index.php?loknya=/sys/class/misc/snapshot/subsystem/tun/subsystem/cpu_dma_latency/subsystem/psaux/subsystem/cpu_dma_latency/subsystem/ecryptfs/subsystem/uinput/subsystem/vga_arbiter/subsystem/rfkill/subsystem"
2026/08/10 05:59:20 [error] 2609823#2609823: *2633062 connect() to unix:/var/run/php/php8.3-fpm.sock failed (11: Resource temporarily unavailable) while connecting to upstream, client: 57.141.20.33, server: aftermarket-data.ru, request: "GET /?m=15534240670 HTTP/1.1", upstream: "fastcgi://unix:/var/run/php/php8.3-fpm.sock:", host: "aftermarket-data.ru"
2026/08/10 05:59:57 [error] 2609823#2609823: *2633064 connect() to unix:/var/run/php/php8.3-fpm.sock failed (11: Resource temporarily unavailable) while connecting to upstream, client: 66.249.66.193, server: aftermarket-data.ru, request: "GET /robots.txt HTTP/1.1", upstream: "fastcgi://unix:/var/run/php/php8.3-fpm.sock:", host: "aftermarket-data.ru"
2026/08/10 06:00:07 [error] 2609823#2609823: *2632636 connect() to unix:/var/run/php/php8.3-fpm.sock failed (11: Resource temporarily unavailable) while connecting to upstream, client: 74.7.241.23, server: aftermarket-data.ru, request: "GET /index.php?loknya=/sys/class/misc/snapshot/subsystem/tun/subsystem/cpu_dma_latency/subsystem/psaux/subsystem/cpu_dma_latency/subsystem/udmabuf/subsystem/tun/subsystem/hw_random/subsystem/ecryptfs/subsystem HTTP/1.1", upstream: "fastcgi://unix:/var/run/php/php8.3-fpm.sock:", host: "www.aftermarket-data.ru", referrer: "https://www.aftermarket-data.ru/index.php?loknya=/sys/class/misc/snapshot/subsystem/tun/subsystem/cpu_dma_latency/subsystem/psaux/subsystem/cpu_dma_latency/subsystem/udmabuf/subsystem/tun/subsystem/hw_random/subsystem/ecryptfs"
2026/08/10 06:00:27 [error] 2609823#2609823: *2633068 connect() to unix:/var/run/php/php8.3-fpm.sock failed (11: Resource temporarily unavailable) while connecting to upstream, client: 57.141.20.26, server: aftermarket-data.ru, request: "GET /sitemap926.xml?lokasie=/var/www/aftermarket-data.ru/wp-settings.php&loknya=/var/www/aftermarket-data.ru HTTP/1.1", upstream: "fastcgi://unix:/var/run/php/php8.3-fpm.sock:", host: "aftermarket-data.ru"
2026/08/10 06:00:37 [error] 2609823#2609823: *2633070 connect() to unix:/var/run/php/php8.3-fpm.sock failed (11: Resource temporarily unavailable) while connecting to upstream, client: 74.7.227.36, server: aftermarket-data.ru, request: "GET /sitemap_index.xml?loknya=/proc/1397196/root/proc/irq/44 HTTP/1.1", upstream: "fastcgi://unix:/var/run/php/php8.3-fpm.sock:", host: "aftermarket-data.ru", referrer: "https://aftermarket-data.ru/sitemap_index.xml?loknya=/proc/1397196/root/proc/irq"
2026/08/10 06:00:56 [error] 2609823#2609823: *2633072 connect() to unix:/var/run/php/php8.3-fpm.sock failed (11: Resource temporarily unavailable) while connecting to upstream, client: 57.141.20.12, server: aftermarket-data.ru, request: "GET /?a=98826195086 HTTP/1.1", upstream: "fastcgi://unix:/var/run/php/php8.3-fpm.sock:", host: "aftermarket-data.ru"
2026/08/10 06:01:00 [error] 2609823#2609823: *2633074 connect() to unix:/var/run/php/php8.3-fpm.sock failed (11: Resource temporarily unavailable) while connecting to upstream, client: 57.141.20.25, server: aftermarket-data.ru, request: "GET /?g=55126205642 HTTP/1.1", upstream: "fastcgi://unix:/var/run/php/php8.3-fpm.sock:", host: "aftermarket-data.ru"
2026/08/10 06:01:08 [error] 2609823#2609823: *2632636 connect() to unix:/var/run/php/php8.3-fpm.sock failed (11: Resource temporarily unavailable) while connecting to upstream, client: 74.7.241.23, server: aftermarket-data.ru, request: "GET /index.php?loknya=/sys/class/misc/snapshot/subsystem/tun/subsystem/cpu_dma_latency/subsystem/psaux/subsystem/cpu_dma_latency/subsystem/hw_random/subsystem/mcelog/subsystem/fuse/subsystem/udmabuf/subsystem HTTP/1.1", upstream: "fastcgi://unix:/var/run/php/php8.3-fpm.sock:", host: "www.aftermarket-data.ru", referrer: "https://www.aftermarket-data.ru/index.php?loknya=/sys/class/misc/snapshot/subsystem/tun/subsystem/cpu_dma_latency/subsystem/psaux/subsystem/cpu_dma_latency/subsystem/hw_random/subsystem/mcelog/subsystem/fuse/subsystem/udmabuf"
2026/08/10 06:01:20 [error] 2609823#2609823: *2633077 connect() to unix:/var/run/php/php8.3-fpm.sock failed (11: Resource temporarily unavailable) while connecting to upstream, client: 5.255.231.12, server: aftermarket-data.ru, request: "GET /?i=5177483990 HTTP/1.1", upstream: "fastcgi://unix:/var/run/php/php8.3-fpm.sock:", host: "aftermarket-data.ru"
2026/08/10 06:01:25 [error] 2609823#2609823: *2633079 connect() to unix:/var/run/php/php8.3-fpm.sock failed (11: Resource temporarily unavailable) while connecting to upstream, client: 213.180.203.24, server: aftermarket-data.ru, request: "GET /?q=69176225672 HTTP/1.1", upstream: "fastcgi://unix:/var/run/php/php8.3-fpm.sock:", host: "aftermarket-data.ru"
2026/08/10 06:01:33 [error] 2609823#2609823: *2633081 connect() to unix:/var/run/php/php8.3-fpm.sock failed (11: Resource temporarily unavailable) while connecting to upstream, client: 57.141.20.32, server: aftermarket-data.ru, request: "GET /?v=4037398573 HTTP/1.1", upstream: "fastcgi://unix:/var/run/php/php8.3-fpm.sock:", host: "aftermarket-data.ru"
2026/08/10 06:01:39 [error] 2609823#2609823: *2633070 connect() to unix:/var/run/php/php8.3-fpm.sock failed (11: Resource temporarily unavailable) while connecting to upstream, client: 74.7.227.36, server: aftermarket-data.ru, request: "GET /sitemap_index.xml?loknya=/proc/1397191/root/proc/20 HTTP/1.1", upstream: "fastcgi://unix:/var/run/php/php8.3-fpm.sock:", host: "aftermarket-data.ru", referrer: "https://aftermarket-data.ru/sitemap_index.xml?loknya=/proc/1397191/root/proc"
2026/08/10 06:01:56 [error] 2609823#2609823: *2633084 connect() to unix:/var/run/php/php8.3-fpm.sock failed (11: Resource temporarily unavailable) while connecting to upstream, client: 66.249.66.193, server: aftermarket-data.ru, request: "GET /robots.txt HTTP/1.1", upstream: "fastcgi://unix:/var/run/php/php8.3-fpm.sock:", host: "aftermarket-data.ru"
2026/08/10 06:02:09 [error] 2609823#2609823: *2632636 connect() to unix:/var/run/php/php8.3-fpm.sock failed (11: Resource temporarily unavailable) while connecting to upstream, client: 74.7.241.23, server: aftermarket-data.ru, request: "GET /index.php?loknya=/sys/class/misc/snapshot/subsystem/tun/subsystem/cpu_dma_latency/subsystem/psaux/subsystem/cpu_dma_latency/subsystem/udmabuf/subsystem/device-mapper/subsystem/mcelog/subsystem/vga_arbiter/subsystem/uinput HTTP/1.1", upstream: "fastcgi://unix:/var/run/php/php8.3-fpm.sock:", host: "www.aftermarket-data.ru", referrer: "https://www.aftermarket-data.ru/index.php?loknya=/sys/class/misc/snapshot/subsystem/tun/subsystem/cpu_dma_latency/subsystem/psaux/subsystem/cpu_dma_latency/subsystem/udmabuf/subsystem/device-mapper/subsystem/mcelog/subsystem/vga_arbiter/subsystem"
2026/08/10 06:02:19 [error] 2609823#2609823: *2633087 connect() to unix:/var/run/php/php8.3-fpm.sock failed (11: Resource temporarily unavailable) while connecting to upstream, client: 57.141.20.34, server: aftermarket-data.ru, request: "GET /?g=5512632636 HTTP/1.1", upstream: "fastcgi://unix:/var/run/php/php8.3-fpm.sock:", host: "aftermarket-data.ru"
2026/08/10 06:02:40 [error] 2609824#2609824: *2633089 connect() to unix:/var/run/php/php8.3-fpm.sock failed (11: Resource temporarily unavailable) while connecting to upstream, client: 57.141.20.12, server: aftermarket-data.ru, request: "GET /?i=51774123602 HTTP/1.1", upstream: "fastcgi://unix:/var/run/php/php8.3-fpm.sock:", host: "aftermarket-data.ru"
2026/08/10 06:02:44 [error] 2609823#2609823: *2633070 connect() to unix:/var/run/php/php8.3-fpm.sock failed (11: Resource temporarily unavailable) while connecting to upstream, client: 74.7.227.36, server: aftermarket-data.ru, request: "GET /sitemap_index.xml?loknya=/proc/1397197/root/proc/irq/34 HTTP/1.1", upstream: "fastcgi://unix:/var/run/php/php8.3-fpm.sock:", host: "aftermarket-data.ru", referrer: "https://aftermarket-data.ru/sitemap_index.xml?loknya=/proc/1397197/root/proc/irq"
2026/08/10 06:03:10 [error] 2609823#2609823: *2632636 connect() to unix:/var/run/php/php8.3-fpm.sock failed (11: Resource temporarily unavailable) while connecting to upstream, client: 74.7.241.23, server: aftermarket-data.ru, request: "GET /index.php?loknya=/sys/class/misc/snapshot/subsystem/tun/subsystem/cpu_dma_latency/subsystem/subsystem/cpu_dma_latency/subsystem/subsystem/hw_random/subsystem/autofs/subsystem/device-mapper/subsystem HTTP/1.1", upstream: "fastcgi://unix:/var/run/php/php8.3-fpm.sock:", host: "www.aftermarket-data.ru", referrer: "https://www.aftermarket-data.ru/index.php?loknya=/sys/class/misc/snapshot/subsystem/tun/subsystem/cpu_dma_latency/subsystem/subsystem/cpu_dma_latency/subsystem/subsystem/hw_random/subsystem/autofs/subsystem/device-mapper/subsystem/"
2026/08/10 06:03:46 [error] 2609823#2609823: *2633070 connect() to unix:/var/run/php/php8.3-fpm.sock failed (11: Resource temporarily unavailable) while connecting to upstream, client: 74.7.227.36, server: aftermarket-data.ru, request: "GET /sitemap_index.xml?loknya=/proc/1397195/root/proc/irq/37 HTTP/1.1", upstream: "fastcgi://unix:/var/run/php/php8.3-fpm.sock:", host: "aftermarket-data.ru", referrer: "https://aftermarket-data.ru/sitemap_index.xml?loknya=/proc/1397195/root/proc/irq"
2026/08/10 06:03:47 [error] 2609824#2609824: *2633094 connect() to unix:/var/run/php/php8.3-fpm.sock failed (11: Resource temporarily unavailable) while connecting to upstream, client: 57.141.20.29, server: aftermarket-data.ru, request: "GET /?r=83243185662 HTTP/1.1", upstream: "fastcgi://unix:/var/run/php/php8.3-fpm.sock:", host: "aftermarket-data.ru"
2026/08/10 06:03:51 [error] 2609824#2609824: *2633096 connect() to unix:/var/run/php/php8.3-fpm.sock failed (11: Resource temporarily unavailable) while connecting to upstream, client: 66.249.66.193, server: aftermarket-data.ru, request: "GET /robots.txt HTTP/1.1", upstream: "fastcgi://unix:/var/run/php/php8.3-fpm.sock:", host: "aftermarket-data.ru"
2026/08/10 06:04:11 [error] 2609823#2609823: *2632636 connect() to unix:/var/run/php/php8.3-fpm.sock failed (11: Resource temporarily unavailable) while connecting to upstream, client: 74.7.241.23, server: aftermarket-data.ru, request: "GET /index.php?loknya=/sys/class/misc/snapshot/subsystem/tun/subsystem/cpu_dma_latency/subsystem/psaux/subsystem/psaux/subsystem/cpu_dma_latency/subsystem/udmabuf/subsystem/autofs/subsystem/loop-control HTTP/1.1", upstream: "fastcgi://unix:/var/run/php/php8.3-fpm.sock:", host: "www.aftermarket-data.ru", referrer: "https://www.aftermarket-data.ru/index.php?loknya=/sys/class/misc/snapshot/subsystem/tun/subsystem/cpu_dma_latency/subsystem/psaux/subsystem/psaux/subsystem/cpu_dma_latency/subsystem/udmabuf/subsystem/autofs/subsystem"
2026/08/10 06:04:14 [error] 2609824#2609824: *2633099 connect() to unix:/var/run/php/php8.3-fpm.sock failed (11: Resource temporarily unavailable) while connecting to upstream, client: 204.12.208.18, server: aftermarket-data.ru, request: "GET /wp-content/index.php HTTP/1.1", upstream: "fastcgi://unix:/var/run/php/php8.3-fpm.sock:", host: "aftermarket-data.ru", referrer: "https://aftermarket-data.ru/wp-content/index.php"
2026/08/10 06:04:14 [error] 2609824#2609824: *2633099 connect() to unix:/var/run/php/php8.3-fpm.sock failed (11: Resource temporarily unavailable) while connecting to upstream, client: 204.12.208.18, server: aftermarket-data.ru, request: "GET /wp-content/index.php HTTP/1.1", upstream: "fastcgi://unix:/var/run/php/php8.3-fpm.sock:", host: "aftermarket-data.ru", referrer: "https://aftermarket-data.ru/wp-content/index.php"
2026/08/10 06:04:15 [error] 2609824#2609824: *2633099 connect() to unix:/var/run/php/php8.3-fpm.sock failed (11: Resource temporarily unavailable) while connecting to upstream, client: 204.12.208.18, server: aftermarket-data.ru, request: "GET /wp-content/index.php HTTP/1.1", upstream: "fastcgi://unix:/var/run/php/php8.3-fpm.sock:", host: "aftermarket-data.ru", referrer: "https://aftermarket-data.ru/wp-content/index.php"
2026/08/10 06:04:51 [error] 2609823#2609823: *2633070 connect() to unix:/var/run/php/php8.3-fpm.sock failed (11: Resource temporarily unavailable) while connecting to upstream, client: 74.7.227.36, server: aftermarket-data.ru, request: "GET /sitemap_index.xml?loknya=/proc/1397191/root/proc/48 HTTP/1.1", upstream: "fastcgi://unix:/var/run/php/php8.3-fpm.sock:", host: "aftermarket-data.ru", referrer: "https://aftermarket-data.ru/sitemap_index.xml?loknya=/proc/1397191/root/proc"
2026/08/10 06:04:54 [error] 2609824#2609824: *2633104 connect() to unix:/var/run/php/php8.3-fpm.sock failed (11: Resource temporarily unavailable) while connecting to upstream, client: 57.141.20.0, server: aftermarket-data.ru, request: "GET /?c=92692104406 HTTP/1.1", upstream: "fastcgi://unix:/var/run/php/php8.3-fpm.sock:", host: "aftermarket-data.ru"
2026/08/10 06:05:02 [error] 2609824#2609824: *2633106 connect() to unix:/var/run/php/php8.3-fpm.sock failed (11: Resource temporarily unavailable) while connecting to upstream, client: 57.141.20.31, server: aftermarket-data.ru, request: "GET /?r=83243289720 HTTP/1.1", upstream: "fastcgi://unix:/var/run/php/php8.3-fpm.sock:", host: "aftermarket-data.ru"
2026/08/10 06:05:04 [error] 2609824#2609824: *2633096 connect() to unix:/var/run/php/php8.3-fpm.sock failed (11: Resource temporarily unavailable) while connecting to upstream, client: 66.249.66.193, server: aftermarket-data.ru, request: "GET /robots.txt HTTP/1.1", upstream: "fastcgi://unix:/var/run/php/php8.3-fpm.sock:", host: "aftermarket-data.ru"
2026/08/10 06:05:14 [error] 2609824#2609824: *2633112 open() "/usr/share/nginx/html/hello.world" failed (2: No such file or directory), client: 154.127.69.8, server: api.aftermarket-data.ru, request: "POST /hello.world?%ADd+allow_url_include%3d1+%ADd+auto_prepend_file%3dphp://input HTTP/1.1", host: "157.22.201.140:443"
2026/08/10 06:05:15 [error] 2609824#2609824: *2633112 open() "/usr/share/nginx/html/index.php" failed (2: No such file or directory), client: 154.127.69.8, server: api.aftermarket-data.ru, request: "POST /index.php?%25ADd+allow_url_include%3D1+%25ADd+auto_prepend_file%3Dphp://input HTTP/1.1", host: "157.22.201.140:443"
2026/08/10 06:05:15 [error] 2609824#2609824: *2633112 open() "/usr/share/nginx/html/test.hello" failed (2: No such file or directory), client: 154.127.69.8, server: api.aftermarket-data.ru, request: "POST /test.hello?%25ADd+allow_url_include%3D1+%25ADd+auto_prepend_file%3Dphp://input HTTP/1.1", host: "157.22.201.140:443"
2026/08/10 06:05:16 [error] 2609824#2609824: *2633112 open() "/usr/share/nginx/html/index.php" failed (2: No such file or directory), client: 154.127.69.8, server: api.aftermarket-data.ru, request: "POST /index.php?-d+allow_url_include%3don+-d+auto_prepend_file%3dphp%3a//input HTTP/1.1", host: "157.22.201.140:443"
2026/08/10 06:05:16 [error] 2609824#2609824: *2633112 open() "/usr/share/nginx/html/vendor/phpunit/phpunit/src/Util/PHP/eval-stdin.php" failed (2: No such file or directory), client: 154.127.69.8, server: api.aftermarket-data.ru, request: "GET /vendor/phpunit/phpunit/src/Util/PHP/eval-stdin.php HTTP/1.1", host: "157.22.201.140:443"
2026/08/10 06:05:17 [error] 2609824#2609824: *2633112 open() "/usr/share/nginx/html/vendor/phpunit/phpunit/Util/PHP/eval-stdin.php" failed (2: No such file or directory), client: 154.127.69.8, server: api.aftermarket-data.ru, request: "GET /vendor/phpunit/phpunit/Util/PHP/eval-stdin.php HTTP/1.1", host: "157.22.201.140:443"
2026/08/10 06:05:17 [error] 2609823#2609823: *2632636 connect() to unix:/var/run/php/php8.3-fpm.sock failed (11: Resource temporarily unavailable) while connecting to upstream, client: 74.7.241.23, server: aftermarket-data.ru, request: "GET /index.php?loknya=/sys/class/misc/snapshot/subsystem/tun/subsystem/cpu_dma_latency/subsystem/psaux/subsystem/cpu_dma_latency/subsystem/udmabuf/subsystem/hw_random/subsystem/fuse/subsystem/userfaultfd/subsystem/mcelog HTTP/1.1", upstream: "fastcgi://unix:/var/run/php/php8.3-fpm.sock:", host: "www.aftermarket-data.ru", referrer: "https://www.aftermarket-data.ru/index.php?loknya=/sys/class/misc/snapshot/subsystem/tun/subsystem/cpu_dma_latency/subsystem/psaux/subsystem/cpu_dma_latency/subsystem/udmabuf/subsystem/hw_random/subsystem/fuse/subsystem/userfaultfd/subsystem"
2026/08/10 06:05:17 [error] 2609824#2609824: *2633112 open() "/usr/share/nginx/html/vendor/phpunit/src/Util/PHP/eval-stdin.php" failed (2: No such file or directory), client: 154.127.69.8, server: api.aftermarket-data.ru, request: "GET /vendor/phpunit/src/Util/PHP/eval-stdin.php HTTP/1.1", host: "157.22.201.140:443"
2026/08/10 06:05:18 [error] 2609824#2609824: *2633112 open() "/usr/share/nginx/html/vendor/phpunit/Util/PHP/eval-stdin.php" failed (2: No such file or directory), client: 154.127.69.8, server: api.aftermarket-data.ru, request: "GET /vendor/phpunit/Util/PHP/eval-stdin.php HTTP/1.1", host: "157.22.201.140:443"
2026/08/10 06:05:18 [error] 2609824#2609824: *2633112 open() "/usr/share/nginx/html/vendor/phpunit/phpunit/LICENSE/eval-stdin.php" failed (2: No such file or directory), client: 154.127.69.8, server: api.aftermarket-data.ru, request: "GET /vendor/phpunit/phpunit/LICENSE/eval-stdin.php HTTP/1.1", host: "157.22.201.140:443"
2026/08/10 06:05:19 [error] 2609824#2609824: *2633112 open() "/usr/share/nginx/html/vendor/vendor/phpunit/phpunit/src/Util/PHP/eval-stdin.php" failed (2: No such file or directory), client: 154.127.69.8, server: api.aftermarket-data.ru, request: "GET /vendor/vendor/phpunit/phpunit/src/Util/PHP/eval-stdin.php HTTP/1.1", host: "157.22.201.140:443"
2026/08/10 06:05:19 [error] 2609824#2609824: *2633112 open() "/usr/share/nginx/html/phpunit/phpunit/src/Util/PHP/eval-stdin.php" failed (2: No such file or directory), client: 154.127.69.8, server: api.aftermarket-data.ru, request: "GET /phpunit/phpunit/src/Util/PHP/eval-stdin.php HTTP/1.1", host: "157.22.201.140:443"
2026/08/10 06:05:20 [error] 2609824#2609824: *2633112 open() "/usr/share/nginx/html/phpunit/phpunit/Util/PHP/eval-stdin.php" failed (2: No such file or directory), client: 154.127.69.8, server: api.aftermarket-data.ru, request: "GET /phpunit/phpunit/Util/PHP/eval-stdin.php HTTP/1.1", host: "157.22.201.140:443"
2026/08/10 06:05:20 [error] 2609824#2609824: *2633112 open() "/usr/share/nginx/html/phpunit/src/Util/PHP/eval-stdin.php" failed (2: No such file or directory), client: 154.127.69.8, server: api.aftermarket-data.ru, request: "GET /phpunit/src/Util/PHP/eval-stdin.php HTTP/1.1", host: "157.22.201.140:443"
2026/08/10 06:05:20 [error] 2609824#2609824: *2633112 open() "/usr/share/nginx/html/phpunit/Util/PHP/eval-stdin.php" failed (2: No such file or directory), client: 154.127.69.8, server: api.aftermarket-data.ru, request: "GET /phpunit/Util/PHP/eval-stdin.php HTTP/1.1", host: "157.22.201.140:443"
2026/08/10 06:05:21 [error] 2609824#2609824: *2633112 open() "/usr/share/nginx/html/lib/phpunit/phpunit/src/Util/PHP/eval-stdin.php" failed (2: No such file or directory), client: 154.127.69.8, server: api.aftermarket-data.ru, request: "GET /lib/phpunit/phpunit/src/Util/PHP/eval-stdin.php HTTP/1.1", host: "157.22.201.140:443"
2026/08/10 06:05:21 [error] 2609824#2609824: *2633112 open() "/usr/share/nginx/html/lib/phpunit/phpunit/Util/PHP/eval-stdin.php" failed (2: No such file or directory), client: 154.127.69.8, server: api.aftermarket-data.ru, request: "GET /lib/phpunit/phpunit/Util/PHP/eval-stdin.php HTTP/1.1", host: "157.22.201.140:443"
2026/08/10 06:05:21 [error] 2609824#2609824: *2633112 open() "/usr/share/nginx/html/lib/phpunit/src/Util/PHP/eval-stdin.php" failed (2: No such file or directory), client: 154.127.69.8, server: api.aftermarket-data.ru, request: "GET /lib/phpunit/src/Util/PHP/eval-stdin.php HTTP/1.1", host: "157.22.201.140:443"
2026/08/10 06:05:22 [error] 2609824#2609824: *2633112 open() "/usr/share/nginx/html/lib/phpunit/Util/PHP/eval-stdin.php" failed (2: No such file or directory), client: 154.127.69.8, server: api.aftermarket-data.ru, request: "GET /lib/phpunit/Util/PHP/eval-stdin.php HTTP/1.1", host: "157.22.201.140:443"
2026/08/10 06:05:22 [error] 2609824#2609824: *2633112 open() "/usr/share/nginx/html/lib/vendor/phpunit/phpunit/src/Util/PHP/eval-stdin.php" failed (2: No such file or directory), client: 154.127.69.8, server: api.aftermarket-data.ru, request: "GET /lib/vendor/phpunit/phpunit/src/Util/PHP/eval-stdin.php HTTP/1.1", host: "157.22.201.140:443"
2026/08/10 06:05:22 [error] 2609824#2609824: *2633112 open() "/usr/share/nginx/html/laravel/vendor/phpunit/phpunit/src/Util/PHP/eval-stdin.php" failed (2: No such file or directory), client: 154.127.69.8, server: api.aftermarket-data.ru, request: "GET /laravel/vendor/phpunit/phpunit/src/Util/PHP/eval-stdin.php HTTP/1.1", host: "157.22.201.140:443"
2026/08/10 06:05:23 [error] 2609824#2609824: *2633112 open() "/usr/share/nginx/html/www/vendor/phpunit/phpunit/src/Util/PHP/eval-stdin.php" failed (2: No such file or directory), client: 154.127.69.8, server: api.aftermarket-data.ru, request: "GET /www/vendor/phpunit/phpunit/src/Util/PHP/eval-stdin.php HTTP/1.1", host: "157.22.201.140:443"
2026/08/10 06:05:23 [error] 2609824#2609824: *2633112 open() "/usr/share/nginx/html/ws/vendor/phpunit/phpunit/src/Util/PHP/eval-stdin.php" failed (2: No such file or directory), client: 154.127.69.8, server: api.aftermarket-data.ru, request: "GET /ws/vendor/phpunit/phpunit/src/Util/PHP/eval-stdin.php HTTP/1.1", host: "157.22.201.140:443"
2026/08/10 06:05:23 [error] 2609824#2609824: *2633112 open() "/usr/share/nginx/html/yii/vendor/phpunit/phpunit/src/Util/PHP/eval-stdin.php" failed (2: No such file or directory), client: 154.127.69.8, server: api.aftermarket-data.ru, request: "GET /yii/vendor/phpunit/phpunit/src/Util/PHP/eval-stdin.php HTTP/1.1", host: "157.22.201.140:443"
2026/08/10 06:05:24 [error] 2609824#2609824: *2633112 open() "/usr/share/nginx/html/zend/vendor/phpunit/phpunit/src/Util/PHP/eval-stdin.php" failed (2: No such file or directory), client: 154.127.69.8, server: api.aftermarket-data.ru, request: "GET /zend/vendor/phpunit/phpunit/src/Util/PHP/eval-stdin.php HTTP/1.1", host: "157.22.201.140:443"
2026/08/10 06:05:24 [error] 2609824#2609824: *2633112 open() "/usr/share/nginx/html/ws/ec/vendor/phpunit/phpunit/src/Util/PHP/eval-stdin.php" failed (2: No such file or directory), client: 154.127.69.8, server: api.aftermarket-data.ru, request: "GET /ws/ec/vendor/phpunit/phpunit/src/Util/PHP/eval-stdin.php HTTP/1.1", host: "157.22.201.140:443"
2026/08/10 06:05:24 [error] 2609824#2609824: *2633112 open() "/usr/share/nginx/html/V2/vendor/phpunit/phpunit/src/Util/PHP/eval-stdin.php" failed (2: No such file or directory), client: 154.127.69.8, server: api.aftermarket-data.ru, request: "GET /V2/vendor/phpunit/phpunit/src/Util/PHP/eval-stdin.php HTTP/1.1", host: "157.22.201.140:443"
2026/08/10 06:05:25 [error] 2609824#2609824: *2633112 open() "/usr/share/nginx/html/tests/vendor/phpunit/phpunit/src/Util/PHP/eval-stdin.php" failed (2: No such file or directory), client: 154.127.69.8, server: api.aftermarket-data.ru, request: "GET /tests/vendor/phpunit/phpunit/src/Util/PHP/eval-stdin.php HTTP/1.1", host: "157.22.201.140:443"
2026/08/10 06:05:25 [error] 2609824#2609824: *2633112 open() "/usr/share/nginx/html/test/vendor/phpunit/phpunit/src/Util/PHP/eval-stdin.php" failed (2: No such file or directory), client: 154.127.69.8, server: api.aftermarket-data.ru, request: "GET /test/vendor/phpunit/phpunit/src/Util/PHP/eval-stdin.php HTTP/1.1", host: "157.22.201.140:443"
