2026/08/10 09:10:53 [error] 2609826#2609826: *2634578 connect() to unix:/var/run/php/php8.3-fpm.sock failed (11: Resource temporarily unavailable) while connecting to upstream, client: 57.141.20.39, server: aftermarket-data.ru, request: "GET /?c=9269229916 HTTP/1.1", upstream: "fastcgi://unix:/var/run/php/php8.3-fpm.sock:", host: "aftermarket-data.ru"
2026/08/10 09:10:53 [error] 2609826#2609826: *2634579 connect() to unix:/var/run/php/php8.3-fpm.sock failed (11: Resource temporarily unavailable) while connecting to upstream, client: 66.249.66.193, server: aftermarket-data.ru, request: "GET /robots.txt HTTP/1.1", upstream: "fastcgi://unix:/var/run/php/php8.3-fpm.sock:", host: "aftermarket-data.ru"
2026/08/10 09:11:18 [error] 2609824#2609824: *2634509 connect() to unix:/var/run/php/php8.3-fpm.sock failed (11: Resource temporarily unavailable) while connecting to upstream, client: 74.7.227.36, server: aftermarket-data.ru, request: "GET /sitemap_index.xml?loknya=/proc/1397198/root/proc/irq/10 HTTP/1.1", upstream: "fastcgi://unix:/var/run/php/php8.3-fpm.sock:", host: "aftermarket-data.ru", referrer: "https://aftermarket-data.ru/sitemap_index.xml?loknya=/proc/1397198/root/proc/irq"
2026/08/10 09:11:21 [error] 2609823#2609823: *2634455 connect() to unix:/var/run/php/php8.3-fpm.sock failed (11: Resource temporarily unavailable) while connecting to upstream, client: 74.7.241.23, server: aftermarket-data.ru, request: "GET /index.php?loknya=/sys/class/misc/snapshot/subsystem/tun/subsystem/cpu_dma_latency/subsystem/psaux/subsystem/cpu_dma_latency/subsystem/ecryptfs/subsystem/subsystem/psaux/subsystem/rfkill HTTP/1.1", upstream: "fastcgi://unix:/var/run/php/php8.3-fpm.sock:", host: "www.aftermarket-data.ru", referrer: "https://www.aftermarket-data.ru/index.php?loknya=/sys/class/misc/snapshot/subsystem/tun/subsystem/cpu_dma_latency/subsystem/psaux/subsystem/cpu_dma_latency/subsystem/ecryptfs/subsystem/subsystem/psaux/subsystem/rfkill/subsystem/"
2026/08/10 09:12:01 [error] 2609826#2609826: *2634579 connect() to unix:/var/run/php/php8.3-fpm.sock failed (11: Resource temporarily unavailable) while connecting to upstream, client: 66.249.66.193, server: aftermarket-data.ru, request: "GET /robots.txt HTTP/1.1", upstream: "fastcgi://unix:/var/run/php/php8.3-fpm.sock:", host: "aftermarket-data.ru"
2026/08/10 09:12:17 [error] 2609826#2609826: *2634592 connect() to unix:/var/run/php/php8.3-fpm.sock failed (11: Resource temporarily unavailable) while connecting to upstream, client: 57.141.20.52, server: aftermarket-data.ru, request: "GET /?m=1553443030 HTTP/1.1", upstream: "fastcgi://unix:/var/run/php/php8.3-fpm.sock:", host: "aftermarket-data.ru"
2026/08/10 09:12:21 [error] 2609824#2609824: *2634509 connect() to unix:/var/run/php/php8.3-fpm.sock failed (11: Resource temporarily unavailable) while connecting to upstream, client: 74.7.227.36, server: aftermarket-data.ru, request: "GET /sitemap_index.xml?loknya=/proc/1397198/root/proc/80 HTTP/1.1", upstream: "fastcgi://unix:/var/run/php/php8.3-fpm.sock:", host: "aftermarket-data.ru", referrer: "https://aftermarket-data.ru/sitemap_index.xml?loknya=/proc/1397198/root/proc"
2026/08/10 09:12:24 [error] 2609823#2609823: *2634455 connect() to unix:/var/run/php/php8.3-fpm.sock failed (11: Resource temporarily unavailable) while connecting to upstream, client: 74.7.241.23, server: aftermarket-data.ru, request: "GET /index.php?loknya=/sys/class/misc/snapshot/subsystem/tun/subsystem/cpu_dma_latency/subsystem/psaux/subsystem/cpu_dma_latency/subsystem/ecryptfs/subsystem/mcelog/subsystem/tun/subsystem/vga_arbiter/subsystem/snapshot/power HTTP/1.1", upstream: "fastcgi://unix:/var/run/php/php8.3-fpm.sock:", host: "www.aftermarket-data.ru", referrer: "https://www.aftermarket-data.ru/index.php?loknya=/sys/class/misc/snapshot/subsystem/tun/subsystem/cpu_dma_latency/subsystem/psaux/subsystem/cpu_dma_latency/subsystem/ecryptfs/subsystem/mcelog/subsystem/tun/subsystem/vga_arbiter/subsystem/snapshot"
2026/08/10 09:12:47 [error] 2609826#2609826: *2634597 connect() to unix:/var/run/php/php8.3-fpm.sock failed (11: Resource temporarily unavailable) while connecting to upstream, client: 64.225.37.102, server: aftermarket-data.ru, request: "GET / HTTP/1.1", upstream: "fastcgi://unix:/var/run/php/php8.3-fpm.sock:", host: "aftermarket-data.ru"
2026/08/10 09:12:47 [error] 2609826#2609826: *2634597 connect() to unix:/var/run/php/php8.3-fpm.sock failed (11: Resource temporarily unavailable) while connecting to upstream, client: 64.225.37.102, server: aftermarket-data.ru, request: "GET /?feed=rss2 HTTP/1.1", upstream: "fastcgi://unix:/var/run/php/php8.3-fpm.sock:", host: "aftermarket-data.ru"
2026/08/10 09:12:47 [error] 2609826#2609826: *2634597 connect() to unix:/var/run/php/php8.3-fpm.sock failed (11: Resource temporarily unavailable) while connecting to upstream, client: 64.225.37.102, server: aftermarket-data.ru, request: "GET /feed/ HTTP/1.1", upstream: "fastcgi://unix:/var/run/php/php8.3-fpm.sock:", host: "aftermarket-data.ru"
2026/08/10 09:12:47 [error] 2609826#2609826: *2634597 connect() to unix:/var/run/php/php8.3-fpm.sock failed (11: Resource temporarily unavailable) while connecting to upstream, client: 64.225.37.102, server: aftermarket-data.ru, request: "GET /wp-links-opml.php HTTP/1.1", upstream: "fastcgi://unix:/var/run/php/php8.3-fpm.sock:", host: "aftermarket-data.ru"
2026/08/10 09:13:24 [error] 2609827#2609827: *2634606 connect() to unix:/var/run/php/php8.3-fpm.sock failed (11: Resource temporarily unavailable) while connecting to upstream, client: 57.141.20.6, server: aftermarket-data.ru, request: "GET /?i=51774273962 HTTP/1.1", upstream: "fastcgi://unix:/var/run/php/php8.3-fpm.sock:", host: "aftermarket-data.ru"
2026/08/10 09:13:24 [error] 2609823#2609823: *2634455 connect() to unix:/var/run/php/php8.3-fpm.sock failed (11: Resource temporarily unavailable) while connecting to upstream, client: 74.7.241.23, server: aftermarket-data.ru, request: "GET /index.php?loknya=/sys/class/misc/snapshot/subsystem/tun/subsystem/cpu_dma_latency/subsystem/psaux/subsystem/psaux/subsystem/cpu_dma_latency/subsystem/snapshot/subsystem/mcelog/subsystem/hw_random/subsystem/rfkill/power HTTP/1.1", upstream: "fastcgi://unix:/var/run/php/php8.3-fpm.sock:", host: "www.aftermarket-data.ru", referrer: "https://www.aftermarket-data.ru/index.php?loknya=/sys/class/misc/snapshot/subsystem/tun/subsystem/cpu_dma_latency/subsystem/psaux/subsystem/psaux/subsystem/cpu_dma_latency/subsystem/snapshot/subsystem/mcelog/subsystem/hw_random/subsystem/rfkill"
2026/08/10 09:13:26 [error] 2609827#2609827: *2634612 connect() to unix:/var/run/php/php8.3-fpm.sock failed (11: Resource temporarily unavailable) while connecting to upstream, client: 74.7.227.36, server: aftermarket-data.ru, request: "GET /sitemap_index.xml?loknya=/proc/1397197/root/proc/60 HTTP/1.1", upstream: "fastcgi://unix:/var/run/php/php8.3-fpm.sock:", host: "aftermarket-data.ru", referrer: "https://aftermarket-data.ru/sitemap_index.xml?loknya=/proc/1397197/root/proc"
2026/08/10 09:13:49 [error] 2609827#2609827: *2634614 connect() to unix:/var/run/php/php8.3-fpm.sock failed (11: Resource temporarily unavailable) while connecting to upstream, client: 216.73.216.150, server: aftermarket-data.ru, request: "GET /robots.txt HTTP/1.1", upstream: "fastcgi://unix:/var/run/php/php8.3-fpm.sock:", host: "aftermarket-data.ru"
2026/08/10 09:13:58 [error] 2609827#2609827: *2634617 connect() to unix:/var/run/php/php8.3-fpm.sock failed (11: Resource temporarily unavailable) while connecting to upstream, client: 57.141.20.42, server: aftermarket-data.ru, request: "GET /?i=51774154339 HTTP/1.1", upstream: "fastcgi://unix:/var/run/php/php8.3-fpm.sock:", host: "aftermarket-data.ru"
2026/08/10 09:14:19 [error] 2609827#2609827: *2634620 connect() to unix:/var/run/php/php8.3-fpm.sock failed (11: Resource temporarily unavailable) while connecting to upstream, client: 87.250.224.245, server: aftermarket-data.ru, request: "GET /?i=5177478134 HTTP/1.1", upstream: "fastcgi://unix:/var/run/php/php8.3-fpm.sock:", host: "aftermarket-data.ru"
2026/08/10 09:14:26 [error] 2609823#2609823: *2634455 connect() to unix:/var/run/php/php8.3-fpm.sock failed (11: Resource temporarily unavailable) while connecting to upstream, client: 74.7.241.23, server: aftermarket-data.ru, request: "GET /index.php?loknya=/sys/class/misc/snapshot/subsystem/tun/subsystem/cpu_dma_latency/subsystem/psaux/subsystem/cpu_dma_latency/subsystem/ecryptfs/subsystem/rfkill/subsystem/fuse/subsystem/psaux/subsystem/rfkill HTTP/1.1", upstream: "fastcgi://unix:/var/run/php/php8.3-fpm.sock:", host: "www.aftermarket-data.ru", referrer: "https://www.aftermarket-data.ru/index.php?loknya=/sys/class/misc/snapshot/subsystem/tun/subsystem/cpu_dma_latency/subsystem/psaux/subsystem/cpu_dma_latency/subsystem/ecryptfs/subsystem/rfkill/subsystem/fuse/subsystem/psaux/subsystem"
2026/08/10 09:14:31 [error] 2609827#2609827: *2634612 connect() to unix:/var/run/php/php8.3-fpm.sock failed (11: Resource temporarily unavailable) while connecting to upstream, client: 74.7.227.36, server: aftermarket-data.ru, request: "GET /sitemap_index.xml?loknya=/proc/1397194/root/proc/76 HTTP/1.1", upstream: "fastcgi://unix:/var/run/php/php8.3-fpm.sock:", host: "aftermarket-data.ru", referrer: "https://aftermarket-data.ru/sitemap_index.xml?loknya=/proc/1397194/root/proc"
2026/08/10 09:15:02 [error] 2609827#2609827: *2634625 connect() to unix:/var/run/php/php8.3-fpm.sock failed (11: Resource temporarily unavailable) while connecting to upstream, client: 57.141.20.56, server: aftermarket-data.ru, request: "GET /?g=55126232608 HTTP/1.1", upstream: "fastcgi://unix:/var/run/php/php8.3-fpm.sock:", host: "aftermarket-data.ru"
2026/08/10 09:15:15 [error] 2609827#2609827: *2634628 connect() to unix:/var/run/php/php8.3-fpm.sock failed (11: Resource temporarily unavailable) while connecting to upstream, client: 66.249.66.193, server: aftermarket-data.ru, request: "GET /robots.txt HTTP/1.1", upstream: "fastcgi://unix:/var/run/php/php8.3-fpm.sock:", host: "aftermarket-data.ru"
2026/08/10 09:15:29 [error] 2609823#2609823: *2634455 connect() to unix:/var/run/php/php8.3-fpm.sock failed (11: Resource temporarily unavailable) while connecting to upstream, client: 74.7.241.23, server: aftermarket-data.ru, request: "GET /index.php?loknya=/sys/class/misc/snapshot/subsystem/tun/subsystem/cpu_dma_latency/subsystem/psaux/subsystem/cpu_dma_latency/subsystem/hw_random/subsystem/psaux/subsystem/autofs/subsystem/udmabuf/subsystem/mcelog HTTP/1.1", upstream: "fastcgi://unix:/var/run/php/php8.3-fpm.sock:", host: "www.aftermarket-data.ru", referrer: "https://www.aftermarket-data.ru/index.php?loknya=/sys/class/misc/snapshot/subsystem/tun/subsystem/cpu_dma_latency/subsystem/psaux/subsystem/cpu_dma_latency/subsystem/hw_random/subsystem/psaux/subsystem/autofs/subsystem/udmabuf/subsystem"
2026/08/10 09:15:33 [error] 2609827#2609827: *2634631 connect() to unix:/var/run/php/php8.3-fpm.sock failed (11: Resource temporarily unavailable) while connecting to upstream, client: 47.128.23.237, server: aftermarket-data.ru, request: "GET /motor_masla/ HTTP/1.1", upstream: "fastcgi://unix:/var/run/php/php8.3-fpm.sock:", host: "aftermarket-data.ru"
2026/08/10 09:15:36 [error] 2609827#2609827: *2634612 connect() to unix:/var/run/php/php8.3-fpm.sock failed (11: Resource temporarily unavailable) while connecting to upstream, client: 74.7.227.36, server: aftermarket-data.ru, request: "GET /sitemap_index.xml?loknya=/proc/1397190/root/proc/29 HTTP/1.1", upstream: "fastcgi://unix:/var/run/php/php8.3-fpm.sock:", host: "aftermarket-data.ru", referrer: "https://aftermarket-data.ru/sitemap_index.xml?loknya=/proc/1397190/root/proc"
2026/08/10 09:16:31 [error] 2609823#2609823: *2634455 connect() to unix:/var/run/php/php8.3-fpm.sock failed (11: Resource temporarily unavailable) while connecting to upstream, client: 74.7.241.23, server: aftermarket-data.ru, request: "GET /index.php?loknya=/sys/class/misc/snapshot/subsystem/subsystem/cpu_dma_latency/subsystem/psaux/subsystem/cpu_dma_latency/subsystem/hw_random/subsystem/ecryptfs/subsystem/autofs/subsystem/rfkill/subsystem/ HTTP/1.1", upstream: "fastcgi://unix:/var/run/php/php8.3-fpm.sock:", host: "www.aftermarket-data.ru", referrer: "https://www.aftermarket-data.ru/index.php?loknya=/sys/class/misc/snapshot/subsystem/tun/subsystem/cpu_dma_latency/subsystem/psaux/subsystem/cpu_dma_latency/subsystem/hw_random/subsystem/ecryptfs/subsystem/autofs/subsystem/rfkill/subsystem/tun"
2026/08/10 09:16:37 [error] 2609827#2609827: *2634612 connect() to unix:/var/run/php/php8.3-fpm.sock failed (11: Resource temporarily unavailable) while connecting to upstream, client: 74.7.227.36, server: aftermarket-data.ru, request: "GET /sitemap_index.xml?loknya=/proc/1397197/root/proc/irq/28 HTTP/1.1", upstream: "fastcgi://unix:/var/run/php/php8.3-fpm.sock:", host: "aftermarket-data.ru", referrer: "https://aftermarket-data.ru/sitemap_index.xml?loknya=/proc/1397197/root/proc/irq"
2026/08/10 09:16:55 [error] 2609827#2609827: *2634636 connect() to unix:/var/run/php/php8.3-fpm.sock failed (11: Resource temporarily unavailable) while connecting to upstream, client: 57.141.20.67, server: aftermarket-data.ru, request: "GET /?g=5512682534 HTTP/1.1", upstream: "fastcgi://unix:/var/run/php/php8.3-fpm.sock:", host: "aftermarket-data.ru"
2026/08/10 09:17:12 [error] 2609827#2609827: *2634638 connect() to unix:/var/run/php/php8.3-fpm.sock failed (11: Resource temporarily unavailable) while connecting to upstream, client: 57.141.20.18, server: aftermarket-data.ru, request: "GET /?c=9269220521 HTTP/1.1", upstream: "fastcgi://unix:/var/run/php/php8.3-fpm.sock:", host: "aftermarket-data.ru"
2026/08/10 09:17:14 [error] 2609822#2609822: *2634640 open() "/usr/share/nginx/html/SDK/webLanguage" failed (2: No such file or directory), client: 5.61.209.44, server: 157.22.201.140, request: "GET /SDK/webLanguage HTTP/1.1", host: "157.22.201.140:80"
2026/08/10 09:17:36 [error] 2609823#2609823: *2634455 connect() to unix:/var/run/php/php8.3-fpm.sock failed (11: Resource temporarily unavailable) while connecting to upstream, client: 74.7.241.23, server: aftermarket-data.ru, request: "GET /index.php?loknya=/sys/class/misc/snapshot/subsystem/tun/subsystem/cpu_dma_latency/subsystem/psaux/subsystem/cpu_dma_latency/subsystem/ecryptfs/subsystem/ecryptfs/subsystem/fuse/subsystem/udmabuf/subsystem/vga_arbiter/power HTTP/1.1", upstream: "fastcgi://unix:/var/run/php/php8.3-fpm.sock:", host: "www.aftermarket-data.ru", referrer: "https://www.aftermarket-data.ru/index.php?loknya=/sys/class/misc/snapshot/subsystem/tun/subsystem/cpu_dma_latency/subsystem/psaux/subsystem/cpu_dma_latency/subsystem/ecryptfs/subsystem/ecryptfs/subsystem/fuse/subsystem/udmabuf/subsystem/vga_arbiter"
2026/08/10 09:17:40 [error] 2609827#2609827: *2634612 connect() to unix:/var/run/php/php8.3-fpm.sock failed (11: Resource temporarily unavailable) while connecting to upstream, client: 74.7.227.36, server: aftermarket-data.ru, request: "GET /sitemap_index.xml?loknya=/proc/1397197/root/proc/irq/25 HTTP/1.1", upstream: "fastcgi://unix:/var/run/php/php8.3-fpm.sock:", host: "aftermarket-data.ru", referrer: "https://aftermarket-data.ru/sitemap_index.xml?loknya=/proc/1397197/root/proc/irq"
2026/08/10 09:18:11 [error] 2609827#2609827: *2634643 connect() to unix:/var/run/php/php8.3-fpm.sock failed (11: Resource temporarily unavailable) while connecting to upstream, client: 66.249.66.193, server: aftermarket-data.ru, request: "GET /robots.txt HTTP/1.1", upstream: "fastcgi://unix:/var/run/php/php8.3-fpm.sock:", host: "aftermarket-data.ru"
2026/08/10 09:18:38 [error] 2609823#2609823: *2634455 connect() to unix:/var/run/php/php8.3-fpm.sock failed (11: Resource temporarily unavailable) while connecting to upstream, client: 74.7.241.23, server: aftermarket-data.ru, request: "GET /index.php?loknya=/sys/class/misc/snapshot/subsystem/tun/subsystem/cpu_dma_latency/subsystem/psaux/subsystem/psaux/subsystem/cpu_dma_latency/subsystem/vga_arbiter/subsystem/userfaultfd/subsystem/ecryptfs/subsystem/hpet/power HTTP/1.1", upstream: "fastcgi://unix:/var/run/php/php8.3-fpm.sock:", host: "www.aftermarket-data.ru", referrer: "https://www.aftermarket-data.ru/index.php?loknya=/sys/class/misc/snapshot/subsystem/tun/subsystem/cpu_dma_latency/subsystem/psaux/subsystem/psaux/subsystem/cpu_dma_latency/subsystem/vga_arbiter/subsystem/userfaultfd/subsystem/ecryptfs/subsystem/hpet"
2026/08/10 09:18:45 [error] 2609827#2609827: *2634612 connect() to unix:/var/run/php/php8.3-fpm.sock failed (11: Resource temporarily unavailable) while connecting to upstream, client: 74.7.227.36, server: aftermarket-data.ru, request: "GET /sitemap_index.xml?loknya=/proc/1397190/root/proc/20 HTTP/1.1", upstream: "fastcgi://unix:/var/run/php/php8.3-fpm.sock:", host: "aftermarket-data.ru", referrer: "https://aftermarket-data.ru/sitemap_index.xml?loknya=/proc/1397190/root/proc"
2026/08/10 09:19:43 [error] 2609823#2609823: *2634455 connect() to unix:/var/run/php/php8.3-fpm.sock failed (11: Resource temporarily unavailable) while connecting to upstream, client: 74.7.241.23, server: aftermarket-data.ru, request: "GET /index.php?loknya=/sys/class/misc/snapshot/subsystem/tun/subsystem/cpu_dma_latency/subsystem/psaux/subsystem/psaux/subsystem/cpu_dma_latency/subsystem/uinput/subsystem/mcelog/subsystem/autofs HTTP/1.1", upstream: "fastcgi://unix:/var/run/php/php8.3-fpm.sock:", host: "www.aftermarket-data.ru", referrer: "https://www.aftermarket-data.ru/index.php?loknya=/sys/class/misc/snapshot/subsystem/tun/subsystem/cpu_dma_latency/subsystem/psaux/subsystem/psaux/subsystem/cpu_dma_latency/subsystem/uinput/subsystem/mcelog/subsystem"
2026/08/10 09:19:50 [error] 2609827#2609827: *2634612 connect() to unix:/var/run/php/php8.3-fpm.sock failed (11: Resource temporarily unavailable) while connecting to upstream, client: 74.7.227.36, server: aftermarket-data.ru, request: "GET /sitemap_index.xml?loknya=/proc/1397194/root/proc/30 HTTP/1.1", upstream: "fastcgi://unix:/var/run/php/php8.3-fpm.sock:", host: "aftermarket-data.ru", referrer: "https://aftermarket-data.ru/sitemap_index.xml?loknya=/proc/1397194/root/proc"
2026/08/10 09:20:27 [error] 2609828#2609828: *2634657 connect() to unix:/var/run/php/php8.3-fpm.sock failed (11: Resource temporarily unavailable) while connecting to upstream, client: 57.141.20.4, server: aftermarket-data.ru, request: "GET /?g=55126266763 HTTP/1.1", upstream: "fastcgi://unix:/var/run/php/php8.3-fpm.sock:", host: "aftermarket-data.ru"
2026/08/10 09:20:28 [error] 2609828#2609828: *2634659 connect() to unix:/var/run/php/php8.3-fpm.sock failed (11: Resource temporarily unavailable) while connecting to upstream, client: 176.64.42.65, server: aftermarket-data.ru, request: "GET / HTTP/1.1", upstream: "fastcgi://unix:/var/run/php/php8.3-fpm.sock:", host: "aftermarket-data.ru", referrer: "https://www.google.com/"
2026/08/10 09:20:29 [error] 2609828#2609828: *2634659 connect() to unix:/var/run/php/php8.3-fpm.sock failed (11: Resource temporarily unavailable) while connecting to upstream, client: 176.64.42.65, server: aftermarket-data.ru, request: "GET /favicon.ico HTTP/1.1", upstream: "fastcgi://unix:/var/run/php/php8.3-fpm.sock:", host: "aftermarket-data.ru", referrer: "https://aftermarket-data.ru/"
2026/08/10 09:20:31 [error] 2609828#2609828: *2634659 connect() to unix:/var/run/php/php8.3-fpm.sock failed (11: Resource temporarily unavailable) while connecting to upstream, client: 176.64.42.65, server: aftermarket-data.ru, request: "GET / HTTP/1.1", upstream: "fastcgi://unix:/var/run/php/php8.3-fpm.sock:", host: "aftermarket-data.ru", referrer: "https://www.google.com/"
2026/08/10 09:20:31 [error] 2609828#2609828: *2634659 connect() to unix:/var/run/php/php8.3-fpm.sock failed (11: Resource temporarily unavailable) while connecting to upstream, client: 176.64.42.65, server: aftermarket-data.ru, request: "GET /favicon.ico HTTP/1.1", upstream: "fastcgi://unix:/var/run/php/php8.3-fpm.sock:", host: "aftermarket-data.ru", referrer: "https://aftermarket-data.ru/"
2026/08/10 09:20:49 [error] 2609823#2609823: *2634455 connect() to unix:/var/run/php/php8.3-fpm.sock failed (11: Resource temporarily unavailable) while connecting to upstream, client: 74.7.241.23, server: aftermarket-data.ru, request: "GET /index.php?loknya=/sys/class/misc/snapshot/subsystem/tun/subsystem/cpu_dma_latency/subsystem/psaux/subsystem/cpu_dma_latency/subsystem/udmabuf/subsystem/hpet/subsystem/psaux/subsystem/loop-control/subsystem/hpet/power HTTP/1.1", upstream: "fastcgi://unix:/var/run/php/php8.3-fpm.sock:", host: "www.aftermarket-data.ru", referrer: "https://www.aftermarket-data.ru/index.php?loknya=/sys/class/misc/snapshot/subsystem/tun/subsystem/cpu_dma_latency/subsystem/psaux/subsystem/cpu_dma_latency/subsystem/udmabuf/subsystem/hpet/subsystem/psaux/subsystem/loop-control/subsystem/hpet"
2026/08/10 09:20:55 [error] 2609827#2609827: *2634612 connect() to unix:/var/run/php/php8.3-fpm.sock failed (11: Resource temporarily unavailable) while connecting to upstream, client: 74.7.227.36, server: aftermarket-data.ru, request: "GET /sitemap_index.xml?loknya=/proc/1397196/root/proc/60 HTTP/1.1", upstream: "fastcgi://unix:/var/run/php/php8.3-fpm.sock:", host: "aftermarket-data.ru", referrer: "https://aftermarket-data.ru/sitemap_index.xml?loknya=/proc/1397196/root/proc"
2026/08/10 09:21:02 [error] 2609828#2609828: *2634666 connect() to unix:/var/run/php/php8.3-fpm.sock failed (11: Resource temporarily unavailable) while connecting to upstream, client: 57.141.20.54, server: aftermarket-data.ru, request: "GET /?v=4037325932 HTTP/1.1", upstream: "fastcgi://unix:/var/run/php/php8.3-fpm.sock:", host: "aftermarket-data.ru"
2026/08/10 09:21:05 [error] 2609822#2609822: *2634668 open() "/usr/share/nginx/html/actuator/heapdump" failed (2: No such file or directory), client: 195.128.248.33, server: 157.22.201.140, request: "GET /actuator/heapdump HTTP/1.1", host: "157.22.201.140"
2026/08/10 09:21:06 [error] 2609823#2609823: *2634669 open() "/usr/share/nginx/html/heapdump" failed (2: No such file or directory), client: 195.128.248.33, server: 157.22.201.140, request: "GET /heapdump HTTP/1.1", host: "157.22.201.140"
2026/08/10 09:21:08 [error] 2609823#2609823: *2634670 open() "/usr/share/nginx/html/actuator;/heapdump" failed (2: No such file or directory), client: 195.128.248.33, server: 157.22.201.140, request: "GET /actuator;/heapdump HTTP/1.1", host: "157.22.201.140"
2026/08/10 09:21:11 [error] 2609823#2609823: *2634671 open() "/usr/share/nginx/html/..;/actuator/heapdump" failed (2: No such file or directory), client: 195.128.248.33, server: 157.22.201.140, request: "GET /..;/actuator/heapdump HTTP/1.1", host: "157.22.201.140"
2026/08/10 09:21:13 [error] 2609823#2609823: *2634672 open() "/usr/share/nginx/html/api/actuator/heapdump" failed (2: No such file or directory), client: 195.128.248.33, server: 157.22.201.140, request: "GET /api/actuator/heapdump HTTP/1.1", host: "157.22.201.140"
2026/08/10 09:21:16 [error] 2609823#2609823: *2634673 open() "/usr/share/nginx/html/manage/heapdump" failed (2: No such file or directory), client: 195.128.248.33, server: 157.22.201.140, request: "GET /manage/heapdump HTTP/1.1", host: "157.22.201.140"
2026/08/10 09:21:19 [error] 2609823#2609823: *2634674 open() "/usr/share/nginx/html/management/heapdump" failed (2: No such file or directory), client: 195.128.248.33, server: 157.22.201.140, request: "GET /management/heapdump HTTP/1.1", host: "157.22.201.140"
2026/08/10 09:21:22 [error] 2609823#2609823: *2634675 open() "/usr/share/nginx/html/monitor/heapdump" failed (2: No such file or directory), client: 195.128.248.33, server: 157.22.201.140, request: "GET /monitor/heapdump HTTP/1.1", host: "157.22.201.140"
2026/08/10 09:21:24 [error] 2609823#2609823: *2634676 open() "/usr/share/nginx/html/gateway/actuator/heapdump" failed (2: No such file or directory), client: 195.128.248.33, server: 157.22.201.140, request: "GET /gateway/actuator/heapdump HTTP/1.1", host: "157.22.201.140"
2026/08/10 09:21:27 [error] 2609823#2609823: *2634677 open() "/usr/share/nginx/html/admin/actuator/heapdump" failed (2: No such file or directory), client: 195.128.248.33, server: 157.22.201.140, request: "GET /admin/actuator/heapdump HTTP/1.1", host: "157.22.201.140"
2026/08/10 09:21:30 [error] 2609823#2609823: *2634678 open() "/usr/share/nginx/html/nacos/actuator/heapdump" failed (2: No such file or directory), client: 195.128.248.33, server: 157.22.201.140, request: "GET /nacos/actuator/heapdump HTTP/1.1", host: "157.22.201.140"
2026/08/10 09:21:33 [error] 2609828#2609828: *2634680 connect() to unix:/var/run/php/php8.3-fpm.sock failed (11: Resource temporarily unavailable) while connecting to upstream, client: 57.141.20.66, server: aftermarket-data.ru, request: "GET /?v=40373248845 HTTP/1.1", upstream: "fastcgi://unix:/var/run/php/php8.3-fpm.sock:", host: "aftermarket-data.ru"
2026/08/10 09:21:33 [error] 2609823#2609823: *2634679 open() "/usr/share/nginx/html/prod-api/actuator/heapdump" failed (2: No such file or directory), client: 195.128.248.33, server: 157.22.201.140, request: "GET /prod-api/actuator/heapdump HTTP/1.1", host: "157.22.201.140"
2026/08/10 09:21:36 [error] 2609828#2609828: *2634682 open() "/usr/share/nginx/html/actuator/heapdump" failed (2: No such file or directory), client: 195.128.248.33, server: api.aftermarket-data.ru, request: "GET /actuator/heapdump HTTP/1.1", host: "157.22.201.140"
2026/08/10 09:21:37 [error] 2609828#2609828: *2634684 connect() to unix:/var/run/php/php8.3-fpm.sock failed (11: Resource temporarily unavailable) while connecting to upstream, client: 66.249.66.193, server: aftermarket-data.ru, request: "GET /robots.txt HTTP/1.1", upstream: "fastcgi://unix:/var/run/php/php8.3-fpm.sock:", host: "aftermarket-data.ru"
2026/08/10 09:21:39 [error] 2609828#2609828: *2634683 open() "/usr/share/nginx/html/heapdump" failed (2: No such file or directory), client: 195.128.248.33, server: api.aftermarket-data.ru, request: "GET /heapdump HTTP/1.1", host: "157.22.201.140"
2026/08/10 09:21:42 [error] 2609828#2609828: *2634686 open() "/usr/share/nginx/html/actuator;/heapdump" failed (2: No such file or directory), client: 195.128.248.33, server: api.aftermarket-data.ru, request: "GET /actuator;/heapdump HTTP/1.1", host: "157.22.201.140"
2026/08/10 09:21:53 [error] 2609823#2609823: *2634455 connect() to unix:/var/run/php/php8.3-fpm.sock failed (11: Resource temporarily unavailable) while connecting to upstream, client: 74.7.241.23, server: aftermarket-data.ru, request: "GET /index.php?loknya=/sys/class/misc/snapshot/subsystem/tun/subsystem/cpu_dma_latency/subsystem/psaux/subsystem/cpu_dma_latency/subsystem/loop-control/subsystem/fuse/subsystem/ecryptfs/subsystem/snapshot/subsystem/tun HTTP/1.1", upstream: "fastcgi://unix:/var/run/php/php8.3-fpm.sock:", host: "www.aftermarket-data.ru", referrer: "https://www.aftermarket-data.ru/index.php?loknya=/sys/class/misc/snapshot/subsystem/tun/subsystem/cpu_dma_latency/subsystem/psaux/subsystem/cpu_dma_latency/subsystem/loop-control/subsystem/fuse/subsystem/ecryptfs/subsystem/snapshot/subsystem"
2026/08/10 09:22:00 [error] 2609827#2609827: *2634612 connect() to unix:/var/run/php/php8.3-fpm.sock failed (11: Resource temporarily unavailable) while connecting to upstream, client: 74.7.227.36, server: aftermarket-data.ru, request: "GET /sitemap_index.xml?loknya=/proc/1397190/root/proc/irq/14 HTTP/1.1", upstream: "fastcgi://unix:/var/run/php/php8.3-fpm.sock:", host: "aftermarket-data.ru", referrer: "https://aftermarket-data.ru/sitemap_index.xml?loknya=/proc/1397190/root/proc/irq"
2026/08/10 09:22:14 [error] 2609828#2609828: *2634689 connect() to unix:/var/run/php/php8.3-fpm.sock failed (11: Resource temporarily unavailable) while connecting to upstream, client: 204.12.208.18, server: aftermarket-data.ru, request: "GET /wp-content/index.php HTTP/1.1", upstream: "fastcgi://unix:/var/run/php/php8.3-fpm.sock:", host: "aftermarket-data.ru", referrer: "https://aftermarket-data.ru/wp-content/index.php"
2026/08/10 09:22:14 [error] 2609828#2609828: *2634689 connect() to unix:/var/run/php/php8.3-fpm.sock failed (11: Resource temporarily unavailable) while connecting to upstream, client: 204.12.208.18, server: aftermarket-data.ru, request: "GET /wp-content/index.php HTTP/1.1", upstream: "fastcgi://unix:/var/run/php/php8.3-fpm.sock:", host: "aftermarket-data.ru", referrer: "https://aftermarket-data.ru/wp-content/index.php"
2026/08/10 09:22:15 [error] 2609828#2609828: *2634689 connect() to unix:/var/run/php/php8.3-fpm.sock failed (11: Resource temporarily unavailable) while connecting to upstream, client: 204.12.208.18, server: aftermarket-data.ru, request: "GET /wp-content/index.php HTTP/1.1", upstream: "fastcgi://unix:/var/run/php/php8.3-fpm.sock:", host: "aftermarket-data.ru", referrer: "https://aftermarket-data.ru/wp-content/index.php"
2026/08/10 09:22:46 [error] 2609828#2609828: *2634684 connect() to unix:/var/run/php/php8.3-fpm.sock failed (11: Resource temporarily unavailable) while connecting to upstream, client: 66.249.66.193, server: aftermarket-data.ru, request: "GET /robots.txt HTTP/1.1", upstream: "fastcgi://unix:/var/run/php/php8.3-fpm.sock:", host: "aftermarket-data.ru"
2026/08/10 09:22:55 [error] 2609823#2609823: *2634455 connect() to unix:/var/run/php/php8.3-fpm.sock failed (11: Resource temporarily unavailable) while connecting to upstream, client: 74.7.241.23, server: aftermarket-data.ru, request: "GET /index.php?loknya=/sys/class/misc/snapshot/subsystem/tun/subsystem/cpu_dma_latency/subsystem/psaux/subsystem/psaux/subsystem/cpu_dma_latency/subsystem/loop-control/subsystem/hpet/subsystem/uinput/subsystem/autofs HTTP/1.1", upstream: "fastcgi://unix:/var/run/php/php8.3-fpm.sock:", host: "www.aftermarket-data.ru", referrer: "https://www.aftermarket-data.ru/index.php?loknya=/sys/class/misc/snapshot/subsystem/tun/subsystem/cpu_dma_latency/subsystem/psaux/subsystem/psaux/subsystem/cpu_dma_latency/subsystem/loop-control/subsystem/hpet/subsystem/uinput/subsystem"
2026/08/10 09:23:04 [error] 2609827#2609827: *2634612 connect() to unix:/var/run/php/php8.3-fpm.sock failed (11: Resource temporarily unavailable) while connecting to upstream, client: 74.7.227.36, server: aftermarket-data.ru, request: "GET /sitemap_index.xml?loknya=/proc/1397190/root/proc/88 HTTP/1.1", upstream: "fastcgi://unix:/var/run/php/php8.3-fpm.sock:", host: "aftermarket-data.ru", referrer: "https://aftermarket-data.ru/sitemap_index.xml?loknya=/proc/1397190/root/proc"
2026/08/10 09:23:46 [error] 2609828#2609828: *2634684 connect() to unix:/var/run/php/php8.3-fpm.sock failed (11: Resource temporarily unavailable) while connecting to upstream, client: 66.249.66.193, server: aftermarket-data.ru, request: "GET /robots.txt HTTP/1.1", upstream: "fastcgi://unix:/var/run/php/php8.3-fpm.sock:", host: "aftermarket-data.ru"
2026/08/10 09:23:58 [error] 2609823#2609823: *2634455 connect() to unix:/var/run/php/php8.3-fpm.sock failed (11: Resource temporarily unavailable) while connecting to upstream, client: 74.7.241.23, server: aftermarket-data.ru, request: "GET /index.php?loknya=/sys/class/misc/snapshot/subsystem/tun/subsystem/cpu_dma_latency/subsystem/psaux/subsystem/cpu_dma_latency/subsystem/udmabuf/subsystem/fuse/subsystem/mcelog/subsystem/hpet/subsystem/rfkill/power HTTP/1.1", upstream: "fastcgi://unix:/var/run/php/php8.3-fpm.sock:", host: "www.aftermarket-data.ru", referrer: "https://www.aftermarket-data.ru/index.php?loknya=/sys/class/misc/snapshot/subsystem/tun/subsystem/cpu_dma_latency/subsystem/psaux/subsystem/cpu_dma_latency/subsystem/udmabuf/subsystem/fuse/subsystem/mcelog/subsystem/hpet/subsystem/rfkill"
2026/08/10 09:24:08 [error] 2609827#2609827: *2634612 connect() to unix:/var/run/php/php8.3-fpm.sock failed (11: Resource temporarily unavailable) while connecting to upstream, client: 74.7.227.36, server: aftermarket-data.ru, request: "GET /sitemap_index.xml?loknya=/proc/1397196/root/proc/34 HTTP/1.1", upstream: "fastcgi://unix:/var/run/php/php8.3-fpm.sock:", host: "aftermarket-data.ru", referrer: "https://aftermarket-data.ru/sitemap_index.xml?loknya=/proc/1397196/root/proc"
2026/08/10 09:24:24 [error] 2609828#2609828: *2634699 connect() to unix:/var/run/php/php8.3-fpm.sock failed (11: Resource temporarily unavailable) while connecting to upstream, client: 57.141.20.0, server: aftermarket-data.ru, request: "GET /?i=51774157698 HTTP/1.1", upstream: "fastcgi://unix:/var/run/php/php8.3-fpm.sock:", host: "aftermarket-data.ru"
2026/08/10 09:25:00 [error] 2609823#2609823: *2634701 open() "/usr/share/nginx/html/.env" failed (2: No such file or directory), client: 192.34.57.175, server: 157.22.201.140, request: "GET //.env HTTP/1.1", host: "157.22.201.140"
2026/08/10 09:25:00 [error] 2609823#2609823: *2634455 connect() to unix:/var/run/php/php8.3-fpm.sock failed (11: Resource temporarily unavailable) while connecting to upstream, client: 74.7.241.23, server: aftermarket-data.ru, request: "GET /index.php?loknya=/sys/class/misc/snapshot/subsystem/tun/subsystem/cpu_dma_latency/subsystem/psaux/subsystem/cpu_dma_latency/subsystem/ecryptfs/subsystem/mcelog/subsystem/hw_random/subsystem HTTP/1.1", upstream: "fastcgi://unix:/var/run/php/php8.3-fpm.sock:", host: "www.aftermarket-data.ru", referrer: "https://www.aftermarket-data.ru/index.php?loknya=/sys/class/misc/snapshot/subsystem/tun/subsystem/cpu_dma_latency/subsystem/psaux/subsystem/cpu_dma_latency/subsystem/ecryptfs/subsystem/mcelog/subsystem/hw_random"
2026/08/10 09:25:05 [error] 2609828#2609828: *2634706 connect() to unix:/var/run/php/php8.3-fpm.sock failed (11: Resource temporarily unavailable) while connecting to upstream, client: 57.141.20.71, server: aftermarket-data.ru, request: "GET /?m=15534116076 HTTP/1.1", upstream: "fastcgi://unix:/var/run/php/php8.3-fpm.sock:", host: "aftermarket-data.ru"
2026/08/10 09:25:14 [error] 2609827#2609827: *2634612 connect() to unix:/var/run/php/php8.3-fpm.sock failed (11: Resource temporarily unavailable) while connecting to upstream, client: 74.7.227.36, server: aftermarket-data.ru, request: "GET /sitemap_index.xml?loknya=/proc/1397195/root/proc/irq/25 HTTP/1.1", upstream: "fastcgi://unix:/var/run/php/php8.3-fpm.sock:", host: "aftermarket-data.ru", referrer: "https://aftermarket-data.ru/sitemap_index.xml?loknya=/proc/1397195/root/proc/irq"
2026/08/10 09:25:26 [error] 2609828#2609828: *2634709 connect() to unix:/var/run/php/php8.3-fpm.sock failed (11: Resource temporarily unavailable) while connecting to upstream, client: 57.141.20.52, server: aftermarket-data.ru, request: "GET /?r=832433444 HTTP/1.1", upstream: "fastcgi://unix:/var/run/php/php8.3-fpm.sock:", host: "aftermarket-data.ru"
2026/08/10 09:26:04 [error] 2609823#2609823: *2634455 connect() to unix:/var/run/php/php8.3-fpm.sock failed (11: Resource temporarily unavailable) while connecting to upstream, client: 74.7.241.23, server: aftermarket-data.ru, request: "GET /index.php?loknya=/sys/class/misc/snapshot/subsystem/tun/subsystem/cpu_dma_latency/subsystem/psaux/subsystem/cpu_dma_latency/subsystem/ecryptfs/subsystem/subsystem/rfkill/subsystem/autofs/subsystem HTTP/1.1", upstream: "fastcgi://unix:/var/run/php/php8.3-fpm.sock:", host: "www.aftermarket-data.ru", referrer: "https://www.aftermarket-data.ru/index.php?loknya=/sys/class/misc/snapshot/subsystem/tun/subsystem/cpu_dma_latency/subsystem/psaux/subsystem/cpu_dma_latency/subsystem/ecryptfs/subsystem/subsystem/rfkill/subsystem/autofs/subsystem/"
2026/08/10 09:26:16 [error] 2609827#2609827: *2634612 connect() to unix:/var/run/php/php8.3-fpm.sock failed (11: Resource temporarily unavailable) while connecting to upstream, client: 74.7.227.36, server: aftermarket-data.ru, request: "GET /sitemap_index.xml?loknya=/proc/1397195/root/proc/irq/12 HTTP/1.1", upstream: "fastcgi://unix:/var/run/php/php8.3-fpm.sock:", host: "aftermarket-data.ru", referrer: "https://aftermarket-data.ru/sitemap_index.xml?loknya=/proc/1397195/root/proc/irq"
2026/08/10 09:26:21 [error] 2609821#2609821: *2634713 connect() to unix:/var/run/php/php8.3-fpm.sock failed (11: Resource temporarily unavailable) while connecting to upstream, client: 66.249.66.193, server: aftermarket-data.ru, request: "GET /robots.txt HTTP/1.1", upstream: "fastcgi://unix:/var/run/php/php8.3-fpm.sock:", host: "aftermarket-data.ru"
2026/08/10 09:27:05 [error] 2609823#2609823: *2634455 connect() to unix:/var/run/php/php8.3-fpm.sock failed (11: Resource temporarily unavailable) while connecting to upstream, client: 74.7.241.23, server: aftermarket-data.ru, request: "GET /index.php?loknya=/sys/class/misc/snapshot/subsystem/tun/subsystem/cpu_dma_latency/subsystem/psaux/subsystem/psaux/subsystem/cpu_dma_latency/subsystem/userfaultfd/subsystem/device-mapper/subsystem/snapshot HTTP/1.1", upstream: "fastcgi://unix:/var/run/php/php8.3-fpm.sock:", host: "www.aftermarket-data.ru", referrer: "https://www.aftermarket-data.ru/index.php?loknya=/sys/class/misc/snapshot/subsystem/tun/subsystem/cpu_dma_latency/subsystem/psaux/subsystem/psaux/subsystem/cpu_dma_latency/subsystem/userfaultfd/subsystem/device-mapper/subsystem"
2026/08/10 09:27:16 [error] 2609827#2609827: *2634612 connect() to unix:/var/run/php/php8.3-fpm.sock failed (11: Resource temporarily unavailable) while connecting to upstream, client: 74.7.227.36, server: aftermarket-data.ru, request: "GET /sitemap_index.xml?loknya=/proc/1397196/root/proc/irq/15 HTTP/1.1", upstream: "fastcgi://unix:/var/run/php/php8.3-fpm.sock:", host: "aftermarket-data.ru", referrer: "https://aftermarket-data.ru/sitemap_index.xml?loknya=/proc/1397196/root/proc/irq"
2026/08/10 09:28:10 [error] 2609823#2609823: *2634455 connect() to unix:/var/run/php/php8.3-fpm.sock failed (11: Resource temporarily unavailable) while connecting to upstream, client: 74.7.241.23, server: aftermarket-data.ru, request: "GET /index.php?loknya=/sys/class/misc/snapshot/subsystem/tun/subsystem/cpu_dma_latency/subsystem/psaux/subsystem/cpu_dma_latency/subsystem/udmabuf/subsystem/fuse/subsystem/snapshot/subsystem/hw_random/subsystem HTTP/1.1", upstream: "fastcgi://unix:/var/run/php/php8.3-fpm.sock:", host: "www.aftermarket-data.ru", referrer: "https://www.aftermarket-data.ru/index.php?loknya=/sys/class/misc/snapshot/subsystem/tun/subsystem/cpu_dma_latency/subsystem/psaux/subsystem/cpu_dma_latency/subsystem/udmabuf/subsystem/fuse/subsystem/snapshot/subsystem/hw_random"
2026/08/10 09:28:21 [error] 2609827#2609827: *2634612 connect() to unix:/var/run/php/php8.3-fpm.sock failed (11: Resource temporarily unavailable) while connecting to upstream, client: 74.7.227.36, server: aftermarket-data.ru, request: "GET /sitemap_index.xml?loknya=/proc/1397190/root/proc/87 HTTP/1.1", upstream: "fastcgi://unix:/var/run/php/php8.3-fpm.sock:", host: "aftermarket-data.ru", referrer: "https://aftermarket-data.ru/sitemap_index.xml?loknya=/proc/1397190/root/proc"
2026/08/10 09:28:35 [error] 2609821#2609821: *2634719 connect() to unix:/var/run/php/php8.3-fpm.sock failed (11: Resource temporarily unavailable) while connecting to upstream, client: 57.141.20.33, server: aftermarket-data.ru, request: "GET /?v=40373258198 HTTP/1.1", upstream: "fastcgi://unix:/var/run/php/php8.3-fpm.sock:", host: "aftermarket-data.ru"
2026/08/10 09:28:38 [error] 2609821#2609821: *2634722 open() "/usr/share/nginx/html/favicon.ico" failed (2: No such file or directory), client: 165.154.182.212, server: api.aftermarket-data.ru, request: "GET /favicon.ico HTTP/1.1", host: "157.22.201.140:443"
2026/08/10 09:28:41 [error] 2609821#2609821: *2634723 connect() to unix:/var/run/php/php8.3-fpm.sock failed (11: Resource temporarily unavailable) while connecting to upstream, client: 95.182.81.27, server: aftermarket-data.ru, request: "POST /wp-login.php HTTP/1.1", upstream: "fastcgi://unix:/var/run/php/php8.3-fpm.sock:", host: "aftermarket-data.ru", referrer: "https://aftermarket-data.ru/wp-login.php"
2026/08/10 09:29:13 [error] 2609823#2609823: *2634455 connect() to unix:/var/run/php/php8.3-fpm.sock failed (11: Resource temporarily unavailable) while connecting to upstream, client: 74.7.241.23, server: aftermarket-data.ru, request: "GET /index.php?loknya=/sys/class/misc/snapshot/subsystem/tun/subsystem/cpu_dma_latency/subsystem/psaux/subsystem/cpu_dma_latency/subsystem/snapshot/subsystem/hw_random/subsystem/mcelog/subsystem/fuse/subsystem/vga_arbiter HTTP/1.1", upstream: "fastcgi://unix:/var/run/php/php8.3-fpm.sock:", host: "www.aftermarket-data.ru", referrer: "https://www.aftermarket-data.ru/index.php?loknya=/sys/class/misc/snapshot/subsystem/tun/subsystem/cpu_dma_latency/subsystem/psaux/subsystem/cpu_dma_latency/subsystem/snapshot/subsystem/hw_random/subsystem/mcelog/subsystem/fuse/subsystem"
2026/08/10 09:29:22 [error] 2609827#2609827: *2634612 connect() to unix:/var/run/php/php8.3-fpm.sock failed (11: Resource temporarily unavailable) while connecting to upstream, client: 74.7.227.36, server: aftermarket-data.ru, request: "GET /sitemap_index.xml?loknya=/proc/1397190/root/proc/irq/41 HTTP/1.1", upstream: "fastcgi://unix:/var/run/php/php8.3-fpm.sock:", host: "aftermarket-data.ru", referrer: "https://aftermarket-data.ru/sitemap_index.xml?loknya=/proc/1397190/root/proc/irq"
2026/08/10 09:29:36 [error] 2609821#2609821: *2634729 connect() to unix:/var/run/php/php8.3-fpm.sock failed (11: Resource temporarily unavailable) while connecting to upstream, client: 57.141.20.62, server: aftermarket-data.ru, request: "GET /?i=51774256012 HTTP/1.1", upstream: "fastcgi://unix:/var/run/php/php8.3-fpm.sock:", host: "aftermarket-data.ru"
2026/08/10 09:29:42 [error] 2609821#2609821: *2634731 connect() to unix:/var/run/php/php8.3-fpm.sock failed (11: Resource temporarily unavailable) while connecting to upstream, client: 57.141.20.70, server: aftermarket-data.ru, request: "GET /?i=51774222127 HTTP/1.1", upstream: "fastcgi://unix:/var/run/php/php8.3-fpm.sock:", host: "aftermarket-data.ru"
2026/08/10 09:29:44 [error] 2609821#2609821: *2634733 connect() to unix:/var/run/php/php8.3-fpm.sock failed (11: Resource temporarily unavailable) while connecting to upstream, client: 66.249.66.193, server: aftermarket-data.ru, request: "GET /robots.txt HTTP/1.1", upstream: "fastcgi://unix:/var/run/php/php8.3-fpm.sock:", host: "aftermarket-data.ru"
2026/08/10 09:30:17 [error] 2609823#2609823: *2634455 connect() to unix:/var/run/php/php8.3-fpm.sock failed (11: Resource temporarily unavailable) while connecting to upstream, client: 74.7.241.23, server: aftermarket-data.ru, request: "GET /index.php?loknya=/sys/class/misc/snapshot/subsystem/tun/subsystem/cpu_dma_latency/subsystem/psaux/subsystem/psaux/subsystem/cpu_dma_latency/subsystem/mcelog/subsystem/uinput/subsystem/udmabuf/subsystem/device-mapper HTTP/1.1", upstream: "fastcgi://unix:/var/run/php/php8.3-fpm.sock:", host: "www.aftermarket-data.ru", referrer: "https://www.aftermarket-data.ru/index.php?loknya=/sys/class/misc/snapshot/subsystem/tun/subsystem/cpu_dma_latency/subsystem/psaux/subsystem/psaux/subsystem/cpu_dma_latency/subsystem/mcelog/subsystem/uinput/subsystem/udmabuf/subsystem"
2026/08/10 09:30:27 [error] 2609827#2609827: *2634612 connect() to unix:/var/run/php/php8.3-fpm.sock failed (11: Resource temporarily unavailable) while connecting to upstream, client: 74.7.227.36, server: aftermarket-data.ru, request: "GET /sitemap_index.xml?loknya=/proc/1397198/root/proc/23 HTTP/1.1", upstream: "fastcgi://unix:/var/run/php/php8.3-fpm.sock:", host: "aftermarket-data.ru", referrer: "https://aftermarket-data.ru/sitemap_index.xml?loknya=/proc/1397198/root/proc"
2026/08/10 09:30:48 [error] 2609821#2609821: *2634738 connect() to unix:/var/run/php/php8.3-fpm.sock failed (11: Resource temporarily unavailable) while connecting to upstream, client: 57.141.20.56, server: aftermarket-data.ru, request: "GET /?i=51774174718 HTTP/1.1", upstream: "fastcgi://unix:/var/run/php/php8.3-fpm.sock:", host: "aftermarket-data.ru"
2026/08/10 09:31:05 [error] 2609821#2609821: *2634741 connect() to unix:/var/run/php/php8.3-fpm.sock failed (11: Resource temporarily unavailable) while connecting to upstream, client: 57.141.20.59, server: aftermarket-data.ru, request: "GET / HTTP/1.1", upstream: "fastcgi://unix:/var/run/php/php8.3-fpm.sock:", host: "aftermarket-data.ru"
2026/08/10 09:31:10 [error] 2609821#2609821: *2634743 connect() to unix:/var/run/php/php8.3-fpm.sock failed (11: Resource temporarily unavailable) while connecting to upstream, client: 57.141.20.61, server: aftermarket-data.ru, request: "GET /?g=55126175688 HTTP/1.1", upstream: "fastcgi://unix:/var/run/php/php8.3-fpm.sock:", host: "aftermarket-data.ru"
2026/08/10 09:31:21 [error] 2609823#2609823: *2634455 connect() to unix:/var/run/php/php8.3-fpm.sock failed (11: Resource temporarily unavailable) while connecting to upstream, client: 74.7.241.23, server: aftermarket-data.ru, request: "GET /index.php?loknya=/sys/class/misc/snapshot/subsystem/tun/subsystem/cpu_dma_latency/subsystem/psaux/subsystem/cpu_dma_latency/subsystem/udmabuf/subsystem/tun/subsystem/hw_random/subsystem/hpet/subsystem/rfkill/subsystem HTTP/1.1", upstream: "fastcgi://unix:/var/run/php/php8.3-fpm.sock:", host: "www.aftermarket-data.ru", referrer: "https://www.aftermarket-data.ru/index.php?loknya=/sys/class/misc/snapshot/subsystem/tun/subsystem/cpu_dma_latency/subsystem/psaux/subsystem/cpu_dma_latency/subsystem/udmabuf/subsystem/tun/subsystem/hw_random/subsystem/hpet/subsystem/rfkill"
2026/08/10 09:31:32 [error] 2609827#2609827: *2634612 connect() to unix:/var/run/php/php8.3-fpm.sock failed (11: Resource temporarily unavailable) while connecting to upstream, client: 74.7.227.36, server: aftermarket-data.ru, request: "GET /sitemap_index.xml?loknya=/proc/1397197/root/proc/20 HTTP/1.1", upstream: "fastcgi://unix:/var/run/php/php8.3-fpm.sock:", host: "aftermarket-data.ru", referrer: "https://aftermarket-data.ru/sitemap_index.xml?loknya=/proc/1397197/root/proc"
2026/08/10 09:31:42 [error] 2609821#2609821: *2634747 connect() to unix:/var/run/php/php8.3-fpm.sock failed (11: Resource temporarily unavailable) while connecting to upstream, client: 57.141.20.17, server: aftermarket-data.ru, request: "GET /?i=51774281470 HTTP/1.1", upstream: "fastcgi://unix:/var/run/php/php8.3-fpm.sock:", host: "aftermarket-data.ru"
2026/08/10 09:31:55 [error] 2609822#2609822: *2634749 connect() to unix:/var/run/php/php8.3-fpm.sock failed (11: Resource temporarily unavailable) while connecting to upstream, client: 57.141.20.60, server: aftermarket-data.ru, request: "GET /?c=92692100195 HTTP/1.1", upstream: "fastcgi://unix:/var/run/php/php8.3-fpm.sock:", host: "aftermarket-data.ru"
2026/08/10 09:31:58 [error] 2609822#2609822: *2634751 connect() to unix:/var/run/php/php8.3-fpm.sock failed (11: Resource temporarily unavailable) while connecting to upstream, client: 57.141.20.70, server: aftermarket-data.ru, request: "GET /?r=80045217216 HTTP/1.1", upstream: "fastcgi://unix:/var/run/php/php8.3-fpm.sock:", host: "aftermarket-data.ru"
2026/08/10 09:32:04 [error] 2609822#2609822: *2634753 connect() to unix:/var/run/php/php8.3-fpm.sock failed (11: Resource temporarily unavailable) while connecting to upstream, client: 66.249.66.193, server: aftermarket-data.ru, request: "GET /robots.txt HTTP/1.1", upstream: "fastcgi://unix:/var/run/php/php8.3-fpm.sock:", host: "aftermarket-data.ru"
2026/08/10 09:32:19 [error] 2609822#2609822: *2634755 open() "/usr/share/nginx/html/favicon.ico" failed (2: No such file or directory), client: 165.154.182.212, server: api.aftermarket-data.ru, request: "GET /favicon.ico HTTP/1.1", host: "157.22.201.140:443"
2026/08/10 09:32:22 [error] 2609823#2609823: *2634455 connect() to unix:/var/run/php/php8.3-fpm.sock failed (11: Resource temporarily unavailable) while connecting to upstream, client: 74.7.241.23, server: aftermarket-data.ru, request: "GET /index.php?loknya=/sys/class/misc/snapshot/subsystem/tun/subsystem/cpu_dma_latency/subsystem/psaux/subsystem/cpu_dma_latency/subsystem/ecryptfs/subsystem/mcelog/subsystem/loop-control/subsystem/hpet/subsystem/autofs/power HTTP/1.1", upstream: "fastcgi://unix:/var/run/php/php8.3-fpm.sock:", host: "www.aftermarket-data.ru", referrer: "https://www.aftermarket-data.ru/index.php?loknya=/sys/class/misc/snapshot/subsystem/tun/subsystem/cpu_dma_latency/subsystem/psaux/subsystem/cpu_dma_latency/subsystem/ecryptfs/subsystem/mcelog/subsystem/loop-control/subsystem/hpet/subsystem/autofs"
2026/08/10 09:32:30 [error] 2609822#2609822: *2634757 connect() to unix:/var/run/php/php8.3-fpm.sock failed (11: Resource temporarily unavailable) while connecting to upstream, client: 57.141.10.58, server: aftermarket-data.ru, request: "GET / HTTP/1.1", upstream: "fastcgi://unix:/var/run/php/php8.3-fpm.sock:", host: "aftermarket-data.ru"
2026/08/10 09:32:33 [error] 2609827#2609827: *2634612 connect() to unix:/var/run/php/php8.3-fpm.sock failed (11: Resource temporarily unavailable) while connecting to upstream, client: 74.7.227.36, server: aftermarket-data.ru, request: "GET /sitemap_index.xml?loknya=/proc/1397190/root/proc/95 HTTP/1.1", upstream: "fastcgi://unix:/var/run/php/php8.3-fpm.sock:", host: "aftermarket-data.ru", referrer: "https://aftermarket-data.ru/sitemap_index.xml?loknya=/proc/1397190/root/proc"
