2026/08/10 06:05:25 [error] 2609824#2609824: *2633112 open() "/usr/share/nginx/html/testing/vendor/phpunit/phpunit/src/Util/PHP/eval-stdin.php" failed (2: No such file or directory), client: 154.127.69.8, server: api.aftermarket-data.ru, request: "GET /testing/vendor/phpunit/phpunit/src/Util/PHP/eval-stdin.php HTTP/1.1", host: "157.22.201.140:443"
2026/08/10 06:05:26 [error] 2609824#2609824: *2633112 open() "/usr/share/nginx/html/demo/vendor/phpunit/phpunit/src/Util/PHP/eval-stdin.php" failed (2: No such file or directory), client: 154.127.69.8, server: api.aftermarket-data.ru, request: "GET /demo/vendor/phpunit/phpunit/src/Util/PHP/eval-stdin.php HTTP/1.1", host: "157.22.201.140:443"
2026/08/10 06:05:26 [error] 2609824#2609824: *2633112 open() "/usr/share/nginx/html/cms/vendor/phpunit/phpunit/src/Util/PHP/eval-stdin.php" failed (2: No such file or directory), client: 154.127.69.8, server: api.aftermarket-data.ru, request: "GET /cms/vendor/phpunit/phpunit/src/Util/PHP/eval-stdin.php HTTP/1.1", host: "157.22.201.140:443"
2026/08/10 06:05:27 [error] 2609824#2609824: *2633112 open() "/usr/share/nginx/html/crm/vendor/phpunit/phpunit/src/Util/PHP/eval-stdin.php" failed (2: No such file or directory), client: 154.127.69.8, server: api.aftermarket-data.ru, request: "GET /crm/vendor/phpunit/phpunit/src/Util/PHP/eval-stdin.php HTTP/1.1", host: "157.22.201.140:443"
2026/08/10 06:05:27 [error] 2609824#2609824: *2633112 open() "/usr/share/nginx/html/admin/vendor/phpunit/phpunit/src/Util/PHP/eval-stdin.php" failed (2: No such file or directory), client: 154.127.69.8, server: api.aftermarket-data.ru, request: "GET /admin/vendor/phpunit/phpunit/src/Util/PHP/eval-stdin.php HTTP/1.1", host: "157.22.201.140:443"
2026/08/10 06:05:27 [error] 2609824#2609824: *2633112 open() "/usr/share/nginx/html/backup/vendor/phpunit/phpunit/src/Util/PHP/eval-stdin.php" failed (2: No such file or directory), client: 154.127.69.8, server: api.aftermarket-data.ru, request: "GET /backup/vendor/phpunit/phpunit/src/Util/PHP/eval-stdin.php HTTP/1.1", host: "157.22.201.140:443"
2026/08/10 06:05:28 [error] 2609824#2609824: *2633112 open() "/usr/share/nginx/html/blog/vendor/phpunit/phpunit/src/Util/PHP/eval-stdin.php" failed (2: No such file or directory), client: 154.127.69.8, server: api.aftermarket-data.ru, request: "GET /blog/vendor/phpunit/phpunit/src/Util/PHP/eval-stdin.php HTTP/1.1", host: "157.22.201.140:443"
2026/08/10 06:05:28 [error] 2609824#2609824: *2633112 open() "/usr/share/nginx/html/workspace/drupal/vendor/phpunit/phpunit/src/Util/PHP/eval-stdin.php" failed (2: No such file or directory), client: 154.127.69.8, server: api.aftermarket-data.ru, request: "GET /workspace/drupal/vendor/phpunit/phpunit/src/Util/PHP/eval-stdin.php HTTP/1.1", host: "157.22.201.140:443"
2026/08/10 06:05:28 [error] 2609824#2609824: *2633112 open() "/usr/share/nginx/html/panel/vendor/phpunit/phpunit/src/Util/PHP/eval-stdin.php" failed (2: No such file or directory), client: 154.127.69.8, server: api.aftermarket-data.ru, request: "GET /panel/vendor/phpunit/phpunit/src/Util/PHP/eval-stdin.php HTTP/1.1", host: "157.22.201.140:443"
2026/08/10 06:05:29 [error] 2609824#2609824: *2633112 open() "/usr/share/nginx/html/public/vendor/phpunit/phpunit/src/Util/PHP/eval-stdin.php" failed (2: No such file or directory), client: 154.127.69.8, server: api.aftermarket-data.ru, request: "GET /public/vendor/phpunit/phpunit/src/Util/PHP/eval-stdin.php HTTP/1.1", host: "157.22.201.140:443"
2026/08/10 06:05:29 [error] 2609824#2609824: *2633112 open() "/usr/share/nginx/html/apps/vendor/phpunit/phpunit/src/Util/PHP/eval-stdin.php" failed (2: No such file or directory), client: 154.127.69.8, server: api.aftermarket-data.ru, request: "GET /apps/vendor/phpunit/phpunit/src/Util/PHP/eval-stdin.php HTTP/1.1", host: "157.22.201.140:443"
2026/08/10 06:05:29 [error] 2609824#2609824: *2633112 open() "/usr/share/nginx/html/app/vendor/phpunit/phpunit/src/Util/PHP/eval-stdin.php" failed (2: No such file or directory), client: 154.127.69.8, server: api.aftermarket-data.ru, request: "GET /app/vendor/phpunit/phpunit/src/Util/PHP/eval-stdin.php HTTP/1.1", host: "157.22.201.140:443"
2026/08/10 06:05:29 [error] 2609824#2609824: *2633112 open() "/usr/share/nginx/html/index.php" failed (2: No such file or directory), client: 154.127.69.8, server: api.aftermarket-data.ru, request: "GET /index.php?s=/index/\think\app/invokefunction&function=call_user_func_array&vars[0]=md5&vars[1][]=Hello HTTP/1.1", host: "157.22.201.140:443"
2026/08/10 06:05:29 [error] 2609824#2609824: *2633112 open() "/usr/share/nginx/html/public/index.php" failed (2: No such file or directory), client: 154.127.69.8, server: api.aftermarket-data.ru, request: "GET /public/index.php?s=/index/\think\app/invokefunction&function=call_user_func_array&vars[0]=md5&vars[1][]=Hello HTTP/1.1", host: "157.22.201.140:443"
2026/08/10 06:05:30 [error] 2609824#2609824: *2633112 open() "/usr/share/nginx/html/index.php" failed (2: No such file or directory), client: 154.127.69.8, server: api.aftermarket-data.ru, request: "GET /index.php?lang=../../../../../../../../usr/local/lib/php/pearcmd&+config-create+/&/<?echo(md5("hi"));?>+/tmp/index1.php HTTP/1.1", host: "157.22.201.140:443"
2026/08/10 06:05:30 [error] 2609824#2609824: *2633112 open() "/usr/share/nginx/html/index.php" failed (2: No such file or directory), client: 154.127.69.8, server: api.aftermarket-data.ru, request: "GET /index.php?lang=../../../../../../../../tmp/index1 HTTP/1.1", host: "157.22.201.140:443"
2026/08/10 06:05:30 [error] 2609824#2609824: *2633112 open() "/usr/share/nginx/html/containers/json" failed (2: No such file or directory), client: 154.127.69.8, server: api.aftermarket-data.ru, request: "GET /containers/json HTTP/1.1", host: "157.22.201.140:443"
2026/08/10 06:05:56 [error] 2609823#2609823: *2633070 connect() to unix:/var/run/php/php8.3-fpm.sock failed (11: Resource temporarily unavailable) while connecting to upstream, client: 74.7.227.36, server: aftermarket-data.ru, request: "GET /sitemap_index.xml?loknya=/proc/1397190/root/proc/78 HTTP/1.1", upstream: "fastcgi://unix:/var/run/php/php8.3-fpm.sock:", host: "aftermarket-data.ru", referrer: "https://aftermarket-data.ru/sitemap_index.xml?loknya=/proc/1397190/root/proc"
2026/08/10 06:05:59 [error] 2609824#2609824: *2633116 connect() to unix:/var/run/php/php8.3-fpm.sock failed (11: Resource temporarily unavailable) while connecting to upstream, client: 57.141.20.70, server: aftermarket-data.ru, request: "GET /?v=40373108044 HTTP/1.1", upstream: "fastcgi://unix:/var/run/php/php8.3-fpm.sock:", host: "aftermarket-data.ru"
2026/08/10 06:06:15 [error] 2609824#2609824: *2633118 connect() to unix:/var/run/php/php8.3-fpm.sock failed (11: Resource temporarily unavailable) while connecting to upstream, client: 57.141.20.35, server: aftermarket-data.ru, request: "GET /?c=92692136379 HTTP/1.1", upstream: "fastcgi://unix:/var/run/php/php8.3-fpm.sock:", host: "aftermarket-data.ru"
2026/08/10 06:06:18 [error] 2609823#2609823: *2632636 connect() to unix:/var/run/php/php8.3-fpm.sock failed (11: Resource temporarily unavailable) while connecting to upstream, client: 74.7.241.23, server: aftermarket-data.ru, request: "GET /index.php?loknya=/sys/class/misc/snapshot/subsystem/tun/subsystem/cpu_dma_latency/subsystem/psaux/subsystem/cpu_dma_latency/subsystem/hw_random/subsystem/tun/subsystem/autofs/subsystem/device-mapper/subsystem/hpet/subsystem HTTP/1.1", upstream: "fastcgi://unix:/var/run/php/php8.3-fpm.sock:", host: "www.aftermarket-data.ru", referrer: "https://www.aftermarket-data.ru/index.php?loknya=/sys/class/misc/snapshot/subsystem/tun/subsystem/cpu_dma_latency/subsystem/psaux/subsystem/cpu_dma_latency/subsystem/hw_random/subsystem/tun/subsystem/autofs/subsystem/device-mapper/subsystem/hpet"
2026/08/10 06:06:57 [error] 2609823#2609823: *2633070 connect() to unix:/var/run/php/php8.3-fpm.sock failed (11: Resource temporarily unavailable) while connecting to upstream, client: 74.7.227.36, server: aftermarket-data.ru, request: "GET /sitemap_index.xml?loknya=/proc/1397195/root/proc/88 HTTP/1.1", upstream: "fastcgi://unix:/var/run/php/php8.3-fpm.sock:", host: "aftermarket-data.ru", referrer: "https://aftermarket-data.ru/sitemap_index.xml?loknya=/proc/1397195/root/proc"
2026/08/10 06:07:06 [error] 2609824#2609824: *2633122 connect() to unix:/var/run/php/php8.3-fpm.sock failed (11: Resource temporarily unavailable) while connecting to upstream, client: 57.141.20.61, server: aftermarket-data.ru, request: "GET /?r=83243148291 HTTP/1.1", upstream: "fastcgi://unix:/var/run/php/php8.3-fpm.sock:", host: "aftermarket-data.ru"
2026/08/10 06:07:20 [error] 2609823#2609823: *2632636 connect() to unix:/var/run/php/php8.3-fpm.sock failed (11: Resource temporarily unavailable) while connecting to upstream, client: 74.7.241.23, server: aftermarket-data.ru, request: "GET /index.php?loknya=/sys/class/misc/snapshot/subsystem/tun/subsystem/cpu_dma_latency/subsystem/psaux/subsystem/cpu_dma_latency/subsystem/loop-control/subsystem/snapshot/subsystem/uinput/subsystem/autofs HTTP/1.1", upstream: "fastcgi://unix:/var/run/php/php8.3-fpm.sock:", host: "www.aftermarket-data.ru", referrer: "https://www.aftermarket-data.ru/index.php?loknya=/sys/class/misc/snapshot/subsystem/tun/subsystem/cpu_dma_latency/subsystem/psaux/subsystem/cpu_dma_latency/subsystem/loop-control/subsystem/snapshot/subsystem/uinput/subsystem"
2026/08/10 06:08:01 [error] 2609823#2609823: *2633070 connect() to unix:/var/run/php/php8.3-fpm.sock failed (11: Resource temporarily unavailable) while connecting to upstream, client: 74.7.227.36, server: aftermarket-data.ru, request: "GET /sitemap_index.xml?loknya=/proc/1397195/root/proc/74 HTTP/1.1", upstream: "fastcgi://unix:/var/run/php/php8.3-fpm.sock:", host: "aftermarket-data.ru", referrer: "https://aftermarket-data.ru/sitemap_index.xml?loknya=/proc/1397195/root/proc"
2026/08/10 06:08:14 [error] 2609824#2609824: *2633126 connect() to unix:/var/run/php/php8.3-fpm.sock failed (11: Resource temporarily unavailable) while connecting to upstream, client: 57.141.20.62, server: aftermarket-data.ru, request: "GET /sitemap867.xml?lokasie=/var/www/aftermarket-data.ru/wp-config.php.save&loknya=/var/www/aftermarket-data.ru HTTP/1.1", upstream: "fastcgi://unix:/var/run/php/php8.3-fpm.sock:", host: "aftermarket-data.ru"
2026/08/10 06:08:24 [error] 2609823#2609823: *2632636 connect() to unix:/var/run/php/php8.3-fpm.sock failed (11: Resource temporarily unavailable) while connecting to upstream, client: 74.7.241.23, server: aftermarket-data.ru, request: "GET /index.php?loknya=/sys/class/misc/snapshot/subsystem/subsystem/cpu_dma_latency/subsystem/psaux/subsystem/cpu_dma_latency/subsystem/hw_random/subsystem/ecryptfs/subsystem/psaux/subsystem/loop-control/subsystem HTTP/1.1", upstream: "fastcgi://unix:/var/run/php/php8.3-fpm.sock:", host: "www.aftermarket-data.ru", referrer: "https://www.aftermarket-data.ru/index.php?loknya=/sys/class/misc/snapshot/subsystem/subsystem/cpu_dma_latency/subsystem/psaux/subsystem/cpu_dma_latency/subsystem/hw_random/subsystem/ecryptfs/subsystem/psaux/subsystem/loop-control/subsystem/"
2026/08/10 06:08:27 [error] 2609824#2609824: *2633129 connect() to unix:/var/run/php/php8.3-fpm.sock failed (11: Resource temporarily unavailable) while connecting to upstream, client: 57.141.20.10, server: aftermarket-data.ru, request: "GET /?r=83243226700 HTTP/1.1", upstream: "fastcgi://unix:/var/run/php/php8.3-fpm.sock:", host: "aftermarket-data.ru"
2026/08/10 06:08:27 [error] 2609825#2609825: *2633133 connect() to unix:/var/run/php/php8.3-fpm.sock failed (11: Resource temporarily unavailable) while connecting to upstream, client: 66.249.66.193, server: aftermarket-data.ru, request: "GET /robots.txt HTTP/1.1", upstream: "fastcgi://unix:/var/run/php/php8.3-fpm.sock:", host: "aftermarket-data.ru"
2026/08/10 06:09:01 [error] 2609825#2609825: *2633146 connect() to unix:/var/run/php/php8.3-fpm.sock failed (11: Resource temporarily unavailable) while connecting to upstream, client: 57.141.20.65, server: aftermarket-data.ru, request: "GET /?a=9882640862 HTTP/1.1", upstream: "fastcgi://unix:/var/run/php/php8.3-fpm.sock:", host: "aftermarket-data.ru"
2026/08/10 06:09:05 [error] 2609823#2609823: *2633070 connect() to unix:/var/run/php/php8.3-fpm.sock failed (11: Resource temporarily unavailable) while connecting to upstream, client: 74.7.227.36, server: aftermarket-data.ru, request: "GET /sitemap_index.xml?loknya=/proc/1397191/root/proc/28 HTTP/1.1", upstream: "fastcgi://unix:/var/run/php/php8.3-fpm.sock:", host: "aftermarket-data.ru", referrer: "https://aftermarket-data.ru/sitemap_index.xml?loknya=/proc/1397191/root/proc"
2026/08/10 06:09:20 [error] 2609825#2609825: *2633149 connect() to unix:/var/run/php/php8.3-fpm.sock failed (11: Resource temporarily unavailable) while connecting to upstream, client: 57.141.20.71, server: aftermarket-data.ru, request: "GET /?i=517749690 HTTP/1.1", upstream: "fastcgi://unix:/var/run/php/php8.3-fpm.sock:", host: "aftermarket-data.ru"
2026/08/10 06:09:25 [error] 2609825#2609825: *2633151 connect() to unix:/var/run/php/php8.3-fpm.sock failed (11: Resource temporarily unavailable) while connecting to upstream, client: 57.141.20.60, server: aftermarket-data.ru, request: "GET /?a=98826230109 HTTP/1.1", upstream: "fastcgi://unix:/var/run/php/php8.3-fpm.sock:", host: "aftermarket-data.ru"
2026/08/10 06:09:25 [error] 2609823#2609823: *2632636 connect() to unix:/var/run/php/php8.3-fpm.sock failed (11: Resource temporarily unavailable) while connecting to upstream, client: 74.7.241.23, server: aftermarket-data.ru, request: "GET /index.php?loknya=/sys/class/misc/snapshot/subsystem/tun/subsystem/cpu_dma_latency/subsystem/psaux/subsystem/cpu_dma_latency/subsystem/snapshot/subsystem/fuse/subsystem/autofs/subsystem/loop-control/subsystem/tun HTTP/1.1", upstream: "fastcgi://unix:/var/run/php/php8.3-fpm.sock:", host: "www.aftermarket-data.ru", referrer: "https://www.aftermarket-data.ru/index.php?loknya=/sys/class/misc/snapshot/subsystem/tun/subsystem/cpu_dma_latency/subsystem/psaux/subsystem/cpu_dma_latency/subsystem/snapshot/subsystem/fuse/subsystem/autofs/subsystem/loop-control/subsystem"
2026/08/10 06:09:38 [error] 2609825#2609825: *2633133 connect() to unix:/var/run/php/php8.3-fpm.sock failed (11: Resource temporarily unavailable) while connecting to upstream, client: 66.249.66.193, server: aftermarket-data.ru, request: "GET /robots.txt HTTP/1.1", upstream: "fastcgi://unix:/var/run/php/php8.3-fpm.sock:", host: "aftermarket-data.ru"
2026/08/10 06:10:07 [error] 2609825#2609825: *2633156 connect() to unix:/var/run/php/php8.3-fpm.sock failed (11: Resource temporarily unavailable) while connecting to upstream, client: 57.141.20.67, server: aftermarket-data.ru, request: "GET /?v=4037394706 HTTP/1.1", upstream: "fastcgi://unix:/var/run/php/php8.3-fpm.sock:", host: "aftermarket-data.ru"
2026/08/10 06:10:07 [error] 2609823#2609823: *2633070 connect() to unix:/var/run/php/php8.3-fpm.sock failed (11: Resource temporarily unavailable) while connecting to upstream, client: 74.7.227.36, server: aftermarket-data.ru, request: "GET /sitemap_index.xml?loknya=/proc/1397195/root/proc/44 HTTP/1.1", upstream: "fastcgi://unix:/var/run/php/php8.3-fpm.sock:", host: "aftermarket-data.ru", referrer: "https://aftermarket-data.ru/sitemap_index.xml?loknya=/proc/1397195/root/proc"
2026/08/10 06:10:26 [error] 2609823#2609823: *2632636 connect() to unix:/var/run/php/php8.3-fpm.sock failed (11: Resource temporarily unavailable) while connecting to upstream, client: 74.7.241.23, server: aftermarket-data.ru, request: "GET /index.php?loknya=/sys/class/misc/snapshot/subsystem/tun/subsystem/cpu_dma_latency/subsystem/psaux/subsystem/cpu_dma_latency/subsystem/ecryptfs/subsystem/psaux/subsystem/tun/subsystem/vga_arbiter/subsystem/autofs HTTP/1.1", upstream: "fastcgi://unix:/var/run/php/php8.3-fpm.sock:", host: "www.aftermarket-data.ru", referrer: "https://www.aftermarket-data.ru/index.php?loknya=/sys/class/misc/snapshot/subsystem/tun/subsystem/cpu_dma_latency/subsystem/psaux/subsystem/cpu_dma_latency/subsystem/ecryptfs/subsystem/psaux/subsystem/tun/subsystem/vga_arbiter/subsystem"
2026/08/10 06:10:27 [error] 2609825#2609825: *2633160 connect() to unix:/var/run/php/php8.3-fpm.sock failed (11: Resource temporarily unavailable) while connecting to upstream, client: 57.141.20.38, server: aftermarket-data.ru, request: "GET /?i=5177411678 HTTP/1.1", upstream: "fastcgi://unix:/var/run/php/php8.3-fpm.sock:", host: "aftermarket-data.ru"
2026/08/10 06:10:59 [error] 2609825#2609825: *2633162 connect() to unix:/var/run/php/php8.3-fpm.sock failed (11: Resource temporarily unavailable) while connecting to upstream, client: 57.141.20.53, server: aftermarket-data.ru, request: "GET /?a=9882677082 HTTP/1.1", upstream: "fastcgi://unix:/var/run/php/php8.3-fpm.sock:", host: "aftermarket-data.ru"
2026/08/10 06:11:09 [error] 2609823#2609823: *2633070 connect() to unix:/var/run/php/php8.3-fpm.sock failed (11: Resource temporarily unavailable) while connecting to upstream, client: 74.7.227.36, server: aftermarket-data.ru, request: "GET /sitemap_index.xml?loknya=/proc/1397195/root/proc/94 HTTP/1.1", upstream: "fastcgi://unix:/var/run/php/php8.3-fpm.sock:", host: "aftermarket-data.ru", referrer: "https://aftermarket-data.ru/sitemap_index.xml?loknya=/proc/1397195/root/proc"
2026/08/10 06:11:18 [error] 2609825#2609825: *2633165 connect() to unix:/var/run/php/php8.3-fpm.sock failed (11: Resource temporarily unavailable) while connecting to upstream, client: 66.249.66.193, server: aftermarket-data.ru, request: "GET /robots.txt HTTP/1.1", upstream: "fastcgi://unix:/var/run/php/php8.3-fpm.sock:", host: "aftermarket-data.ru"
2026/08/10 06:11:31 [error] 2609823#2609823: *2632636 connect() to unix:/var/run/php/php8.3-fpm.sock failed (11: Resource temporarily unavailable) while connecting to upstream, client: 74.7.241.23, server: aftermarket-data.ru, request: "GET /index.php?loknya=/sys/class/misc/snapshot/subsystem/tun/subsystem/cpu_dma_latency/subsystem/psaux/subsystem/psaux/subsystem/cpu_dma_latency/subsystem/device-mapper/subsystem/tun/subsystem/autofs/subsystem/userfaultfd/power HTTP/1.1", upstream: "fastcgi://unix:/var/run/php/php8.3-fpm.sock:", host: "www.aftermarket-data.ru", referrer: "https://www.aftermarket-data.ru/index.php?loknya=/sys/class/misc/snapshot/subsystem/tun/subsystem/cpu_dma_latency/subsystem/psaux/subsystem/psaux/subsystem/cpu_dma_latency/subsystem/device-mapper/subsystem/tun/subsystem/autofs/subsystem/userfaultfd"
2026/08/10 06:11:33 [error] 2609825#2609825: *2633168 connect() to unix:/var/run/php/php8.3-fpm.sock failed (11: Resource temporarily unavailable) while connecting to upstream, client: 57.141.20.18, server: aftermarket-data.ru, request: "GET /?r=8004564938 HTTP/1.1", upstream: "fastcgi://unix:/var/run/php/php8.3-fpm.sock:", host: "aftermarket-data.ru"
2026/08/10 06:12:13 [error] 2609823#2609823: *2633070 connect() to unix:/var/run/php/php8.3-fpm.sock failed (11: Resource temporarily unavailable) while connecting to upstream, client: 74.7.227.36, server: aftermarket-data.ru, request: "GET /sitemap_index.xml?loknya=/proc/1397194/root/proc/35 HTTP/1.1", upstream: "fastcgi://unix:/var/run/php/php8.3-fpm.sock:", host: "aftermarket-data.ru", referrer: "https://aftermarket-data.ru/sitemap_index.xml?loknya=/proc/1397194/root/proc"
2026/08/10 06:12:33 [error] 2609823#2609823: *2632636 connect() to unix:/var/run/php/php8.3-fpm.sock failed (11: Resource temporarily unavailable) while connecting to upstream, client: 74.7.241.23, server: aftermarket-data.ru, request: "GET /index.php?loknya=/sys/class/misc/snapshot/subsystem/tun/subsystem/cpu_dma_latency/subsystem/psaux/subsystem/cpu_dma_latency/subsystem/loop-control/subsystem/uinput/subsystem/snapshot/subsystem/fuse/subsystem/psaux HTTP/1.1", upstream: "fastcgi://unix:/var/run/php/php8.3-fpm.sock:", host: "www.aftermarket-data.ru", referrer: "https://www.aftermarket-data.ru/index.php?loknya=/sys/class/misc/snapshot/subsystem/tun/subsystem/cpu_dma_latency/subsystem/psaux/subsystem/cpu_dma_latency/subsystem/loop-control/subsystem/uinput/subsystem/snapshot/subsystem/fuse/subsystem"
2026/08/10 06:12:38 [error] 2609826#2609826: *2633172 connect() to unix:/var/run/php/php8.3-fpm.sock failed (11: Resource temporarily unavailable) while connecting to upstream, client: 216.73.216.150, server: aftermarket-data.ru, request: "GET /robots.txt HTTP/1.1", upstream: "fastcgi://unix:/var/run/php/php8.3-fpm.sock:", host: "aftermarket-data.ru"
2026/08/10 06:12:40 [error] 2609826#2609826: *2633174 connect() to unix:/var/run/php/php8.3-fpm.sock failed (11: Resource temporarily unavailable) while connecting to upstream, client: 57.141.20.5, server: aftermarket-data.ru, request: "GET /?r=83243182963 HTTP/1.1", upstream: "fastcgi://unix:/var/run/php/php8.3-fpm.sock:", host: "aftermarket-data.ru"
2026/08/10 06:13:16 [error] 2609823#2609823: *2633070 connect() to unix:/var/run/php/php8.3-fpm.sock failed (11: Resource temporarily unavailable) while connecting to upstream, client: 74.7.227.36, server: aftermarket-data.ru, request: "GET /sitemap_index.xml?loknya=/proc/1397190/root/proc/83 HTTP/1.1", upstream: "fastcgi://unix:/var/run/php/php8.3-fpm.sock:", host: "aftermarket-data.ru", referrer: "https://aftermarket-data.ru/sitemap_index.xml?loknya=/proc/1397190/root/proc"
2026/08/10 06:13:32 [error] 2609826#2609826: *2633177 connect() to unix:/var/run/php/php8.3-fpm.sock failed (11: Resource temporarily unavailable) while connecting to upstream, client: 66.249.66.193, server: aftermarket-data.ru, request: "GET /robots.txt HTTP/1.1", upstream: "fastcgi://unix:/var/run/php/php8.3-fpm.sock:", host: "aftermarket-data.ru"
2026/08/10 06:13:36 [error] 2609823#2609823: *2632636 connect() to unix:/var/run/php/php8.3-fpm.sock failed (11: Resource temporarily unavailable) while connecting to upstream, client: 74.7.241.23, server: aftermarket-data.ru, request: "GET /index.php?loknya=/sys/class/misc/snapshot/subsystem/tun/subsystem/cpu_dma_latency/subsystem/psaux/subsystem/cpu_dma_latency/subsystem/loop-control/subsystem/autofs/subsystem/psaux/subsystem/udmabuf/subsystem/snapshot HTTP/1.1", upstream: "fastcgi://unix:/var/run/php/php8.3-fpm.sock:", host: "www.aftermarket-data.ru", referrer: "https://www.aftermarket-data.ru/index.php?loknya=/sys/class/misc/snapshot/subsystem/tun/subsystem/cpu_dma_latency/subsystem/psaux/subsystem/cpu_dma_latency/subsystem/loop-control/subsystem/autofs/subsystem/psaux/subsystem/udmabuf/subsystem"
2026/08/10 06:13:47 [error] 2609826#2609826: *2633180 connect() to unix:/var/run/php/php8.3-fpm.sock failed (11: Resource temporarily unavailable) while connecting to upstream, client: 57.141.20.30, server: aftermarket-data.ru, request: "GET /?r=80045136913 HTTP/1.1", upstream: "fastcgi://unix:/var/run/php/php8.3-fpm.sock:", host: "aftermarket-data.ru"
2026/08/10 06:14:09 [error] 2609826#2609826: *2633182 connect() to unix:/var/run/php/php8.3-fpm.sock failed (11: Resource temporarily unavailable) while connecting to upstream, client: 57.141.20.55, server: aftermarket-data.ru, request: "GET /?v=40373201117 HTTP/1.1", upstream: "fastcgi://unix:/var/run/php/php8.3-fpm.sock:", host: "aftermarket-data.ru"
2026/08/10 06:14:21 [error] 2609823#2609823: *2633070 connect() to unix:/var/run/php/php8.3-fpm.sock failed (11: Resource temporarily unavailable) while connecting to upstream, client: 74.7.227.36, server: aftermarket-data.ru, request: "GET /sitemap_index.xml?loknya=/proc/1397196/root/proc/83 HTTP/1.1", upstream: "fastcgi://unix:/var/run/php/php8.3-fpm.sock:", host: "aftermarket-data.ru", referrer: "https://aftermarket-data.ru/sitemap_index.xml?loknya=/proc/1397196/root/proc"
2026/08/10 06:14:40 [error] 2609823#2609823: *2632636 connect() to unix:/var/run/php/php8.3-fpm.sock failed (11: Resource temporarily unavailable) while connecting to upstream, client: 74.7.241.23, server: aftermarket-data.ru, request: "GET /index.php?loknya=/sys/class/misc/snapshot/subsystem/tun/subsystem/cpu_dma_latency/subsystem/psaux/subsystem/cpu_dma_latency/subsystem/udmabuf/subsystem/uinput/subsystem/hw_random/subsystem/rfkill/subsystem/mcelog HTTP/1.1", upstream: "fastcgi://unix:/var/run/php/php8.3-fpm.sock:", host: "www.aftermarket-data.ru", referrer: "https://www.aftermarket-data.ru/index.php?loknya=/sys/class/misc/snapshot/subsystem/tun/subsystem/cpu_dma_latency/subsystem/psaux/subsystem/cpu_dma_latency/subsystem/udmabuf/subsystem/uinput/subsystem/hw_random/subsystem/rfkill/subsystem"
2026/08/10 06:14:53 [error] 2609826#2609826: *2633186 connect() to unix:/var/run/php/php8.3-fpm.sock failed (11: Resource temporarily unavailable) while connecting to upstream, client: 57.141.20.27, server: aftermarket-data.ru, request: "GET /sitemap867.xml?loknya=/var/www/aftermarket-data.ru/wp-includes HTTP/1.1", upstream: "fastcgi://unix:/var/run/php/php8.3-fpm.sock:", host: "aftermarket-data.ru"
2026/08/10 06:15:23 [error] 2609823#2609823: *2633070 connect() to unix:/var/run/php/php8.3-fpm.sock failed (11: Resource temporarily unavailable) while connecting to upstream, client: 74.7.227.36, server: aftermarket-data.ru, request: "GET /sitemap_index.xml?loknya=/proc/1397191/root/proc/85 HTTP/1.1", upstream: "fastcgi://unix:/var/run/php/php8.3-fpm.sock:", host: "aftermarket-data.ru", referrer: "https://aftermarket-data.ru/sitemap_index.xml?loknya=/proc/1397191/root/proc"
2026/08/10 06:15:29 [error] 2609826#2609826: *2633190 connect() to unix:/var/run/php/php8.3-fpm.sock failed (11: Resource temporarily unavailable) while connecting to upstream, client: 66.249.66.193, server: aftermarket-data.ru, request: "GET /robots.txt HTTP/1.1", upstream: "fastcgi://unix:/var/run/php/php8.3-fpm.sock:", host: "aftermarket-data.ru"
2026/08/10 06:15:37 [error] 2609826#2609826: *2633192 connect() to unix:/var/run/php/php8.3-fpm.sock failed (11: Resource temporarily unavailable) while connecting to upstream, client: 57.141.20.29, server: aftermarket-data.ru, request: "GET /?c=92692110267 HTTP/1.1", upstream: "fastcgi://unix:/var/run/php/php8.3-fpm.sock:", host: "aftermarket-data.ru"
2026/08/10 06:15:42 [error] 2609823#2609823: *2632636 connect() to unix:/var/run/php/php8.3-fpm.sock failed (11: Resource temporarily unavailable) while connecting to upstream, client: 74.7.241.23, server: aftermarket-data.ru, request: "GET /index.php?loknya=/sys/class/misc/snapshot/subsystem/tun/subsystem/cpu_dma_latency/subsystem/psaux/subsystem/cpu_dma_latency/subsystem/loop-control/subsystem/tun/subsystem/hpet/subsystem/rfkill/subsystem/ecryptfs/power HTTP/1.1", upstream: "fastcgi://unix:/var/run/php/php8.3-fpm.sock:", host: "www.aftermarket-data.ru", referrer: "https://www.aftermarket-data.ru/index.php?loknya=/sys/class/misc/snapshot/subsystem/tun/subsystem/cpu_dma_latency/subsystem/psaux/subsystem/cpu_dma_latency/subsystem/loop-control/subsystem/tun/subsystem/hpet/subsystem/rfkill/subsystem/ecryptfs"
2026/08/10 06:16:00 [error] 2609826#2609826: *2633195 connect() to unix:/var/run/php/php8.3-fpm.sock failed (11: Resource temporarily unavailable) while connecting to upstream, client: 57.141.20.2, server: aftermarket-data.ru, request: "GET /?r=8004519506 HTTP/1.1", upstream: "fastcgi://unix:/var/run/php/php8.3-fpm.sock:", host: "aftermarket-data.ru"
2026/08/10 06:16:00 [error] 2609826#2609826: *2633197 connect() to unix:/var/run/php/php8.3-fpm.sock failed (11: Resource temporarily unavailable) while connecting to upstream, client: 57.141.20.57, server: aftermarket-data.ru, request: "GET /?g=55126248108 HTTP/1.1", upstream: "fastcgi://unix:/var/run/php/php8.3-fpm.sock:", host: "aftermarket-data.ru"
2026/08/10 06:16:24 [error] 2609823#2609823: *2633070 connect() to unix:/var/run/php/php8.3-fpm.sock failed (11: Resource temporarily unavailable) while connecting to upstream, client: 74.7.227.36, server: aftermarket-data.ru, request: "GET /sitemap_index.xml?loknya=/proc/1397195/root/proc/irq/27 HTTP/1.1", upstream: "fastcgi://unix:/var/run/php/php8.3-fpm.sock:", host: "aftermarket-data.ru", referrer: "https://aftermarket-data.ru/sitemap_index.xml?loknya=/proc/1397195/root/proc/irq"
2026/08/10 06:16:47 [error] 2609823#2609823: *2632636 connect() to unix:/var/run/php/php8.3-fpm.sock failed (11: Resource temporarily unavailable) while connecting to upstream, client: 74.7.241.23, server: aftermarket-data.ru, request: "GET /index.php?loknya=/sys/class/misc/snapshot/subsystem/tun/subsystem/cpu_dma_latency/subsystem/subsystem/cpu_dma_latency/subsystem/subsystem/ecryptfs/subsystem/mcelog/subsystem/vga_arbiter/subsystem/ HTTP/1.1", upstream: "fastcgi://unix:/var/run/php/php8.3-fpm.sock:", host: "www.aftermarket-data.ru", referrer: "https://www.aftermarket-data.ru/index.php?loknya=/sys/class/misc/snapshot/subsystem/tun/subsystem/cpu_dma_latency/subsystem/psaux/subsystem/cpu_dma_latency/subsystem/psaux/subsystem/ecryptfs/subsystem/mcelog/subsystem/vga_arbiter/subsystem/psaux"
2026/08/10 06:16:53 [error] 2609826#2609826: *2633201 connect() to unix:/var/run/php/php8.3-fpm.sock failed (11: Resource temporarily unavailable) while connecting to upstream, client: 57.141.20.64, server: aftermarket-data.ru, request: "GET /?r=80045159363 HTTP/1.1", upstream: "fastcgi://unix:/var/run/php/php8.3-fpm.sock:", host: "aftermarket-data.ru"
2026/08/10 06:17:07 [error] 2609826#2609826: *2633203 connect() to unix:/var/run/php/php8.3-fpm.sock failed (11: Resource temporarily unavailable) while connecting to upstream, client: 57.141.20.2, server: aftermarket-data.ru, request: "GET /?m=15534135611 HTTP/1.1", upstream: "fastcgi://unix:/var/run/php/php8.3-fpm.sock:", host: "aftermarket-data.ru"
2026/08/10 06:17:26 [error] 2609826#2609826: *2633205 connect() to unix:/var/run/php/php8.3-fpm.sock failed (11: Resource temporarily unavailable) while connecting to upstream, client: 66.249.66.193, server: aftermarket-data.ru, request: "GET /robots.txt HTTP/1.1", upstream: "fastcgi://unix:/var/run/php/php8.3-fpm.sock:", host: "aftermarket-data.ru"
2026/08/10 06:17:27 [error] 2609823#2609823: *2633070 connect() to unix:/var/run/php/php8.3-fpm.sock failed (11: Resource temporarily unavailable) while connecting to upstream, client: 74.7.227.36, server: aftermarket-data.ru, request: "GET /sitemap_index.xml?loknya=/proc/1397190/root/proc/41 HTTP/1.1", upstream: "fastcgi://unix:/var/run/php/php8.3-fpm.sock:", host: "aftermarket-data.ru", referrer: "https://aftermarket-data.ru/sitemap_index.xml?loknya=/proc/1397190/root/proc"
2026/08/10 06:17:51 [error] 2609823#2609823: *2632636 connect() to unix:/var/run/php/php8.3-fpm.sock failed (11: Resource temporarily unavailable) while connecting to upstream, client: 74.7.241.23, server: aftermarket-data.ru, request: "GET /index.php?loknya=/sys/class/misc/snapshot/subsystem/subsystem/cpu_dma_latency/subsystem/psaux/subsystem/cpu_dma_latency/subsystem/hw_random/subsystem/uinput/subsystem/udmabuf/subsystem/snapshot/subsystem/ HTTP/1.1", upstream: "fastcgi://unix:/var/run/php/php8.3-fpm.sock:", host: "www.aftermarket-data.ru", referrer: "https://www.aftermarket-data.ru/index.php?loknya=/sys/class/misc/snapshot/subsystem/tun/subsystem/cpu_dma_latency/subsystem/psaux/subsystem/cpu_dma_latency/subsystem/hw_random/subsystem/uinput/subsystem/udmabuf/subsystem/snapshot/subsystem/tun"
2026/08/10 06:18:13 [error] 2609826#2609826: *2633209 connect() to unix:/var/run/php/php8.3-fpm.sock failed (11: Resource temporarily unavailable) while connecting to upstream, client: 57.141.20.20, server: aftermarket-data.ru, request: "GET /?r=8324338631 HTTP/1.1", upstream: "fastcgi://unix:/var/run/php/php8.3-fpm.sock:", host: "aftermarket-data.ru"
2026/08/10 06:18:16 [error] 2609826#2609826: *2633211 connect() to unix:/var/run/php/php8.3-fpm.sock failed (11: Resource temporarily unavailable) while connecting to upstream, client: 57.141.20.16, server: aftermarket-data.ru, request: "GET /?g=55126184407 HTTP/1.1", upstream: "fastcgi://unix:/var/run/php/php8.3-fpm.sock:", host: "aftermarket-data.ru"
2026/08/10 06:18:32 [error] 2609823#2609823: *2633070 connect() to unix:/var/run/php/php8.3-fpm.sock failed (11: Resource temporarily unavailable) while connecting to upstream, client: 74.7.227.36, server: aftermarket-data.ru, request: "GET /sitemap_index.xml?loknya=/proc/1397195/root/proc/23 HTTP/1.1", upstream: "fastcgi://unix:/var/run/php/php8.3-fpm.sock:", host: "aftermarket-data.ru", referrer: "https://aftermarket-data.ru/sitemap_index.xml?loknya=/proc/1397195/root/proc"
2026/08/10 06:18:56 [error] 2609823#2609823: *2632636 connect() to unix:/var/run/php/php8.3-fpm.sock failed (11: Resource temporarily unavailable) while connecting to upstream, client: 74.7.241.23, server: aftermarket-data.ru, request: "GET /index.php?loknya=/sys/class/misc/snapshot/subsystem/tun/subsystem/cpu_dma_latency/subsystem/psaux/subsystem/cpu_dma_latency/subsystem/udmabuf/subsystem/rfkill/subsystem/hpet/subsystem/fuse/subsystem/ecryptfs HTTP/1.1", upstream: "fastcgi://unix:/var/run/php/php8.3-fpm.sock:", host: "www.aftermarket-data.ru", referrer: "https://www.aftermarket-data.ru/index.php?loknya=/sys/class/misc/snapshot/subsystem/tun/subsystem/cpu_dma_latency/subsystem/psaux/subsystem/cpu_dma_latency/subsystem/udmabuf/subsystem/rfkill/subsystem/hpet/subsystem/fuse/subsystem"
2026/08/10 06:19:23 [error] 2609826#2609826: *2633215 connect() to unix:/var/run/php/php8.3-fpm.sock failed (11: Resource temporarily unavailable) while connecting to upstream, client: 57.141.20.0, server: aftermarket-data.ru, request: "GET /?r=80045109367 HTTP/1.1", upstream: "fastcgi://unix:/var/run/php/php8.3-fpm.sock:", host: "aftermarket-data.ru"
2026/08/10 06:19:35 [error] 2609823#2609823: *2633070 connect() to unix:/var/run/php/php8.3-fpm.sock failed (11: Resource temporarily unavailable) while connecting to upstream, client: 74.7.227.36, server: aftermarket-data.ru, request: "GET /sitemap_index.xml?loknya=/proc/1397195/root/proc/36 HTTP/1.1", upstream: "fastcgi://unix:/var/run/php/php8.3-fpm.sock:", host: "aftermarket-data.ru", referrer: "https://aftermarket-data.ru/sitemap_index.xml?loknya=/proc/1397195/root/proc"
2026/08/10 06:20:00 [error] 2609823#2609823: *2632636 connect() to unix:/var/run/php/php8.3-fpm.sock failed (11: Resource temporarily unavailable) while connecting to upstream, client: 74.7.241.23, server: aftermarket-data.ru, request: "GET /index.php?loknya=/sys/class/misc/snapshot/subsystem/tun/subsystem/cpu_dma_latency/subsystem/psaux/subsystem/cpu_dma_latency/subsystem/hw_random/subsystem/hpet/subsystem/ecryptfs/subsystem/autofs/subsystem/snapshot HTTP/1.1", upstream: "fastcgi://unix:/var/run/php/php8.3-fpm.sock:", host: "www.aftermarket-data.ru", referrer: "https://www.aftermarket-data.ru/index.php?loknya=/sys/class/misc/snapshot/subsystem/tun/subsystem/cpu_dma_latency/subsystem/psaux/subsystem/cpu_dma_latency/subsystem/hw_random/subsystem/hpet/subsystem/ecryptfs/subsystem/autofs/subsystem"
2026/08/10 06:20:20 [error] 2609827#2609827: *2633220 connect() to unix:/var/run/php/php8.3-fpm.sock failed (11: Resource temporarily unavailable) while connecting to upstream, client: 57.141.20.51, server: aftermarket-data.ru, request: "GET /?v=40373129539 HTTP/1.1", upstream: "fastcgi://unix:/var/run/php/php8.3-fpm.sock:", host: "aftermarket-data.ru"
2026/08/10 06:20:29 [error] 2609827#2609827: *2633222 connect() to unix:/var/run/php/php8.3-fpm.sock failed (11: Resource temporarily unavailable) while connecting to upstream, client: 57.141.20.32, server: aftermarket-data.ru, request: "GET /?r=83243106800 HTTP/1.1", upstream: "fastcgi://unix:/var/run/php/php8.3-fpm.sock:", host: "aftermarket-data.ru"
2026/08/10 06:20:39 [error] 2609823#2609823: *2633070 connect() to unix:/var/run/php/php8.3-fpm.sock failed (11: Resource temporarily unavailable) while connecting to upstream, client: 74.7.227.36, server: aftermarket-data.ru, request: "GET /sitemap_index.xml?loknya=/proc/1397196/root/proc/irq/29 HTTP/1.1", upstream: "fastcgi://unix:/var/run/php/php8.3-fpm.sock:", host: "aftermarket-data.ru", referrer: "https://aftermarket-data.ru/sitemap_index.xml?loknya=/proc/1397196/root/proc/irq"
2026/08/10 06:20:48 [error] 2609827#2609827: *2633225 connect() to unix:/var/run/php/php8.3-fpm.sock failed (11: Resource temporarily unavailable) while connecting to upstream, client: 66.249.66.193, server: aftermarket-data.ru, request: "GET /robots.txt HTTP/1.1", upstream: "fastcgi://unix:/var/run/php/php8.3-fpm.sock:", host: "aftermarket-data.ru"
2026/08/10 06:21:01 [error] 2609823#2609823: *2632636 connect() to unix:/var/run/php/php8.3-fpm.sock failed (11: Resource temporarily unavailable) while connecting to upstream, client: 74.7.241.23, server: aftermarket-data.ru, request: "GET /index.php?loknya=/sys/class/misc/snapshot/subsystem/tun/subsystem/cpu_dma_latency/subsystem/psaux/subsystem/cpu_dma_latency/subsystem/ecryptfs/subsystem/rfkill/subsystem/tun/subsystem/snapshot/subsystem HTTP/1.1", upstream: "fastcgi://unix:/var/run/php/php8.3-fpm.sock:", host: "www.aftermarket-data.ru", referrer: "https://www.aftermarket-data.ru/index.php?loknya=/sys/class/misc/snapshot/subsystem/tun/subsystem/cpu_dma_latency/subsystem/psaux/subsystem/cpu_dma_latency/subsystem/ecryptfs/subsystem/rfkill/subsystem/tun/subsystem/snapshot"
2026/08/10 06:21:31 [error] 2609827#2609827: *2633228 connect() to unix:/var/run/php/php8.3-fpm.sock failed (11: Resource temporarily unavailable) while connecting to upstream, client: 57.141.20.7, server: aftermarket-data.ru, request: "GET /?v=40373168239 HTTP/1.1", upstream: "fastcgi://unix:/var/run/php/php8.3-fpm.sock:", host: "aftermarket-data.ru"
2026/08/10 06:21:40 [error] 2609823#2609823: *2633070 connect() to unix:/var/run/php/php8.3-fpm.sock failed (11: Resource temporarily unavailable) while connecting to upstream, client: 74.7.227.36, server: aftermarket-data.ru, request: "GET /sitemap_index.xml?loknya=/proc/1397194/root/proc/87 HTTP/1.1", upstream: "fastcgi://unix:/var/run/php/php8.3-fpm.sock:", host: "aftermarket-data.ru", referrer: "https://aftermarket-data.ru/sitemap_index.xml?loknya=/proc/1397194/root/proc"
2026/08/10 06:22:06 [error] 2609827#2609827: *2633231 connect() to unix:/var/run/php/php8.3-fpm.sock failed (11: Resource temporarily unavailable) while connecting to upstream, client: 74.7.241.23, server: aftermarket-data.ru, request: "GET /index.php?loknya=/sys/class/misc/snapshot/subsystem/tun/subsystem/cpu_dma_latency/subsystem/psaux/subsystem/cpu_dma_latency/subsystem/hw_random/subsystem/ecryptfs/subsystem/fuse/subsystem/uinput/subsystem HTTP/1.1", upstream: "fastcgi://unix:/var/run/php/php8.3-fpm.sock:", host: "www.aftermarket-data.ru", referrer: "https://www.aftermarket-data.ru/index.php?loknya=/sys/class/misc/snapshot/subsystem/tun/subsystem/cpu_dma_latency/subsystem/psaux/subsystem/cpu_dma_latency/subsystem/hw_random/subsystem/ecryptfs/subsystem/fuse/subsystem/uinput"
2026/08/10 06:22:18 [error] 2609827#2609827: *2633233 connect() to unix:/var/run/php/php8.3-fpm.sock failed (11: Resource temporarily unavailable) while connecting to upstream, client: 95.108.213.252, server: aftermarket-data.ru, request: "GET /?c=9269280406 HTTP/1.1", upstream: "fastcgi://unix:/var/run/php/php8.3-fpm.sock:", host: "aftermarket-data.ru"
2026/08/10 06:22:38 [error] 2609827#2609827: *2633235 connect() to unix:/var/run/php/php8.3-fpm.sock failed (11: Resource temporarily unavailable) while connecting to upstream, client: 57.141.20.3, server: aftermarket-data.ru, request: "GET /?i=51774106632 HTTP/1.1", upstream: "fastcgi://unix:/var/run/php/php8.3-fpm.sock:", host: "aftermarket-data.ru"
2026/08/10 06:22:38 [error] 2609827#2609827: *2633237 connect() to unix:/var/run/php/php8.3-fpm.sock failed (11: Resource temporarily unavailable) while connecting to upstream, client: 95.108.213.83, server: aftermarket-data.ru, request: "GET /?q=8025281625 HTTP/1.1", upstream: "fastcgi://unix:/var/run/php/php8.3-fpm.sock:", host: "aftermarket-data.ru"
2026/08/10 06:22:41 [error] 2609823#2609823: *2633070 connect() to unix:/var/run/php/php8.3-fpm.sock failed (11: Resource temporarily unavailable) while connecting to upstream, client: 74.7.227.36, server: aftermarket-data.ru, request: "GET /sitemap_index.xml?loknya=/proc/1397194/root/proc/irq/40 HTTP/1.1", upstream: "fastcgi://unix:/var/run/php/php8.3-fpm.sock:", host: "aftermarket-data.ru", referrer: "https://aftermarket-data.ru/sitemap_index.xml?loknya=/proc/1397194/root/proc/irq"
2026/08/10 06:23:12 [error] 2609827#2609827: *2633231 connect() to unix:/var/run/php/php8.3-fpm.sock failed (11: Resource temporarily unavailable) while connecting to upstream, client: 74.7.241.23, server: aftermarket-data.ru, request: "GET /index.php?loknya=/sys/class/misc/snapshot/subsystem/tun/subsystem/cpu_dma_latency/subsystem/psaux/subsystem/cpu_dma_latency/subsystem/ecryptfs/subsystem/uinput/subsystem/snapshot/subsystem/hpet/subsystem/device-mapper/ HTTP/1.1", upstream: "fastcgi://unix:/var/run/php/php8.3-fpm.sock:", host: "www.aftermarket-data.ru", referrer: "https://www.aftermarket-data.ru/index.php?loknya=/sys/class/misc/snapshot/subsystem/tun/subsystem/cpu_dma_latency/subsystem/psaux/subsystem/cpu_dma_latency/subsystem/ecryptfs/subsystem/uinput/subsystem/snapshot/subsystem/hpet/subsystem/device-mapper/power"
2026/08/10 06:23:16 [error] 2609827#2609827: *2633241 connect() to unix:/var/run/php/php8.3-fpm.sock failed (11: Resource temporarily unavailable) while connecting to upstream, client: 66.249.66.193, server: aftermarket-data.ru, request: "GET /robots.txt HTTP/1.1", upstream: "fastcgi://unix:/var/run/php/php8.3-fpm.sock:", host: "aftermarket-data.ru"
2026/08/10 06:23:42 [error] 2609823#2609823: *2633070 connect() to unix:/var/run/php/php8.3-fpm.sock failed (11: Resource temporarily unavailable) while connecting to upstream, client: 74.7.227.36, server: aftermarket-data.ru, request: "GET /sitemap_index.xml?loknya=/proc/1397195/root/proc/47 HTTP/1.1", upstream: "fastcgi://unix:/var/run/php/php8.3-fpm.sock:", host: "aftermarket-data.ru", referrer: "https://aftermarket-data.ru/sitemap_index.xml?loknya=/proc/1397195/root/proc"
2026/08/10 06:23:45 [error] 2609827#2609827: *2633244 connect() to unix:/var/run/php/php8.3-fpm.sock failed (11: Resource temporarily unavailable) while connecting to upstream, client: 57.141.20.34, server: aftermarket-data.ru, request: "GET /?r=8324318552 HTTP/1.1", upstream: "fastcgi://unix:/var/run/php/php8.3-fpm.sock:", host: "aftermarket-data.ru"
2026/08/10 06:24:14 [error] 2609827#2609827: *2633231 connect() to unix:/var/run/php/php8.3-fpm.sock failed (11: Resource temporarily unavailable) while connecting to upstream, client: 74.7.241.23, server: aftermarket-data.ru, request: "GET /index.php?loknya=/sys/class/misc/snapshot/subsystem/tun/subsystem/cpu_dma_latency/subsystem/psaux/subsystem/cpu_dma_latency/subsystem/ecryptfs/subsystem/psaux/subsystem/rfkill/subsystem/userfaultfd/subsystem/mcelog/power HTTP/1.1", upstream: "fastcgi://unix:/var/run/php/php8.3-fpm.sock:", host: "www.aftermarket-data.ru", referrer: "https://www.aftermarket-data.ru/index.php?loknya=/sys/class/misc/snapshot/subsystem/tun/subsystem/cpu_dma_latency/subsystem/psaux/subsystem/cpu_dma_latency/subsystem/ecryptfs/subsystem/psaux/subsystem/rfkill/subsystem/userfaultfd/subsystem/mcelog"
2026/08/10 06:24:47 [error] 2609823#2609823: *2633070 connect() to unix:/var/run/php/php8.3-fpm.sock failed (11: Resource temporarily unavailable) while connecting to upstream, client: 74.7.227.36, server: aftermarket-data.ru, request: "GET /sitemap_index.xml?loknya=/proc/1397190/root/proc/21 HTTP/1.1", upstream: "fastcgi://unix:/var/run/php/php8.3-fpm.sock:", host: "aftermarket-data.ru", referrer: "https://aftermarket-data.ru/sitemap_index.xml?loknya=/proc/1397190/root/proc"
2026/08/10 06:24:52 [error] 2609827#2609827: *2633248 connect() to unix:/var/run/php/php8.3-fpm.sock failed (11: Resource temporarily unavailable) while connecting to upstream, client: 57.141.20.56, server: aftermarket-data.ru, request: "GET /?r=80045154935 HTTP/1.1", upstream: "fastcgi://unix:/var/run/php/php8.3-fpm.sock:", host: "aftermarket-data.ru"
2026/08/10 06:25:13 [error] 2609827#2609827: *2633251 connect() to unix:/var/run/php/php8.3-fpm.sock failed (11: Resource temporarily unavailable) while connecting to upstream, client: 57.141.20.65, server: aftermarket-data.ru, request: "GET /?r=80045204645 HTTP/1.1", upstream: "fastcgi://unix:/var/run/php/php8.3-fpm.sock:", host: "aftermarket-data.ru"
2026/08/10 06:25:18 [error] 2609827#2609827: *2633231 connect() to unix:/var/run/php/php8.3-fpm.sock failed (11: Resource temporarily unavailable) while connecting to upstream, client: 74.7.241.23, server: aftermarket-data.ru, request: "GET /index.php?loknya=/sys/class/misc/snapshot/subsystem/tun/subsystem/cpu_dma_latency/subsystem/psaux/subsystem/cpu_dma_latency/subsystem/hw_random/subsystem/uinput/subsystem/mcelog/subsystem/ecryptfs/subsystem/mcelog HTTP/1.1", upstream: "fastcgi://unix:/var/run/php/php8.3-fpm.sock:", host: "www.aftermarket-data.ru", referrer: "https://www.aftermarket-data.ru/index.php?loknya=/sys/class/misc/snapshot/subsystem/tun/subsystem/cpu_dma_latency/subsystem/psaux/subsystem/cpu_dma_latency/subsystem/hw_random/subsystem/uinput/subsystem/mcelog/subsystem/ecryptfs/subsystem"
2026/08/10 06:25:21 [error] 2609827#2609827: *2633254 connect() to unix:/var/run/php/php8.3-fpm.sock failed (11: Resource temporarily unavailable) while connecting to upstream, client: 66.249.66.193, server: aftermarket-data.ru, request: "GET /robots.txt HTTP/1.1", upstream: "fastcgi://unix:/var/run/php/php8.3-fpm.sock:", host: "aftermarket-data.ru"
2026/08/10 06:25:36 [error] 2609827#2609827: *2633256 connect() to unix:/var/run/php/php8.3-fpm.sock failed (11: Resource temporarily unavailable) while connecting to upstream, client: 95.108.213.167, server: aftermarket-data.ru, request: "GET /?g=5512673357 HTTP/1.1", upstream: "fastcgi://unix:/var/run/php/php8.3-fpm.sock:", host: "aftermarket-data.ru"
2026/08/10 06:25:48 [error] 2609823#2609823: *2633070 connect() to unix:/var/run/php/php8.3-fpm.sock failed (11: Resource temporarily unavailable) while connecting to upstream, client: 74.7.227.36, server: aftermarket-data.ru, request: "GET /sitemap_index.xml?loknya=/proc/1397195/root/proc/irq/30 HTTP/1.1", upstream: "fastcgi://unix:/var/run/php/php8.3-fpm.sock:", host: "aftermarket-data.ru", referrer: "https://aftermarket-data.ru/sitemap_index.xml?loknya=/proc/1397195/root/proc/irq"
2026/08/10 06:25:57 [error] 2609827#2609827: *2633259 connect() to unix:/var/run/php/php8.3-fpm.sock failed (11: Resource temporarily unavailable) while connecting to upstream, client: 57.141.20.37, server: aftermarket-data.ru, request: "GET /sitemap747.xml?lokasie=/var/www/aftermarket-data.ru/wp-comments-post.php&loknya=/var/www/aftermarket-data.ru HTTP/1.1", upstream: "fastcgi://unix:/var/run/php/php8.3-fpm.sock:", host: "aftermarket-data.ru"
2026/08/10 06:26:06 [error] 2609827#2609827: *2633261 connect() to unix:/var/run/php/php8.3-fpm.sock failed (11: Resource temporarily unavailable) while connecting to upstream, client: 57.141.20.9, server: aftermarket-data.ru, request: "GET /?r=83243173512 HTTP/1.1", upstream: "fastcgi://unix:/var/run/php/php8.3-fpm.sock:", host: "aftermarket-data.ru"
2026/08/10 06:26:21 [error] 2609827#2609827: *2633231 connect() to unix:/var/run/php/php8.3-fpm.sock failed (11: Resource temporarily unavailable) while connecting to upstream, client: 74.7.241.23, server: aftermarket-data.ru, request: "GET /index.php?loknya=/sys/class/misc/snapshot/subsystem/tun/subsystem/cpu_dma_latency/subsystem/psaux/subsystem/cpu_dma_latency/subsystem/udmabuf/subsystem/tun/subsystem/ecryptfs/subsystem/userfaultfd/subsystem/hpet HTTP/1.1", upstream: "fastcgi://unix:/var/run/php/php8.3-fpm.sock:", host: "www.aftermarket-data.ru", referrer: "https://www.aftermarket-data.ru/index.php?loknya=/sys/class/misc/snapshot/subsystem/tun/subsystem/cpu_dma_latency/subsystem/psaux/subsystem/cpu_dma_latency/subsystem/udmabuf/subsystem/tun/subsystem/ecryptfs/subsystem/userfaultfd/subsystem"
2026/08/10 06:26:53 [error] 2609823#2609823: *2633070 connect() to unix:/var/run/php/php8.3-fpm.sock failed (11: Resource temporarily unavailable) while connecting to upstream, client: 74.7.227.36, server: aftermarket-data.ru, request: "GET /sitemap_index.xml?loknya=/proc/1397195/root/proc/irq/32 HTTP/1.1", upstream: "fastcgi://unix:/var/run/php/php8.3-fpm.sock:", host: "aftermarket-data.ru", referrer: "https://aftermarket-data.ru/sitemap_index.xml?loknya=/proc/1397195/root/proc/irq"
2026/08/10 06:27:05 [error] 2609828#2609828: *2633266 connect() to unix:/var/run/php/php8.3-fpm.sock failed (11: Resource temporarily unavailable) while connecting to upstream, client: 57.141.20.55, server: aftermarket-data.ru, request: "GET /?i=5177445092 HTTP/1.1", upstream: "fastcgi://unix:/var/run/php/php8.3-fpm.sock:", host: "aftermarket-data.ru"
2026/08/10 06:27:11 [error] 2609828#2609828: *2633268 connect() to unix:/var/run/php/php8.3-fpm.sock failed (11: Resource temporarily unavailable) while connecting to upstream, client: 66.249.66.193, server: aftermarket-data.ru, request: "GET /robots.txt HTTP/1.1", upstream: "fastcgi://unix:/var/run/php/php8.3-fpm.sock:", host: "aftermarket-data.ru"
2026/08/10 06:27:20 [error] 2609828#2609828: *2633270 connect() to unix:/var/run/php/php8.3-fpm.sock failed (11: Resource temporarily unavailable) while connecting to upstream, client: 57.141.20.6, server: aftermarket-data.ru, request: "GET /?r=83243118445 HTTP/1.1", upstream: "fastcgi://unix:/var/run/php/php8.3-fpm.sock:", host: "aftermarket-data.ru"
