2026/08/10 11:07:03 [error] 2609821#2609821: *2635368 connect() to unix:/var/run/php/php8.3-fpm.sock failed (11: Resource temporarily unavailable) while connecting to upstream, client: 74.7.241.23, server: aftermarket-data.ru, request: "GET /index.php?loknya=/sys/class/misc/snapshot/subsystem/tun/subsystem/cpu_dma_latency/subsystem/psaux/subsystem/cpu_dma_latency/subsystem/loop-control/subsystem/ecryptfs/subsystem/hpet/subsystem/tun/subsystem/rfkill HTTP/1.1", upstream: "fastcgi://unix:/var/run/php/php8.3-fpm.sock:", host: "www.aftermarket-data.ru", referrer: "https://www.aftermarket-data.ru/index.php?loknya=/sys/class/misc/snapshot/subsystem/tun/subsystem/cpu_dma_latency/subsystem/psaux/subsystem/cpu_dma_latency/subsystem/loop-control/subsystem/ecryptfs/subsystem/hpet/subsystem/tun/subsystem"
2026/08/10 11:07:12 [error] 2609822#2609822: *2635449 connect() to unix:/var/run/php/php8.3-fpm.sock failed (11: Resource temporarily unavailable) while connecting to upstream, client: 57.141.20.2, server: aftermarket-data.ru, request: "GET /?r=8324334465 HTTP/1.1", upstream: "fastcgi://unix:/var/run/php/php8.3-fpm.sock:", host: "aftermarket-data.ru"
2026/08/10 11:07:21 [error] 2609828#2609828: *2635334 connect() to unix:/var/run/php/php8.3-fpm.sock failed (11: Resource temporarily unavailable) while connecting to upstream, client: 74.7.227.36, server: aftermarket-data.ru, request: "GET /sitemap_index.xml?loknya=/usr/lib/python3/dist-packages/dns/dnssecalgs HTTP/1.1", upstream: "fastcgi://unix:/var/run/php/php8.3-fpm.sock:", host: "aftermarket-data.ru", referrer: "https://aftermarket-data.ru/sitemap_index.xml?loknya=/usr/lib/python3/dist-packages/dns"
2026/08/10 11:07:21 [error] 2609823#2609823: *2635452 connect() to unix:/var/run/php/php8.3-fpm.sock failed (11: Resource temporarily unavailable) while connecting to upstream, client: 74.7.230.33, server: aftermarket-data.ru, request: "GET /robots.txt HTTP/1.1", upstream: "fastcgi://unix:/var/run/php/php8.3-fpm.sock:", host: "aftermarket-data.ru"
2026/08/10 11:07:32 [error] 2609823#2609823: *2635454 connect() to unix:/var/run/php/php8.3-fpm.sock failed (11: Resource temporarily unavailable) while connecting to upstream, client: 195.178.110.31, server: aftermarket-data.ru, request: "GET / HTTP/1.1", upstream: "fastcgi://unix:/var/run/php/php8.3-fpm.sock:", host: "aftermarket-data.ru"
2026/08/10 11:07:32 [error] 2609823#2609823: *2635454 connect() to unix:/var/run/php/php8.3-fpm.sock failed (11: Resource temporarily unavailable) while connecting to upstream, client: 195.178.110.31, server: aftermarket-data.ru, request: "GET /.env HTTP/1.1", upstream: "fastcgi://unix:/var/run/php/php8.3-fpm.sock:", host: "aftermarket-data.ru"
2026/08/10 11:07:32 [error] 2609823#2609823: *2635454 connect() to unix:/var/run/php/php8.3-fpm.sock failed (11: Resource temporarily unavailable) while connecting to upstream, client: 195.178.110.31, server: aftermarket-data.ru, request: "GET /%2eenv HTTP/1.1", upstream: "fastcgi://unix:/var/run/php/php8.3-fpm.sock:", host: "aftermarket-data.ru"
2026/08/10 11:07:32 [error] 2609823#2609823: *2635454 connect() to unix:/var/run/php/php8.3-fpm.sock failed (11: Resource temporarily unavailable) while connecting to upstream, client: 195.178.110.31, server: aftermarket-data.ru, request: "GET /%2f%2eenv HTTP/1.1", upstream: "fastcgi://unix:/var/run/php/php8.3-fpm.sock:", host: "aftermarket-data.ru"
2026/08/10 11:07:32 [error] 2609823#2609823: *2635454 connect() to unix:/var/run/php/php8.3-fpm.sock failed (11: Resource temporarily unavailable) while connecting to upstream, client: 195.178.110.31, server: aftermarket-data.ru, request: "GET /?phpinfo=1 HTTP/1.1", upstream: "fastcgi://unix:/var/run/php/php8.3-fpm.sock:", host: "aftermarket-data.ru"
2026/08/10 11:07:32 [error] 2609823#2609823: *2635454 connect() to unix:/var/run/php/php8.3-fpm.sock failed (11: Resource temporarily unavailable) while connecting to upstream, client: 195.178.110.31, server: aftermarket-data.ru, request: "GET /.aws/credentials HTTP/1.1", upstream: "fastcgi://unix:/var/run/php/php8.3-fpm.sock:", host: "aftermarket-data.ru"
2026/08/10 11:07:32 [error] 2609823#2609823: *2635454 connect() to unix:/var/run/php/php8.3-fpm.sock failed (11: Resource temporarily unavailable) while connecting to upstream, client: 195.178.110.31, server: aftermarket-data.ru, request: "GET /api/.env HTTP/1.1", upstream: "fastcgi://unix:/var/run/php/php8.3-fpm.sock:", host: "aftermarket-data.ru"
2026/08/10 11:07:32 [error] 2609823#2609823: *2635454 connect() to unix:/var/run/php/php8.3-fpm.sock failed (11: Resource temporarily unavailable) while connecting to upstream, client: 195.178.110.31, server: aftermarket-data.ru, request: "GET /.env.bak HTTP/1.1", upstream: "fastcgi://unix:/var/run/php/php8.3-fpm.sock:", host: "aftermarket-data.ru"
2026/08/10 11:07:33 [error] 2609823#2609823: *2635454 connect() to unix:/var/run/php/php8.3-fpm.sock failed (11: Resource temporarily unavailable) while connecting to upstream, client: 195.178.110.31, server: aftermarket-data.ru, request: "GET /aws-ses.json HTTP/1.1", upstream: "fastcgi://unix:/var/run/php/php8.3-fpm.sock:", host: "aftermarket-data.ru"
2026/08/10 11:07:33 [error] 2609823#2609823: *2635454 connect() to unix:/var/run/php/php8.3-fpm.sock failed (11: Resource temporarily unavailable) while connecting to upstream, client: 195.178.110.31, server: aftermarket-data.ru, request: "GET /.stripe/ HTTP/1.1", upstream: "fastcgi://unix:/var/run/php/php8.3-fpm.sock:", host: "aftermarket-data.ru"
2026/08/10 11:07:33 [error] 2609823#2609823: *2635454 connect() to unix:/var/run/php/php8.3-fpm.sock failed (11: Resource temporarily unavailable) while connecting to upstream, client: 195.178.110.31, server: aftermarket-data.ru, request: "GET /stripe/.env HTTP/1.1", upstream: "fastcgi://unix:/var/run/php/php8.3-fpm.sock:", host: "aftermarket-data.ru"
2026/08/10 11:07:33 [error] 2609823#2609823: *2635454 connect() to unix:/var/run/php/php8.3-fpm.sock failed (11: Resource temporarily unavailable) while connecting to upstream, client: 195.178.110.31, server: aftermarket-data.ru, request: "GET /.env.aws HTTP/1.1", upstream: "fastcgi://unix:/var/run/php/php8.3-fpm.sock:", host: "aftermarket-data.ru"
2026/08/10 11:07:33 [error] 2609823#2609823: *2635454 connect() to unix:/var/run/php/php8.3-fpm.sock failed (11: Resource temporarily unavailable) while connecting to upstream, client: 195.178.110.31, server: aftermarket-data.ru, request: "GET /.env.save HTTP/1.1", upstream: "fastcgi://unix:/var/run/php/php8.3-fpm.sock:", host: "aftermarket-data.ru"
2026/08/10 11:07:33 [error] 2609823#2609823: *2635454 connect() to unix:/var/run/php/php8.3-fpm.sock failed (11: Resource temporarily unavailable) while connecting to upstream, client: 195.178.110.31, server: aftermarket-data.ru, request: "GET /.env.local HTTP/1.1", upstream: "fastcgi://unix:/var/run/php/php8.3-fpm.sock:", host: "aftermarket-data.ru"
2026/08/10 11:07:33 [error] 2609823#2609823: *2635454 connect() to unix:/var/run/php/php8.3-fpm.sock failed (11: Resource temporarily unavailable) while connecting to upstream, client: 195.178.110.31, server: aftermarket-data.ru, request: "GET /backend/.env HTTP/1.1", upstream: "fastcgi://unix:/var/run/php/php8.3-fpm.sock:", host: "aftermarket-data.ru"
2026/08/10 11:07:33 [error] 2609823#2609823: *2635454 connect() to unix:/var/run/php/php8.3-fpm.sock failed (11: Resource temporarily unavailable) while connecting to upstream, client: 195.178.110.31, server: aftermarket-data.ru, request: "GET /.env.backup HTTP/1.1", upstream: "fastcgi://unix:/var/run/php/php8.3-fpm.sock:", host: "aftermarket-data.ru"
2026/08/10 11:07:33 [error] 2609823#2609823: *2635454 connect() to unix:/var/run/php/php8.3-fpm.sock failed (11: Resource temporarily unavailable) while connecting to upstream, client: 195.178.110.31, server: aftermarket-data.ru, request: "GET /.env.old HTTP/1.1", upstream: "fastcgi://unix:/var/run/php/php8.3-fpm.sock:", host: "aftermarket-data.ru"
2026/08/10 11:07:33 [error] 2609823#2609823: *2635454 connect() to unix:/var/run/php/php8.3-fpm.sock failed (11: Resource temporarily unavailable) while connecting to upstream, client: 195.178.110.31, server: aftermarket-data.ru, request: "GET /.env.tmp HTTP/1.1", upstream: "fastcgi://unix:/var/run/php/php8.3-fpm.sock:", host: "aftermarket-data.ru"
2026/08/10 11:07:34 [error] 2609823#2609823: *2635454 connect() to unix:/var/run/php/php8.3-fpm.sock failed (11: Resource temporarily unavailable) while connecting to upstream, client: 195.178.110.31, server: aftermarket-data.ru, request: "GET /.env.php.bak HTTP/1.1", upstream: "fastcgi://unix:/var/run/php/php8.3-fpm.sock:", host: "aftermarket-data.ru"
2026/08/10 11:07:34 [error] 2609823#2609823: *2635454 connect() to unix:/var/run/php/php8.3-fpm.sock failed (11: Resource temporarily unavailable) while connecting to upstream, client: 195.178.110.31, server: aftermarket-data.ru, request: "GET /.env.txt HTTP/1.1", upstream: "fastcgi://unix:/var/run/php/php8.3-fpm.sock:", host: "aftermarket-data.ru"
2026/08/10 11:07:34 [error] 2609823#2609823: *2635454 connect() to unix:/var/run/php/php8.3-fpm.sock failed (11: Resource temporarily unavailable) while connecting to upstream, client: 195.178.110.31, server: aftermarket-data.ru, request: "GET /.env.prod HTTP/1.1", upstream: "fastcgi://unix:/var/run/php/php8.3-fpm.sock:", host: "aftermarket-data.ru"
2026/08/10 11:07:34 [error] 2609823#2609823: *2635454 connect() to unix:/var/run/php/php8.3-fpm.sock failed (11: Resource temporarily unavailable) while connecting to upstream, client: 195.178.110.31, server: aftermarket-data.ru, request: "GET /.env.dev HTTP/1.1", upstream: "fastcgi://unix:/var/run/php/php8.3-fpm.sock:", host: "aftermarket-data.ru"
2026/08/10 11:07:34 [error] 2609823#2609823: *2635454 connect() to unix:/var/run/php/php8.3-fpm.sock failed (11: Resource temporarily unavailable) while connecting to upstream, client: 195.178.110.31, server: aftermarket-data.ru, request: "GET /config.json.save HTTP/1.1", upstream: "fastcgi://unix:/var/run/php/php8.3-fpm.sock:", host: "aftermarket-data.ru"
2026/08/10 11:07:34 [error] 2609823#2609823: *2635454 connect() to unix:/var/run/php/php8.3-fpm.sock failed (11: Resource temporarily unavailable) while connecting to upstream, client: 195.178.110.31, server: aftermarket-data.ru, request: "GET /.git/config HTTP/1.1", upstream: "fastcgi://unix:/var/run/php/php8.3-fpm.sock:", host: "aftermarket-data.ru"
2026/08/10 11:07:34 [error] 2609823#2609823: *2635454 connect() to unix:/var/run/php/php8.3-fpm.sock failed (11: Resource temporarily unavailable) while connecting to upstream, client: 195.178.110.31, server: aftermarket-data.ru, request: "GET /wp-config.php HTTP/1.1", upstream: "fastcgi://unix:/var/run/php/php8.3-fpm.sock:", host: "aftermarket-data.ru"
2026/08/10 11:07:35 [error] 2609823#2609823: *2635454 connect() to unix:/var/run/php/php8.3-fpm.sock failed (11: Resource temporarily unavailable) while connecting to upstream, client: 195.178.110.31, server: aftermarket-data.ru, request: "GET /wp-config.php.old HTTP/1.1", upstream: "fastcgi://unix:/var/run/php/php8.3-fpm.sock:", host: "aftermarket-data.ru"
2026/08/10 11:07:35 [error] 2609823#2609823: *2635454 connect() to unix:/var/run/php/php8.3-fpm.sock failed (11: Resource temporarily unavailable) while connecting to upstream, client: 195.178.110.31, server: aftermarket-data.ru, request: "GET /config.php.bak HTTP/1.1", upstream: "fastcgi://unix:/var/run/php/php8.3-fpm.sock:", host: "aftermarket-data.ru"
2026/08/10 11:07:35 [error] 2609823#2609823: *2635454 connect() to unix:/var/run/php/php8.3-fpm.sock failed (11: Resource temporarily unavailable) while connecting to upstream, client: 195.178.110.31, server: aftermarket-data.ru, request: "GET /config.js HTTP/1.1", upstream: "fastcgi://unix:/var/run/php/php8.3-fpm.sock:", host: "aftermarket-data.ru"
2026/08/10 11:07:35 [error] 2609823#2609823: *2635454 connect() to unix:/var/run/php/php8.3-fpm.sock failed (11: Resource temporarily unavailable) while connecting to upstream, client: 195.178.110.31, server: aftermarket-data.ru, request: "GET /aws-config.js HTTP/1.1", upstream: "fastcgi://unix:/var/run/php/php8.3-fpm.sock:", host: "aftermarket-data.ru"
2026/08/10 11:07:35 [error] 2609823#2609823: *2635454 connect() to unix:/var/run/php/php8.3-fpm.sock failed (11: Resource temporarily unavailable) while connecting to upstream, client: 195.178.110.31, server: aftermarket-data.ru, request: "GET /aws.config.js HTTP/1.1", upstream: "fastcgi://unix:/var/run/php/php8.3-fpm.sock:", host: "aftermarket-data.ru"
2026/08/10 11:08:06 [error] 2609821#2609821: *2635368 connect() to unix:/var/run/php/php8.3-fpm.sock failed (11: Resource temporarily unavailable) while connecting to upstream, client: 74.7.241.23, server: aftermarket-data.ru, request: "GET /index.php?loknya=/sys/class/misc/snapshot/subsystem/tun/subsystem/cpu_dma_latency/subsystem/psaux/subsystem/cpu_dma_latency/subsystem/snapshot/subsystem/mcelog/subsystem/ecryptfs/subsystem/udmabuf/subsystem/autofs/power HTTP/1.1", upstream: "fastcgi://unix:/var/run/php/php8.3-fpm.sock:", host: "www.aftermarket-data.ru", referrer: "https://www.aftermarket-data.ru/index.php?loknya=/sys/class/misc/snapshot/subsystem/tun/subsystem/cpu_dma_latency/subsystem/psaux/subsystem/cpu_dma_latency/subsystem/snapshot/subsystem/mcelog/subsystem/ecryptfs/subsystem/udmabuf/subsystem/autofs"
2026/08/10 11:08:09 [error] 2609823#2609823: *2635486 connect() to unix:/var/run/php/php8.3-fpm.sock failed (11: Resource temporarily unavailable) while connecting to upstream, client: 57.141.20.51, server: aftermarket-data.ru, request: "GET /?c=92692210956 HTTP/1.1", upstream: "fastcgi://unix:/var/run/php/php8.3-fpm.sock:", host: "aftermarket-data.ru"
2026/08/10 11:08:23 [error] 2609828#2609828: *2635334 connect() to unix:/var/run/php/php8.3-fpm.sock failed (11: Resource temporarily unavailable) while connecting to upstream, client: 74.7.227.36, server: aftermarket-data.ru, request: "GET /sitemap_index.xml?loknya=/usr/lib/python3/dist-packages/babel/messages HTTP/1.1", upstream: "fastcgi://unix:/var/run/php/php8.3-fpm.sock:", host: "aftermarket-data.ru", referrer: "https://aftermarket-data.ru/sitemap_index.xml?loknya=/usr/lib/python3/dist-packages/babel"
2026/08/10 11:09:10 [error] 2609821#2609821: *2635368 connect() to unix:/var/run/php/php8.3-fpm.sock failed (11: Resource temporarily unavailable) while connecting to upstream, client: 74.7.241.23, server: aftermarket-data.ru, request: "GET /index.php?loknya=/sys/class/misc/snapshot/subsystem/tun/subsystem/cpu_dma_latency/subsystem/subsystem/subsystem/cpu_dma_latency/subsystem/tun/subsystem/fuse/subsystem/device-mapper/subsystem HTTP/1.1", upstream: "fastcgi://unix:/var/run/php/php8.3-fpm.sock:", host: "www.aftermarket-data.ru", referrer: "https://www.aftermarket-data.ru/index.php?loknya=/sys/class/misc/snapshot/subsystem/tun/subsystem/cpu_dma_latency/subsystem/subsystem/subsystem/cpu_dma_latency/subsystem/tun/subsystem/fuse/subsystem/device-mapper/subsystem/"
2026/08/10 11:09:15 [error] 2609823#2609823: *2635490 connect() to unix:/var/run/php/php8.3-fpm.sock failed (11: Resource temporarily unavailable) while connecting to upstream, client: 57.141.20.66, server: aftermarket-data.ru, request: "GET /?i=51774231831 HTTP/1.1", upstream: "fastcgi://unix:/var/run/php/php8.3-fpm.sock:", host: "aftermarket-data.ru"
2026/08/10 11:09:22 [error] 2609823#2609823: *2635492 connect() to unix:/var/run/php/php8.3-fpm.sock failed (11: Resource temporarily unavailable) while connecting to upstream, client: 57.141.20.33, server: aftermarket-data.ru, request: "GET /?v=4037323336 HTTP/1.1", upstream: "fastcgi://unix:/var/run/php/php8.3-fpm.sock:", host: "aftermarket-data.ru"
2026/08/10 11:09:26 [error] 2609828#2609828: *2635334 connect() to unix:/var/run/php/php8.3-fpm.sock failed (11: Resource temporarily unavailable) while connecting to upstream, client: 74.7.227.36, server: aftermarket-data.ru, request: "GET /sitemap_index.xml?loknya=/usr/lib/python3/dist-packages/passlib/utils HTTP/1.1", upstream: "fastcgi://unix:/var/run/php/php8.3-fpm.sock:", host: "aftermarket-data.ru", referrer: "https://aftermarket-data.ru/sitemap_index.xml?loknya=/usr/lib/python3/dist-packages/passlib"
2026/08/10 11:09:38 [error] 2609823#2609823: *2635495 connect() to unix:/var/run/php/php8.3-fpm.sock failed (11: Resource temporarily unavailable) while connecting to upstream, client: 213.180.203.125, server: aftermarket-data.ru, request: "GET /robots.txt HTTP/1.1", upstream: "fastcgi://unix:/var/run/php/php8.3-fpm.sock:", host: "aftermarket-data.ru"
2026/08/10 11:10:10 [error] 2609821#2609821: *2635368 connect() to unix:/var/run/php/php8.3-fpm.sock failed (11: Resource temporarily unavailable) while connecting to upstream, client: 74.7.241.23, server: aftermarket-data.ru, request: "GET /index.php?loknya=/sys/class/misc/snapshot/subsystem/tun/subsystem/cpu_dma_latency/subsystem/psaux/subsystem/cpu_dma_latency/subsystem/snapshot/subsystem/mcelog/subsystem/ecryptfs/subsystem/device-mapper/subsystem/rfkill HTTP/1.1", upstream: "fastcgi://unix:/var/run/php/php8.3-fpm.sock:", host: "www.aftermarket-data.ru", referrer: "https://www.aftermarket-data.ru/index.php?loknya=/sys/class/misc/snapshot/subsystem/tun/subsystem/cpu_dma_latency/subsystem/psaux/subsystem/cpu_dma_latency/subsystem/snapshot/subsystem/mcelog/subsystem/ecryptfs/subsystem/device-mapper/subsystem"
2026/08/10 11:10:12 [error] 2609823#2609823: *2635499 connect() to unix:/var/run/php/php8.3-fpm.sock failed (11: Resource temporarily unavailable) while connecting to upstream, client: 66.249.66.193, server: aftermarket-data.ru, request: "GET /robots.txt HTTP/1.1", upstream: "fastcgi://unix:/var/run/php/php8.3-fpm.sock:", host: "aftermarket-data.ru"
2026/08/10 11:10:22 [error] 2609823#2609823: *2635501 connect() to unix:/var/run/php/php8.3-fpm.sock failed (11: Resource temporarily unavailable) while connecting to upstream, client: 57.141.20.30, server: aftermarket-data.ru, request: "GET /sitemap543.xml?loknya=/var/www/aftermarket-data.ru/wp-includes HTTP/1.1", upstream: "fastcgi://unix:/var/run/php/php8.3-fpm.sock:", host: "aftermarket-data.ru"
2026/08/10 11:10:28 [error] 2609828#2609828: *2635334 connect() to unix:/var/run/php/php8.3-fpm.sock failed (11: Resource temporarily unavailable) while connecting to upstream, client: 74.7.227.36, server: aftermarket-data.ru, request: "GET /sitemap_index.xml?loknya=/usr/lib/python3/dist-packages/ansible/module_utils HTTP/1.1", upstream: "fastcgi://unix:/var/run/php/php8.3-fpm.sock:", host: "aftermarket-data.ru", referrer: "https://aftermarket-data.ru/sitemap_index.xml?loknya=/usr/lib/python3/dist-packages/ansible"
2026/08/10 11:11:12 [error] 2609821#2609821: *2635368 connect() to unix:/var/run/php/php8.3-fpm.sock failed (11: Resource temporarily unavailable) while connecting to upstream, client: 74.7.241.23, server: aftermarket-data.ru, request: "GET /index.php?loknya=/sys/class/misc/snapshot/subsystem/tun/subsystem/cpu_dma_latency/subsystem/subsystem/cpu_dma_latency/subsystem/ecryptfs/subsystem/subsystem/device-mapper/subsystem/fuse/subsystem/ HTTP/1.1", upstream: "fastcgi://unix:/var/run/php/php8.3-fpm.sock:", host: "www.aftermarket-data.ru", referrer: "https://www.aftermarket-data.ru/index.php?loknya=/sys/class/misc/snapshot/subsystem/tun/subsystem/cpu_dma_latency/subsystem/psaux/subsystem/cpu_dma_latency/subsystem/ecryptfs/subsystem/psaux/subsystem/device-mapper/subsystem/fuse/subsystem/psaux"
2026/08/10 11:11:28 [error] 2609828#2609828: *2635334 connect() to unix:/var/run/php/php8.3-fpm.sock failed (11: Resource temporarily unavailable) while connecting to upstream, client: 74.7.227.36, server: aftermarket-data.ru, request: "GET /sitemap_index.xml?loknya=/proc/2533346/task/783747/net HTTP/1.1", upstream: "fastcgi://unix:/var/run/php/php8.3-fpm.sock:", host: "aftermarket-data.ru", referrer: "https://aftermarket-data.ru/sitemap_index.xml?loknya=/proc/2533346/task/783747"
2026/08/10 11:11:29 [error] 2609823#2609823: *2635506 connect() to unix:/var/run/php/php8.3-fpm.sock failed (11: Resource temporarily unavailable) while connecting to upstream, client: 57.141.20.34, server: aftermarket-data.ru, request: "GET /?c=92692104531 HTTP/1.1", upstream: "fastcgi://unix:/var/run/php/php8.3-fpm.sock:", host: "aftermarket-data.ru"
2026/08/10 11:11:34 [error] 2609823#2609823: *2635508 connect() to unix:/var/run/php/php8.3-fpm.sock failed (11: Resource temporarily unavailable) while connecting to upstream, client: 57.141.20.60, server: aftermarket-data.ru, request: "GET /?r=83243162511 HTTP/1.1", upstream: "fastcgi://unix:/var/run/php/php8.3-fpm.sock:", host: "aftermarket-data.ru"
2026/08/10 11:12:17 [error] 2609821#2609821: *2635368 connect() to unix:/var/run/php/php8.3-fpm.sock failed (11: Resource temporarily unavailable) while connecting to upstream, client: 74.7.241.23, server: aftermarket-data.ru, request: "GET /index.php?loknya=/sys/class/misc/snapshot/subsystem/subsystem/cpu_dma_latency/subsystem/psaux/subsystem/cpu_dma_latency/subsystem/udmabuf/subsystem/subsystem/hw_random/subsystem/autofs HTTP/1.1", upstream: "fastcgi://unix:/var/run/php/php8.3-fpm.sock:", host: "www.aftermarket-data.ru", referrer: "https://www.aftermarket-data.ru/index.php?loknya=/sys/class/misc/snapshot/subsystem/subsystem/cpu_dma_latency/subsystem/psaux/subsystem/cpu_dma_latency/subsystem/udmabuf/subsystem/subsystem/hw_random/subsystem/autofs/subsystem/"
2026/08/10 11:12:31 [error] 2609828#2609828: *2635334 connect() to unix:/var/run/php/php8.3-fpm.sock failed (11: Resource temporarily unavailable) while connecting to upstream, client: 74.7.227.36, server: aftermarket-data.ru, request: "GET /sitemap_index.xml?loknya=/proc/1397195/cwd/proc/80/task/80/net/stat HTTP/1.1", upstream: "fastcgi://unix:/var/run/php/php8.3-fpm.sock:", host: "aftermarket-data.ru", referrer: "https://aftermarket-data.ru/sitemap_index.xml?loknya=/proc/1397195/cwd/proc/80/task/80/net"
2026/08/10 11:12:34 [error] 2609823#2609823: *2635512 connect() to unix:/var/run/php/php8.3-fpm.sock failed (11: Resource temporarily unavailable) while connecting to upstream, client: 57.141.20.45, server: aftermarket-data.ru, request: "GET /?c=92692200073 HTTP/1.1", upstream: "fastcgi://unix:/var/run/php/php8.3-fpm.sock:", host: "aftermarket-data.ru"
2026/08/10 11:12:57 [error] 2609823#2609823: *2635514 connect() to unix:/var/run/php/php8.3-fpm.sock failed (11: Resource temporarily unavailable) while connecting to upstream, client: 66.249.66.193, server: aftermarket-data.ru, request: "GET /robots.txt HTTP/1.1", upstream: "fastcgi://unix:/var/run/php/php8.3-fpm.sock:", host: "aftermarket-data.ru"
2026/08/10 11:13:20 [error] 2609821#2609821: *2635368 connect() to unix:/var/run/php/php8.3-fpm.sock failed (11: Resource temporarily unavailable) while connecting to upstream, client: 74.7.241.23, server: aftermarket-data.ru, request: "GET /index.php?loknya=/sys/class/misc/snapshot/subsystem/tun/subsystem/cpu_dma_latency/subsystem/psaux/subsystem/cpu_dma_latency/subsystem/snapshot/subsystem/hpet/subsystem/rfkill/subsystem/ecryptfs/subsystem HTTP/1.1", upstream: "fastcgi://unix:/var/run/php/php8.3-fpm.sock:", host: "www.aftermarket-data.ru", referrer: "https://www.aftermarket-data.ru/index.php?loknya=/sys/class/misc/snapshot/subsystem/tun/subsystem/cpu_dma_latency/subsystem/psaux/subsystem/cpu_dma_latency/subsystem/snapshot/subsystem/hpet/subsystem/rfkill/subsystem/ecryptfs"
2026/08/10 11:13:34 [error] 2609828#2609828: *2635334 connect() to unix:/var/run/php/php8.3-fpm.sock failed (11: Resource temporarily unavailable) while connecting to upstream, client: 74.7.227.36, server: aftermarket-data.ru, request: "GET /sitemap_index.xml?loknya=/proc/1397195/cwd/proc/20/task/20/net/stat HTTP/1.1", upstream: "fastcgi://unix:/var/run/php/php8.3-fpm.sock:", host: "aftermarket-data.ru", referrer: "https://aftermarket-data.ru/sitemap_index.xml?loknya=/proc/1397195/cwd/proc/20/task/20/net"
2026/08/10 11:13:41 [error] 2609823#2609823: *2635518 connect() to unix:/var/run/php/php8.3-fpm.sock failed (11: Resource temporarily unavailable) while connecting to upstream, client: 57.141.20.69, server: aftermarket-data.ru, request: "GET /?v=40373186890 HTTP/1.1", upstream: "fastcgi://unix:/var/run/php/php8.3-fpm.sock:", host: "aftermarket-data.ru"
2026/08/10 11:13:50 [error] 2609823#2609823: *2635520 connect() to unix:/var/run/php/php8.3-fpm.sock failed (11: Resource temporarily unavailable) while connecting to upstream, client: 57.141.20.64, server: aftermarket-data.ru, request: "GET /?v=40373167868 HTTP/1.1", upstream: "fastcgi://unix:/var/run/php/php8.3-fpm.sock:", host: "aftermarket-data.ru"
2026/08/10 11:14:22 [error] 2609821#2609821: *2635368 connect() to unix:/var/run/php/php8.3-fpm.sock failed (11: Resource temporarily unavailable) while connecting to upstream, client: 74.7.241.23, server: aftermarket-data.ru, request: "GET /index.php?loknya=/sys/class/misc/subsystem/tun/subsystem/cpu_dma_latency/subsystem/psaux/subsystem/cpu_dma_latency/subsystem/loop-control/subsystem/ecryptfs/subsystem/tun/subsystem/udmabuf/subsystem HTTP/1.1", upstream: "fastcgi://unix:/var/run/php/php8.3-fpm.sock:", host: "www.aftermarket-data.ru", referrer: "https://www.aftermarket-data.ru/index.php?loknya=/sys/class/misc/subsystem/tun/subsystem/cpu_dma_latency/subsystem/psaux/subsystem/cpu_dma_latency/subsystem/loop-control/subsystem/ecryptfs/subsystem/tun/subsystem/udmabuf/subsystem/"
2026/08/10 11:14:33 [error] 2609823#2609823: *2635523 connect() to unix:/var/run/php/php8.3-fpm.sock failed (11: Resource temporarily unavailable) while connecting to upstream, client: 216.73.216.150, server: aftermarket-data.ru, request: "GET /robots.txt HTTP/1.1", upstream: "fastcgi://unix:/var/run/php/php8.3-fpm.sock:", host: "aftermarket-data.ru"
2026/08/10 11:14:35 [error] 2609828#2609828: *2635334 connect() to unix:/var/run/php/php8.3-fpm.sock failed (11: Resource temporarily unavailable) while connecting to upstream, client: 74.7.227.36, server: aftermarket-data.ru, request: "GET /sitemap_index.xml?loknya=/proc/1397196/cwd/proc/54/task/54/net/stat HTTP/1.1", upstream: "fastcgi://unix:/var/run/php/php8.3-fpm.sock:", host: "aftermarket-data.ru", referrer: "https://aftermarket-data.ru/sitemap_index.xml?loknya=/proc/1397196/cwd/proc/54/task/54/net"
2026/08/10 11:14:49 [error] 2609823#2609823: *2635526 connect() to unix:/var/run/php/php8.3-fpm.sock failed (11: Resource temporarily unavailable) while connecting to upstream, client: 57.141.20.20, server: aftermarket-data.ru, request: "GET /?c=92692282003 HTTP/1.1", upstream: "fastcgi://unix:/var/run/php/php8.3-fpm.sock:", host: "aftermarket-data.ru"
2026/08/10 11:15:00 [error] 2609824#2609824: *2635528 connect() to unix:/var/run/php/php8.3-fpm.sock failed (11: Resource temporarily unavailable) while connecting to upstream, client: 66.249.66.193, server: aftermarket-data.ru, request: "GET /robots.txt HTTP/1.1", upstream: "fastcgi://unix:/var/run/php/php8.3-fpm.sock:", host: "aftermarket-data.ru"
2026/08/10 11:15:25 [error] 2609821#2609821: *2635368 connect() to unix:/var/run/php/php8.3-fpm.sock failed (11: Resource temporarily unavailable) while connecting to upstream, client: 74.7.241.23, server: aftermarket-data.ru, request: "GET /index.php?loknya=/sys/class/misc/snapshot/subsystem/subsystem/cpu_dma_latency/subsystem/psaux/subsystem/cpu_dma_latency/subsystem/hw_random/subsystem/mcelog/subsystem/hpet/subsystem/psaux/subsystem HTTP/1.1", upstream: "fastcgi://unix:/var/run/php/php8.3-fpm.sock:", host: "www.aftermarket-data.ru", referrer: "https://www.aftermarket-data.ru/index.php?loknya=/sys/class/misc/snapshot/subsystem/subsystem/cpu_dma_latency/subsystem/psaux/subsystem/cpu_dma_latency/subsystem/hw_random/subsystem/mcelog/subsystem/hpet/subsystem/psaux/subsystem/"
2026/08/10 11:15:38 [error] 2609828#2609828: *2635334 connect() to unix:/var/run/php/php8.3-fpm.sock failed (11: Resource temporarily unavailable) while connecting to upstream, client: 74.7.227.36, server: aftermarket-data.ru, request: "GET /sitemap_index.xml?loknya=/proc/1397190/cwd/proc/28/task/28/net/stat HTTP/1.1", upstream: "fastcgi://unix:/var/run/php/php8.3-fpm.sock:", host: "aftermarket-data.ru", referrer: "https://aftermarket-data.ru/sitemap_index.xml?loknya=/proc/1397190/cwd/proc/28/task/28/net"
2026/08/10 11:15:55 [error] 2609824#2609824: *2635533 connect() to unix:/var/run/php/php8.3-fpm.sock failed (11: Resource temporarily unavailable) while connecting to upstream, client: 57.141.20.17, server: aftermarket-data.ru, request: "GET /?m=15534191319 HTTP/1.1", upstream: "fastcgi://unix:/var/run/php/php8.3-fpm.sock:", host: "aftermarket-data.ru"
2026/08/10 11:16:02 [error] 2609824#2609824: *2635535 connect() to unix:/var/run/php/php8.3-fpm.sock failed (11: Resource temporarily unavailable) while connecting to upstream, client: 57.141.20.2, server: aftermarket-data.ru, request: "GET /?c=92692227900 HTTP/1.1", upstream: "fastcgi://unix:/var/run/php/php8.3-fpm.sock:", host: "aftermarket-data.ru"
2026/08/10 11:16:18 [error] 2609824#2609824: *2635537 connect() to unix:/var/run/php/php8.3-fpm.sock failed (11: Resource temporarily unavailable) while connecting to upstream, client: 2.132.135.83, server: aftermarket-data.ru, request: "GET /motor_masla/ HTTP/1.1", upstream: "fastcgi://unix:/var/run/php/php8.3-fpm.sock:", host: "aftermarket-data.ru", referrer: "https://www.google.com/"
2026/08/10 11:16:21 [error] 2609824#2609824: *2635539 connect() to unix:/var/run/php/php8.3-fpm.sock failed (11: Resource temporarily unavailable) while connecting to upstream, client: 2.76.6.222, server: aftermarket-data.ru, request: "GET /motor_masla/ HTTP/1.1", upstream: "fastcgi://unix:/var/run/php/php8.3-fpm.sock:", host: "aftermarket-data.ru"
2026/08/10 11:16:30 [error] 2609821#2609821: *2635368 connect() to unix:/var/run/php/php8.3-fpm.sock failed (11: Resource temporarily unavailable) while connecting to upstream, client: 74.7.241.23, server: aftermarket-data.ru, request: "GET /index.php?loknya=/sys/class/misc/snapshot/subsystem/tun/subsystem/cpu_dma_latency/subsystem/psaux/subsystem/cpu_dma_latency/subsystem/ecryptfs/subsystem/tun/subsystem/fuse/subsystem/mcelog/subsystem/hw_random/subsystem HTTP/1.1", upstream: "fastcgi://unix:/var/run/php/php8.3-fpm.sock:", host: "www.aftermarket-data.ru", referrer: "https://www.aftermarket-data.ru/index.php?loknya=/sys/class/misc/snapshot/subsystem/tun/subsystem/cpu_dma_latency/subsystem/psaux/subsystem/cpu_dma_latency/subsystem/ecryptfs/subsystem/tun/subsystem/fuse/subsystem/mcelog/subsystem/hw_random"
2026/08/10 11:16:40 [error] 2609828#2609828: *2635334 connect() to unix:/var/run/php/php8.3-fpm.sock failed (11: Resource temporarily unavailable) while connecting to upstream, client: 74.7.227.36, server: aftermarket-data.ru, request: "GET /sitemap_index.xml?loknya=/proc/1397190/cwd/proc/48/task/48/net/stat HTTP/1.1", upstream: "fastcgi://unix:/var/run/php/php8.3-fpm.sock:", host: "aftermarket-data.ru", referrer: "https://aftermarket-data.ru/sitemap_index.xml?loknya=/proc/1397190/cwd/proc/48/task/48/net"
2026/08/10 11:17:02 [error] 2609824#2609824: *2635543 connect() to unix:/var/run/php/php8.3-fpm.sock failed (11: Resource temporarily unavailable) while connecting to upstream, client: 57.141.20.53, server: aftermarket-data.ru, request: "GET /?v=4037331420 HTTP/1.1", upstream: "fastcgi://unix:/var/run/php/php8.3-fpm.sock:", host: "aftermarket-data.ru"
2026/08/10 11:17:34 [error] 2609825#2609825: *2635557 open() "/usr/share/nginx/html/.env.old" failed (2: No such file or directory), client: 45.148.10.125, server: api.aftermarket-data.ru, request: "GET /.env.old HTTP/1.1", host: "157.22.201.140"
2026/08/10 11:17:34 [error] 2609825#2609825: *2635558 open() "/usr/share/nginx/html/.git/config" failed (2: No such file or directory), client: 45.148.10.125, server: api.aftermarket-data.ru, request: "GET /.git/config HTTP/1.1", host: "157.22.201.140"
2026/08/10 11:17:35 [error] 2609825#2609825: *2635561 open() "/usr/share/nginx/html/app/.env" failed (2: No such file or directory), client: 45.148.10.125, server: api.aftermarket-data.ru, request: "GET /app/.env HTTP/1.1", host: "157.22.201.140"
2026/08/10 11:17:35 [error] 2609825#2609825: *2635562 open() "/usr/share/nginx/html/backend/.env" failed (2: No such file or directory), client: 45.148.10.125, server: api.aftermarket-data.ru, request: "GET /backend/.env HTTP/1.1", host: "157.22.201.140"
2026/08/10 11:17:35 [error] 2609825#2609825: *2635563 open() "/usr/share/nginx/html/actuator/env" failed (2: No such file or directory), client: 45.148.10.125, server: api.aftermarket-data.ru, request: "GET /actuator/env HTTP/1.1", host: "157.22.201.140"
2026/08/10 11:17:35 [error] 2609825#2609825: *2635564 open() "/usr/share/nginx/html/terraform.tfstate" failed (2: No such file or directory), client: 45.148.10.125, server: api.aftermarket-data.ru, request: "GET /terraform.tfstate HTTP/1.1", host: "157.22.201.140"
2026/08/10 11:17:35 [error] 2609825#2609825: *2635565 open() "/usr/share/nginx/html/.env" failed (2: No such file or directory), client: 45.148.10.125, server: api.aftermarket-data.ru, request: "GET /.env HTTP/1.1", host: "157.22.201.140"
2026/08/10 11:17:35 [error] 2609825#2609825: *2635566 open() "/usr/share/nginx/html/.env.development" failed (2: No such file or directory), client: 45.148.10.125, server: api.aftermarket-data.ru, request: "GET /.env.development HTTP/1.1", host: "157.22.201.140"
2026/08/10 11:17:35 [error] 2609825#2609825: *2635567 open() "/usr/share/nginx/html/.env.prod" failed (2: No such file or directory), client: 45.148.10.125, server: api.aftermarket-data.ru, request: "GET /.env.prod HTTP/1.1", host: "157.22.201.140"
2026/08/10 11:17:35 [error] 2609825#2609825: *2635568 open() "/usr/share/nginx/html/.env.bak" failed (2: No such file or directory), client: 45.148.10.125, server: api.aftermarket-data.ru, request: "GET /.env.bak HTTP/1.1", host: "157.22.201.140"
2026/08/10 11:17:36 [error] 2609825#2609825: *2635569 open() "/usr/share/nginx/html/.git/HEAD" failed (2: No such file or directory), client: 45.148.10.125, server: api.aftermarket-data.ru, request: "GET /.git/HEAD HTTP/1.1", host: "157.22.201.140"
2026/08/10 11:17:36 [error] 2609825#2609825: *2635570 open() "/usr/share/nginx/html/.aws/credentials" failed (2: No such file or directory), client: 45.148.10.125, server: api.aftermarket-data.ru, request: "GET /.aws/credentials HTTP/1.1", host: "157.22.201.140"
2026/08/10 11:17:36 [error] 2609825#2609825: *2635571 open() "/usr/share/nginx/html/appsettings.json" failed (2: No such file or directory), client: 45.148.10.125, server: api.aftermarket-data.ru, request: "GET /appsettings.json HTTP/1.1", host: "157.22.201.140"
2026/08/10 11:17:36 [error] 2609826#2609826: *2635572 open() "/usr/share/nginx/html/info.php" failed (2: No such file or directory), client: 45.148.10.125, server: api.aftermarket-data.ru, request: "GET /info.php HTTP/1.1", host: "157.22.201.140"
2026/08/10 11:17:36 [error] 2609826#2609826: *2635573 open() "/usr/share/nginx/html/.env.staging" failed (2: No such file or directory), client: 45.148.10.125, server: api.aftermarket-data.ru, request: "GET /.env.staging HTTP/1.1", host: "157.22.201.140"
2026/08/10 11:17:36 [error] 2609821#2609821: *2635368 connect() to unix:/var/run/php/php8.3-fpm.sock failed (11: Resource temporarily unavailable) while connecting to upstream, client: 74.7.241.23, server: aftermarket-data.ru, request: "GET /index.php?loknya=/sys/class/misc/snapshot/subsystem/tun/subsystem/cpu_dma_latency/subsystem/psaux/subsystem/cpu_dma_latency/subsystem/ecryptfs/subsystem/psaux/subsystem/device-mapper/subsystem/uinput/subsystem/hpet/power HTTP/1.1", upstream: "fastcgi://unix:/var/run/php/php8.3-fpm.sock:", host: "www.aftermarket-data.ru", referrer: "https://www.aftermarket-data.ru/index.php?loknya=/sys/class/misc/snapshot/subsystem/tun/subsystem/cpu_dma_latency/subsystem/psaux/subsystem/cpu_dma_latency/subsystem/ecryptfs/subsystem/psaux/subsystem/device-mapper/subsystem/uinput/subsystem/hpet"
2026/08/10 11:17:44 [error] 2609828#2609828: *2635334 connect() to unix:/var/run/php/php8.3-fpm.sock failed (11: Resource temporarily unavailable) while connecting to upstream, client: 74.7.227.36, server: aftermarket-data.ru, request: "GET /sitemap_index.xml?loknya=/proc/1397196/cwd/proc/48/task/48/net/stat HTTP/1.1", upstream: "fastcgi://unix:/var/run/php/php8.3-fpm.sock:", host: "aftermarket-data.ru", referrer: "https://aftermarket-data.ru/sitemap_index.xml?loknya=/proc/1397196/cwd/proc/48/task/48/net"
2026/08/10 11:18:09 [error] 2609826#2609826: *2635576 connect() to unix:/var/run/php/php8.3-fpm.sock failed (11: Resource temporarily unavailable) while connecting to upstream, client: 57.141.20.62, server: aftermarket-data.ru, request: "GET /?r=80045200993 HTTP/1.1", upstream: "fastcgi://unix:/var/run/php/php8.3-fpm.sock:", host: "aftermarket-data.ru"
2026/08/10 11:18:13 [error] 2609826#2609826: *2635578 connect() to unix:/var/run/php/php8.3-fpm.sock failed (11: Resource temporarily unavailable) while connecting to upstream, client: 57.141.20.17, server: aftermarket-data.ru, request: "GET /?v=4037316763 HTTP/1.1", upstream: "fastcgi://unix:/var/run/php/php8.3-fpm.sock:", host: "aftermarket-data.ru"
2026/08/10 11:18:40 [error] 2609821#2609821: *2635368 connect() to unix:/var/run/php/php8.3-fpm.sock failed (11: Resource temporarily unavailable) while connecting to upstream, client: 74.7.241.23, server: aftermarket-data.ru, request: "GET /index.php?loknya=/sys/class/misc/snapshot/subsystem/subsystem/cpu_dma_latency/subsystem/psaux/subsystem/cpu_dma_latency/subsystem/loop-control/subsystem/subsystem/mcelog/subsystem/autofs/subsystem/ HTTP/1.1", upstream: "fastcgi://unix:/var/run/php/php8.3-fpm.sock:", host: "www.aftermarket-data.ru", referrer: "https://www.aftermarket-data.ru/index.php?loknya=/sys/class/misc/snapshot/subsystem/tun/subsystem/cpu_dma_latency/subsystem/psaux/subsystem/cpu_dma_latency/subsystem/loop-control/subsystem/tun/subsystem/mcelog/subsystem/autofs/subsystem/tun"
2026/08/10 11:18:47 [error] 2609828#2609828: *2635334 connect() to unix:/var/run/php/php8.3-fpm.sock failed (11: Resource temporarily unavailable) while connecting to upstream, client: 74.7.227.36, server: aftermarket-data.ru, request: "GET /sitemap_index.xml?loknya=/proc/1397190/cwd/proc/84/task/84/net/stat HTTP/1.1", upstream: "fastcgi://unix:/var/run/php/php8.3-fpm.sock:", host: "aftermarket-data.ru", referrer: "https://aftermarket-data.ru/sitemap_index.xml?loknya=/proc/1397190/cwd/proc/84/task/84/net"
2026/08/10 11:19:14 [error] 2609826#2609826: *2635582 connect() to unix:/var/run/php/php8.3-fpm.sock failed (11: Resource temporarily unavailable) while connecting to upstream, client: 57.141.20.70, server: aftermarket-data.ru, request: "GET /?i=5177447974 HTTP/1.1", upstream: "fastcgi://unix:/var/run/php/php8.3-fpm.sock:", host: "aftermarket-data.ru"
2026/08/10 11:19:41 [error] 2609821#2609821: *2635368 connect() to unix:/var/run/php/php8.3-fpm.sock failed (11: Resource temporarily unavailable) while connecting to upstream, client: 74.7.241.23, server: aftermarket-data.ru, request: "GET /index.php?loknya=/sys/class/misc/snapshot/subsystem/tun/subsystem/cpu_dma_latency/subsystem/psaux/subsystem/psaux/subsystem/cpu_dma_latency/subsystem/loop-control/subsystem/autofs/subsystem/ecryptfs HTTP/1.1", upstream: "fastcgi://unix:/var/run/php/php8.3-fpm.sock:", host: "www.aftermarket-data.ru", referrer: "https://www.aftermarket-data.ru/index.php?loknya=/sys/class/misc/snapshot/subsystem/tun/subsystem/cpu_dma_latency/subsystem/psaux/subsystem/psaux/subsystem/cpu_dma_latency/subsystem/loop-control/subsystem/autofs/subsystem"
2026/08/10 11:19:49 [error] 2609828#2609828: *2635334 connect() to unix:/var/run/php/php8.3-fpm.sock failed (11: Resource temporarily unavailable) while connecting to upstream, client: 74.7.227.36, server: aftermarket-data.ru, request: "GET /sitemap_index.xml?loknya=/proc/1397190/cwd/proc/64/task/64/net/stat HTTP/1.1", upstream: "fastcgi://unix:/var/run/php/php8.3-fpm.sock:", host: "aftermarket-data.ru", referrer: "https://aftermarket-data.ru/sitemap_index.xml?loknya=/proc/1397190/cwd/proc/64/task/64/net"
2026/08/10 11:20:22 [error] 2609826#2609826: *2635587 connect() to unix:/var/run/php/php8.3-fpm.sock failed (11: Resource temporarily unavailable) while connecting to upstream, client: 57.141.20.65, server: aftermarket-data.ru, request: "GET /?r=8324353754 HTTP/1.1", upstream: "fastcgi://unix:/var/run/php/php8.3-fpm.sock:", host: "aftermarket-data.ru"
2026/08/10 11:20:27 [error] 2609826#2609826: *2635589 connect() to unix:/var/run/php/php8.3-fpm.sock failed (11: Resource temporarily unavailable) while connecting to upstream, client: 57.141.20.34, server: aftermarket-data.ru, request: "GET /?v=40373140157 HTTP/1.1", upstream: "fastcgi://unix:/var/run/php/php8.3-fpm.sock:", host: "aftermarket-data.ru"
2026/08/10 11:20:42 [error] 2609821#2609821: *2635368 connect() to unix:/var/run/php/php8.3-fpm.sock failed (11: Resource temporarily unavailable) while connecting to upstream, client: 74.7.241.23, server: aftermarket-data.ru, request: "GET /index.php?loknya=/sys/class/misc/snapshot/subsystem/tun/subsystem/cpu_dma_latency/subsystem/psaux/subsystem/cpu_dma_latency/subsystem/udmabuf/subsystem/tun/subsystem/hpet/subsystem/device-mapper/subsystem/mcelog/subsystem HTTP/1.1", upstream: "fastcgi://unix:/var/run/php/php8.3-fpm.sock:", host: "www.aftermarket-data.ru", referrer: "https://www.aftermarket-data.ru/index.php?loknya=/sys/class/misc/snapshot/subsystem/tun/subsystem/cpu_dma_latency/subsystem/psaux/subsystem/cpu_dma_latency/subsystem/udmabuf/subsystem/tun/subsystem/hpet/subsystem/device-mapper/subsystem/mcelog"
2026/08/10 11:20:53 [error] 2609828#2609828: *2635334 connect() to unix:/var/run/php/php8.3-fpm.sock failed (11: Resource temporarily unavailable) while connecting to upstream, client: 74.7.227.36, server: aftermarket-data.ru, request: "GET /sitemap_index.xml?loknya=/proc/1397194/cwd/proc/50/task/50/net/stat HTTP/1.1", upstream: "fastcgi://unix:/var/run/php/php8.3-fpm.sock:", host: "aftermarket-data.ru", referrer: "https://aftermarket-data.ru/sitemap_index.xml?loknya=/proc/1397194/cwd/proc/50/task/50/net"
2026/08/10 11:21:29 [error] 2609826#2609826: *2635597 connect() to unix:/var/run/php/php8.3-fpm.sock failed (11: Resource temporarily unavailable) while connecting to upstream, client: 57.141.20.39, server: aftermarket-data.ru, request: "GET /?v=40373227038 HTTP/1.1", upstream: "fastcgi://unix:/var/run/php/php8.3-fpm.sock:", host: "aftermarket-data.ru"
2026/08/10 11:21:29 [error] 2609826#2609826: *2635599 connect() to unix:/var/run/php/php8.3-fpm.sock failed (11: Resource temporarily unavailable) while connecting to upstream, client: 57.141.20.43, server: aftermarket-data.ru, request: "GET /?v=4037356250 HTTP/1.1", upstream: "fastcgi://unix:/var/run/php/php8.3-fpm.sock:", host: "aftermarket-data.ru"
2026/08/10 11:21:44 [error] 2609821#2609821: *2635368 connect() to unix:/var/run/php/php8.3-fpm.sock failed (11: Resource temporarily unavailable) while connecting to upstream, client: 74.7.241.23, server: aftermarket-data.ru, request: "GET /index.php?loknya=/sys/class/misc/snapshot/subsystem/tun/subsystem/cpu_dma_latency/subsystem/psaux/subsystem/psaux/subsystem/cpu_dma_latency/subsystem/ecryptfs/subsystem/hpet/subsystem/hw_random/subsystem HTTP/1.1", upstream: "fastcgi://unix:/var/run/php/php8.3-fpm.sock:", host: "www.aftermarket-data.ru", referrer: "https://www.aftermarket-data.ru/index.php?loknya=/sys/class/misc/snapshot/subsystem/tun/subsystem/cpu_dma_latency/subsystem/psaux/subsystem/psaux/subsystem/cpu_dma_latency/subsystem/ecryptfs/subsystem/hpet/subsystem/hw_random"
2026/08/10 11:21:53 [error] 2609828#2609828: *2635334 connect() to unix:/var/run/php/php8.3-fpm.sock failed (11: Resource temporarily unavailable) while connecting to upstream, client: 74.7.227.36, server: aftermarket-data.ru, request: "GET /sitemap_index.xml?loknya=/proc/1397195/cwd/proc/40/task/40/net/stat HTTP/1.1", upstream: "fastcgi://unix:/var/run/php/php8.3-fpm.sock:", host: "aftermarket-data.ru", referrer: "https://aftermarket-data.ru/sitemap_index.xml?loknya=/proc/1397195/cwd/proc/40/task/40/net"
2026/08/10 11:22:36 [error] 2609827#2609827: *2635609 connect() to unix:/var/run/php/php8.3-fpm.sock failed (11: Resource temporarily unavailable) while connecting to upstream, client: 57.141.20.14, server: aftermarket-data.ru, request: "GET /?i=51774117590 HTTP/1.1", upstream: "fastcgi://unix:/var/run/php/php8.3-fpm.sock:", host: "aftermarket-data.ru"
2026/08/10 11:22:40 [error] 2609827#2609827: *2635611 connect() to unix:/var/run/php/php8.3-fpm.sock failed (11: Resource temporarily unavailable) while connecting to upstream, client: 57.141.20.52, server: aftermarket-data.ru, request: "GET /?r=80045190697 HTTP/1.1", upstream: "fastcgi://unix:/var/run/php/php8.3-fpm.sock:", host: "aftermarket-data.ru"
2026/08/10 11:22:45 [error] 2609821#2609821: *2635368 connect() to unix:/var/run/php/php8.3-fpm.sock failed (11: Resource temporarily unavailable) while connecting to upstream, client: 74.7.241.23, server: aftermarket-data.ru, request: "GET /index.php?loknya=/sys/class/misc/snapshot/subsystem/subsystem/cpu_dma_latency/subsystem/psaux/subsystem/cpu_dma_latency/subsystem/loop-control/subsystem/udmabuf/subsystem/subsystem/rfkill/subsystem HTTP/1.1", upstream: "fastcgi://unix:/var/run/php/php8.3-fpm.sock:", host: "www.aftermarket-data.ru", referrer: "https://www.aftermarket-data.ru/index.php?loknya=/sys/class/misc/snapshot/subsystem/subsystem/cpu_dma_latency/subsystem/psaux/subsystem/cpu_dma_latency/subsystem/loop-control/subsystem/udmabuf/subsystem/subsystem/rfkill/subsystem/"
2026/08/10 11:22:49 [error] 2609827#2609827: *2635614 connect() to unix:/var/run/php/php8.3-fpm.sock failed (11: Resource temporarily unavailable) while connecting to upstream, client: 66.249.66.193, server: aftermarket-data.ru, request: "GET /robots.txt HTTP/1.1", upstream: "fastcgi://unix:/var/run/php/php8.3-fpm.sock:", host: "aftermarket-data.ru"
2026/08/10 11:22:57 [error] 2609828#2609828: *2635334 connect() to unix:/var/run/php/php8.3-fpm.sock failed (11: Resource temporarily unavailable) while connecting to upstream, client: 74.7.227.36, server: aftermarket-data.ru, request: "GET /sitemap_index.xml?loknya=/proc/1397198/cwd/proc/45/task/45/net/stat HTTP/1.1", upstream: "fastcgi://unix:/var/run/php/php8.3-fpm.sock:", host: "aftermarket-data.ru", referrer: "https://aftermarket-data.ru/sitemap_index.xml?loknya=/proc/1397198/cwd/proc/45/task/45/net"
2026/08/10 11:23:43 [error] 2609827#2609827: *2635623 connect() to unix:/var/run/php/php8.3-fpm.sock failed (11: Resource temporarily unavailable) while connecting to upstream, client: 57.141.20.13, server: aftermarket-data.ru, request: "GET /?a=98826260654 HTTP/1.1", upstream: "fastcgi://unix:/var/run/php/php8.3-fpm.sock:", host: "aftermarket-data.ru"
2026/08/10 11:23:46 [error] 2609821#2609821: *2635368 connect() to unix:/var/run/php/php8.3-fpm.sock failed (11: Resource temporarily unavailable) while connecting to upstream, client: 74.7.241.23, server: aftermarket-data.ru, request: "GET /index.php?loknya=/sys/class/misc/snapshot/subsystem/tun/subsystem/cpu_dma_latency/subsystem/psaux/subsystem/cpu_dma_latency/subsystem/snapshot/subsystem/mcelog/subsystem/loop-control/subsystem/autofs HTTP/1.1", upstream: "fastcgi://unix:/var/run/php/php8.3-fpm.sock:", host: "www.aftermarket-data.ru", referrer: "https://www.aftermarket-data.ru/index.php?loknya=/sys/class/misc/snapshot/subsystem/tun/subsystem/cpu_dma_latency/subsystem/psaux/subsystem/cpu_dma_latency/subsystem/snapshot/subsystem/mcelog/subsystem/loop-control/subsystem"
2026/08/10 11:24:00 [error] 2609828#2609828: *2635334 connect() to unix:/var/run/php/php8.3-fpm.sock failed (11: Resource temporarily unavailable) while connecting to upstream, client: 74.7.227.36, server: aftermarket-data.ru, request: "GET /sitemap_index.xml?loknya=/proc/1397194/cwd/proc/86/task/86/net/stat HTTP/1.1", upstream: "fastcgi://unix:/var/run/php/php8.3-fpm.sock:", host: "aftermarket-data.ru", referrer: "https://aftermarket-data.ru/sitemap_index.xml?loknya=/proc/1397194/cwd/proc/86/task/86/net"
2026/08/10 11:24:16 [error] 2609828#2609828: *2635630 connect() to unix:/var/run/php/php8.3-fpm.sock failed (11: Resource temporarily unavailable) while connecting to upstream, client: 66.249.66.193, server: aftermarket-data.ru, request: "GET /robots.txt HTTP/1.1", upstream: "fastcgi://unix:/var/run/php/php8.3-fpm.sock:", host: "aftermarket-data.ru"
2026/08/10 11:24:44 [error] 2609828#2609828: *2635634 connect() to unix:/var/run/php/php8.3-fpm.sock failed (11: Resource temporarily unavailable) while connecting to upstream, client: 57.141.20.29, server: aftermarket-data.ru, request: "GET /?g=55126195965 HTTP/1.1", upstream: "fastcgi://unix:/var/run/php/php8.3-fpm.sock:", host: "aftermarket-data.ru"
2026/08/10 11:24:49 [error] 2609821#2609821: *2635368 connect() to unix:/var/run/php/php8.3-fpm.sock failed (11: Resource temporarily unavailable) while connecting to upstream, client: 74.7.241.23, server: aftermarket-data.ru, request: "GET /index.php?loknya=/sys/class/misc/snapshot/subsystem/tun/subsystem/cpu_dma_latency/subsystem/psaux/subsystem/cpu_dma_latency/subsystem/hw_random/subsystem/autofs/subsystem/hpet/subsystem/fuse/subsystem/udmabuf/subsystem HTTP/1.1", upstream: "fastcgi://unix:/var/run/php/php8.3-fpm.sock:", host: "www.aftermarket-data.ru", referrer: "https://www.aftermarket-data.ru/index.php?loknya=/sys/class/misc/snapshot/subsystem/tun/subsystem/cpu_dma_latency/subsystem/psaux/subsystem/cpu_dma_latency/subsystem/hw_random/subsystem/autofs/subsystem/hpet/subsystem/fuse/subsystem/udmabuf"
