2026/08/10 12:48:06 [error] 2609824#2609824: *2636458 connect() to unix:/var/run/php/php8.3-fpm.sock failed (11: Resource temporarily unavailable) while connecting to upstream, client: 57.141.20.2, server: aftermarket-data.ru, request: "GET /?r=8004548904 HTTP/1.1", upstream: "fastcgi://unix:/var/run/php/php8.3-fpm.sock:", host: "aftermarket-data.ru"
2026/08/10 12:48:14 [error] 2609824#2609824: *2636460 connect() to unix:/var/run/php/php8.3-fpm.sock failed (11: Resource temporarily unavailable) while connecting to upstream, client: 57.141.20.6, server: aftermarket-data.ru, request: "GET /?g=55126103871 HTTP/1.1", upstream: "fastcgi://unix:/var/run/php/php8.3-fpm.sock:", host: "aftermarket-data.ru"
2026/08/10 12:48:24 [error] 2609825#2609825: *2636174 connect() to unix:/var/run/php/php8.3-fpm.sock failed (11: Resource temporarily unavailable) while connecting to upstream, client: 74.7.227.36, server: aftermarket-data.ru, request: "GET /sitemap_index.xml?lokasie=/proc/1397191/root/sys/class/net/ens3/device/net/ens3//statistics/rx_length_errors&loknya=/proc/1397191/root/sys/class/net/ens3/device/net/ens3//statistics HTTP/1.1", upstream: "fastcgi://unix:/var/run/php/php8.3-fpm.sock:", host: "aftermarket-data.ru", referrer: "https://aftermarket-data.ru/sitemap_index.xml?loknya=/proc/1397191/root/sys/class/net/ens3/device/net/ens3//statistics"
2026/08/10 12:48:41 [error] 2609824#2609824: *2636463 connect() to unix:/var/run/php/php8.3-fpm.sock failed (11: Resource temporarily unavailable) while connecting to upstream, client: 57.141.20.35, server: aftermarket-data.ru, request: "GET /?i=51774108613 HTTP/1.1", upstream: "fastcgi://unix:/var/run/php/php8.3-fpm.sock:", host: "aftermarket-data.ru"
2026/08/10 12:48:48 [error] 2609825#2609825: *2636187 connect() to unix:/var/run/php/php8.3-fpm.sock failed (11: Resource temporarily unavailable) while connecting to upstream, client: 74.7.241.23, server: aftermarket-data.ru, request: "GET /index.php?loknya=/sys/class/misc/snapshot/subsystem/tun/subsystem/cpu_dma_latency/subsystem/psaux/subsystem/cpu_dma_latency/subsystem/ecryptfs/subsystem/hpet/subsystem/rfkill/subsystem/ecryptfs/subsystem/tun HTTP/1.1", upstream: "fastcgi://unix:/var/run/php/php8.3-fpm.sock:", host: "www.aftermarket-data.ru", referrer: "https://www.aftermarket-data.ru/index.php?loknya=/sys/class/misc/snapshot/subsystem/tun/subsystem/cpu_dma_latency/subsystem/psaux/subsystem/cpu_dma_latency/subsystem/ecryptfs/subsystem/hpet/subsystem/rfkill/subsystem/ecryptfs/subsystem"
2026/08/10 12:49:21 [error] 2609824#2609824: *2636466 connect() to unix:/var/run/php/php8.3-fpm.sock failed (11: Resource temporarily unavailable) while connecting to upstream, client: 57.141.20.3, server: aftermarket-data.ru, request: "GET /?a=98826150182 HTTP/1.1", upstream: "fastcgi://unix:/var/run/php/php8.3-fpm.sock:", host: "aftermarket-data.ru"
2026/08/10 12:49:26 [error] 2609825#2609825: *2636174 connect() to unix:/var/run/php/php8.3-fpm.sock failed (11: Resource temporarily unavailable) while connecting to upstream, client: 74.7.227.36, server: aftermarket-data.ru, request: "GET /sitemap_index.xml?lokasie=/proc/1397191/root/sys/class/net/ens3/device/net/ens3/subsystem/lo/speed&loknya=/proc/1397191/root/sys/class/net/ens3/device/net/ens3/subsystem/lo HTTP/1.1", upstream: "fastcgi://unix:/var/run/php/php8.3-fpm.sock:", host: "aftermarket-data.ru", referrer: "https://aftermarket-data.ru/sitemap_index.xml?loknya=/proc/1397191/root/sys/class/net/ens3/device/net/ens3/subsystem/lo"
2026/08/10 12:49:43 [error] 2609824#2609824: *2636469 connect() to unix:/var/run/php/php8.3-fpm.sock failed (11: Resource temporarily unavailable) while connecting to upstream, client: 57.141.20.45, server: aftermarket-data.ru, request: "GET /?r=83243234664 HTTP/1.1", upstream: "fastcgi://unix:/var/run/php/php8.3-fpm.sock:", host: "aftermarket-data.ru"
2026/08/10 12:49:44 [error] 2609824#2609824: *2636471 connect() to unix:/var/run/php/php8.3-fpm.sock failed (11: Resource temporarily unavailable) while connecting to upstream, client: 57.141.8.2, server: aftermarket-data.ru, request: "GET / HTTP/1.1", upstream: "fastcgi://unix:/var/run/php/php8.3-fpm.sock:", host: "aftermarket-data.ru"
2026/08/10 12:49:50 [error] 2609825#2609825: *2636187 connect() to unix:/var/run/php/php8.3-fpm.sock failed (11: Resource temporarily unavailable) while connecting to upstream, client: 74.7.241.23, server: aftermarket-data.ru, request: "GET /index.php?loknya=/sys/class/misc/snapshot/subsystem/subsystem/cpu_dma_latency/subsystem/psaux/subsystem/cpu_dma_latency/subsystem/hw_random/subsystem/autofs/subsystem/uinput/subsystem/subsystem HTTP/1.1", upstream: "fastcgi://unix:/var/run/php/php8.3-fpm.sock:", host: "www.aftermarket-data.ru", referrer: "https://www.aftermarket-data.ru/index.php?loknya=/sys/class/misc/snapshot/subsystem/subsystem/cpu_dma_latency/subsystem/psaux/subsystem/cpu_dma_latency/subsystem/hw_random/subsystem/autofs/subsystem/uinput/subsystem/subsystem/"
2026/08/10 12:50:05 [error] 2609824#2609824: *2636475 connect() to unix:/var/run/php/php8.3-fpm.sock failed (11: Resource temporarily unavailable) while connecting to upstream, client: 66.249.66.193, server: aftermarket-data.ru, request: "GET /robots.txt HTTP/1.1", upstream: "fastcgi://unix:/var/run/php/php8.3-fpm.sock:", host: "aftermarket-data.ru"
2026/08/10 12:50:22 [error] 2609824#2609824: *2636477 connect() to unix:/var/run/php/php8.3-fpm.sock failed (11: Resource temporarily unavailable) while connecting to upstream, client: 57.141.20.54, server: aftermarket-data.ru, request: "GET /?v=4037321252 HTTP/1.1", upstream: "fastcgi://unix:/var/run/php/php8.3-fpm.sock:", host: "aftermarket-data.ru"
2026/08/10 12:50:28 [error] 2609825#2609825: *2636174 connect() to unix:/var/run/php/php8.3-fpm.sock failed (11: Resource temporarily unavailable) while connecting to upstream, client: 74.7.227.36, server: aftermarket-data.ru, request: "GET /sitemap_index.xml?lokasie=/proc/1397194/cwd/sys/class/net/ens3/device/net/ens3//statistics/tx_compressed&loknya=/proc/1397194/cwd/sys/class/net/ens3/device/net/ens3//statistics HTTP/1.1", upstream: "fastcgi://unix:/var/run/php/php8.3-fpm.sock:", host: "aftermarket-data.ru", referrer: "https://aftermarket-data.ru/sitemap_index.xml?loknya=/proc/1397194/cwd/sys/class/net/ens3/device/net/ens3//statistics"
2026/08/10 12:50:37 [error] 2609824#2609824: *2636480 connect() to unix:/var/run/php/php8.3-fpm.sock failed (11: Resource temporarily unavailable) while connecting to upstream, client: 207.46.13.51, server: aftermarket-data.ru, request: "GET /articles/antifrizi_i_radiatori HTTP/1.1", upstream: "fastcgi://unix:/var/run/php/php8.3-fpm.sock:", host: "aftermarket-data.ru"
2026/08/10 12:50:54 [error] 2609825#2609825: *2636187 connect() to unix:/var/run/php/php8.3-fpm.sock failed (11: Resource temporarily unavailable) while connecting to upstream, client: 74.7.241.23, server: aftermarket-data.ru, request: "GET /index.php?loknya=/sys/class/misc/snapshot/subsystem/tun/subsystem/cpu_dma_latency/subsystem/psaux/subsystem/cpu_dma_latency/subsystem/hw_random/subsystem/tun/subsystem/hpet/subsystem/autofs/subsystem/mcelog/subsystem HTTP/1.1", upstream: "fastcgi://unix:/var/run/php/php8.3-fpm.sock:", host: "www.aftermarket-data.ru", referrer: "https://www.aftermarket-data.ru/index.php?loknya=/sys/class/misc/snapshot/subsystem/tun/subsystem/cpu_dma_latency/subsystem/psaux/subsystem/cpu_dma_latency/subsystem/hw_random/subsystem/tun/subsystem/hpet/subsystem/autofs/subsystem/mcelog"
2026/08/10 12:51:31 [error] 2609825#2609825: *2636174 connect() to unix:/var/run/php/php8.3-fpm.sock failed (11: Resource temporarily unavailable) while connecting to upstream, client: 74.7.227.36, server: aftermarket-data.ru, request: "GET /sitemap_index.xml?lokasie=/proc/1397195/cwd/sys/class/net/ens3/device/net/ens3//statistics/tx_compressed&loknya=/proc/1397195/cwd/sys/class/net/ens3/device/net/ens3//statistics HTTP/1.1", upstream: "fastcgi://unix:/var/run/php/php8.3-fpm.sock:", host: "aftermarket-data.ru", referrer: "https://aftermarket-data.ru/sitemap_index.xml?loknya=/proc/1397195/cwd/sys/class/net/ens3/device/net/ens3//statistics"
2026/08/10 12:51:52 [error] 2609824#2609824: *2636485 connect() to unix:/var/run/php/php8.3-fpm.sock failed (11: Resource temporarily unavailable) while connecting to upstream, client: 57.141.0.50, server: aftermarket-data.ru, request: "GET / HTTP/1.1", upstream: "fastcgi://unix:/var/run/php/php8.3-fpm.sock:", host: "aftermarket-data.ru"
2026/08/10 12:51:58 [error] 2609824#2609824: *2636487 open() "/usr/share/nginx/html/.env" failed (2: No such file or directory), client: 80.94.95.211, server: 157.22.201.140, request: "GET /.env HTTP/1.1", host: "157.22.201.140:80"
2026/08/10 12:51:58 [error] 2609824#2609824: *2636487 open() "/usr/share/nginx/html/.env.php" failed (2: No such file or directory), client: 80.94.95.211, server: 157.22.201.140, request: "GET /.env.php HTTP/1.1", host: "157.22.201.140:80"
2026/08/10 12:51:58 [error] 2609824#2609824: *2636487 open() "/usr/share/nginx/html/.env.sample.php" failed (2: No such file or directory), client: 80.94.95.211, server: 157.22.201.140, request: "GET /.env.sample.php HTTP/1.1", host: "157.22.201.140:80"
2026/08/10 12:51:58 [error] 2609824#2609824: *2636487 open() "/usr/share/nginx/html/.env.local.php" failed (2: No such file or directory), client: 80.94.95.211, server: 157.22.201.140, request: "GET /.env.local.php HTTP/1.1", host: "157.22.201.140:80"
2026/08/10 12:51:58 [error] 2609824#2609824: *2636487 open() "/usr/share/nginx/html/.env.production.php" failed (2: No such file or directory), client: 80.94.95.211, server: 157.22.201.140, request: "GET /.env.production.php HTTP/1.1", host: "157.22.201.140:80"
2026/08/10 12:51:58 [error] 2609824#2609824: *2636487 open() "/usr/share/nginx/html/config.dev.php" failed (2: No such file or directory), client: 80.94.95.211, server: 157.22.201.140, request: "GET /config.dev.php HTTP/1.1", host: "157.22.201.140:80"
2026/08/10 12:51:58 [error] 2609824#2609824: *2636487 open() "/usr/share/nginx/html/config.env" failed (2: No such file or directory), client: 80.94.95.211, server: 157.22.201.140, request: "GET /config.env HTTP/1.1", host: "157.22.201.140:80"
2026/08/10 12:51:58 [error] 2609824#2609824: *2636487 open() "/usr/share/nginx/html/twilio/.env.php" failed (2: No such file or directory), client: 80.94.95.211, server: 157.22.201.140, request: "GET /twilio/.env.php HTTP/1.1", host: "157.22.201.140:80"
2026/08/10 12:51:58 [error] 2609824#2609824: *2636487 open() "/usr/share/nginx/html/config/.env.php" failed (2: No such file or directory), client: 80.94.95.211, server: 157.22.201.140, request: "GET /config/.env.php HTTP/1.1", host: "157.22.201.140:80"
2026/08/10 12:51:58 [error] 2609824#2609824: *2636487 open() "/usr/share/nginx/html/sendgrid/.env.php" failed (2: No such file or directory), client: 80.94.95.211, server: 157.22.201.140, request: "GET /sendgrid/.env.php HTTP/1.1", host: "157.22.201.140:80"
2026/08/10 12:51:58 [error] 2609824#2609824: *2636487 open() "/usr/share/nginx/html/.env.php.bak" failed (2: No such file or directory), client: 80.94.95.211, server: 157.22.201.140, request: "GET /.env.php.bak HTTP/1.1", host: "157.22.201.140:80"
2026/08/10 12:51:58 [error] 2609824#2609824: *2636487 open() "/usr/share/nginx/html/.env.php-bak" failed (2: No such file or directory), client: 80.94.95.211, server: 157.22.201.140, request: "GET /.env.php-bak HTTP/1.1", host: "157.22.201.140:80"
2026/08/10 12:51:58 [error] 2609824#2609824: *2636487 open() "/usr/share/nginx/html/.env.php-backup" failed (2: No such file or directory), client: 80.94.95.211, server: 157.22.201.140, request: "GET /.env.php-backup HTTP/1.1", host: "157.22.201.140:80"
2026/08/10 12:51:59 [error] 2609824#2609824: *2636487 open() "/usr/share/nginx/html/.env.php.backup" failed (2: No such file or directory), client: 80.94.95.211, server: 157.22.201.140, request: "GET /.env.php.backup HTTP/1.1", host: "157.22.201.140:80"
2026/08/10 12:51:59 [error] 2609824#2609824: *2636487 open() "/usr/share/nginx/html/test/.env.php" failed (2: No such file or directory), client: 80.94.95.211, server: 157.22.201.140, request: "GET /test/.env.php HTTP/1.1", host: "157.22.201.140:80"
2026/08/10 12:51:59 [error] 2609824#2609824: *2636488 connect() to unix:/var/run/php/php8.3-fpm.sock failed (11: Resource temporarily unavailable) while connecting to upstream, client: 57.141.20.8, server: aftermarket-data.ru, request: "GET /?v=40373167803 HTTP/1.1", upstream: "fastcgi://unix:/var/run/php/php8.3-fpm.sock:", host: "aftermarket-data.ru"
2026/08/10 12:51:59 [error] 2609824#2609824: *2636487 open() "/usr/share/nginx/html/.env.example.php" failed (2: No such file or directory), client: 80.94.95.211, server: 157.22.201.140, request: "GET /.env.example.php HTTP/1.1", host: "157.22.201.140:80"
2026/08/10 12:51:59 [error] 2609824#2609824: *2636487 open() "/usr/share/nginx/html/app_dev.php/_profiler/.env" failed (2: No such file or directory), client: 80.94.95.211, server: 157.22.201.140, request: "GET /app_dev.php/_profiler/.env HTTP/1.1", host: "157.22.201.140:80"
2026/08/10 12:51:59 [error] 2609824#2609824: *2636487 open() "/usr/share/nginx/html/var/.env.local.php" failed (2: No such file or directory), client: 80.94.95.211, server: 157.22.201.140, request: "GET /var/.env.local.php HTTP/1.1", host: "157.22.201.140:80"
2026/08/10 12:51:59 [error] 2609824#2609824: *2636487 open() "/usr/share/nginx/html/api/.env" failed (2: No such file or directory), client: 80.94.95.211, server: 157.22.201.140, request: "GET /api/.env HTTP/1.1", host: "157.22.201.140:80"
2026/08/10 12:51:59 [error] 2609824#2609824: *2636487 open() "/usr/share/nginx/html/app/.env" failed (2: No such file or directory), client: 80.94.95.211, server: 157.22.201.140, request: "GET /app/.env HTTP/1.1", host: "157.22.201.140:80"
2026/08/10 12:51:59 [error] 2609824#2609824: *2636487 open() "/usr/share/nginx/html/admin/.env" failed (2: No such file or directory), client: 80.94.95.211, server: 157.22.201.140, request: "GET /admin/.env HTTP/1.1", host: "157.22.201.140:80"
2026/08/10 12:51:59 [error] 2609824#2609824: *2636487 open() "/usr/share/nginx/html/.env.production" failed (2: No such file or directory), client: 80.94.95.211, server: 157.22.201.140, request: "GET /.env.production HTTP/1.1", host: "157.22.201.140:80"
2026/08/10 12:51:59 [error] 2609824#2609824: *2636487 open() "/usr/share/nginx/html/.env.save" failed (2: No such file or directory), client: 80.94.95.211, server: 157.22.201.140, request: "GET /.env.save HTTP/1.1", host: "157.22.201.140:80"
2026/08/10 12:51:59 [error] 2609824#2609824: *2636487 open() "/usr/share/nginx/html/backend/.env" failed (2: No such file or directory), client: 80.94.95.211, server: 157.22.201.140, request: "GET /backend/.env HTTP/1.1", host: "157.22.201.140:80"
2026/08/10 12:51:59 [error] 2609824#2609824: *2636487 open() "/usr/share/nginx/html/core/.env" failed (2: No such file or directory), client: 80.94.95.211, server: 157.22.201.140, request: "GET /core/.env HTTP/1.1", host: "157.22.201.140:80"
2026/08/10 12:51:59 [error] 2609824#2609824: *2636487 open() "/usr/share/nginx/html/laravel/.env" failed (2: No such file or directory), client: 80.94.95.211, server: 157.22.201.140, request: "GET /laravel/.env HTTP/1.1", host: "157.22.201.140:80"
2026/08/10 12:51:59 [error] 2609824#2609824: *2636487 open() "/usr/share/nginx/html/.env.example" failed (2: No such file or directory), client: 80.94.95.211, server: 157.22.201.140, request: "GET /.env.example HTTP/1.1", host: "157.22.201.140:80"
2026/08/10 12:51:59 [error] 2609824#2609824: *2636487 open() "/usr/share/nginx/html/.env.prod" failed (2: No such file or directory), client: 80.94.95.211, server: 157.22.201.140, request: "GET /.env.prod HTTP/1.1", host: "157.22.201.140:80"
2026/08/10 12:51:59 [error] 2609824#2609824: *2636487 open() "/usr/share/nginx/html/.env.local" failed (2: No such file or directory), client: 80.94.95.211, server: 157.22.201.140, request: "GET /.env.local HTTP/1.1", host: "157.22.201.140:80"
2026/08/10 12:51:59 [error] 2609824#2609824: *2636487 open() "/usr/share/nginx/html/ch6-mytodo/.env" failed (2: No such file or directory), client: 80.94.95.211, server: 157.22.201.140, request: "GET /ch6-mytodo/.env HTTP/1.1", host: "157.22.201.140:80"
2026/08/10 12:51:59 [error] 2609824#2609824: *2636487 open() "/usr/share/nginx/html/node/.env" failed (2: No such file or directory), client: 80.94.95.211, server: 157.22.201.140, request: "GET /node/.env HTTP/1.1", host: "157.22.201.140:80"
2026/08/10 12:51:59 [error] 2609824#2609824: *2636487 open() "/usr/share/nginx/html/basic-network/.env" failed (2: No such file or directory), client: 80.94.95.211, server: 157.22.201.140, request: "GET /basic-network/.env HTTP/1.1", host: "157.22.201.140:80"
2026/08/10 12:51:59 [error] 2609824#2609824: *2636487 open() "/usr/share/nginx/html/ftp/.env" failed (2: No such file or directory), client: 80.94.95.211, server: 157.22.201.140, request: "GET /ftp/.env HTTP/1.1", host: "157.22.201.140:80"
2026/08/10 12:51:59 [error] 2609824#2609824: *2636487 open() "/usr/share/nginx/html/ftpmaster/.env" failed (2: No such file or directory), client: 80.94.95.211, server: 157.22.201.140, request: "GET /ftpmaster/.env HTTP/1.1", host: "157.22.201.140:80"
2026/08/10 12:52:00 [error] 2609824#2609824: *2636487 open() "/usr/share/nginx/html/.env.1" failed (2: No such file or directory), client: 80.94.95.211, server: 157.22.201.140, request: "GET /.env.1 HTTP/1.1", host: "157.22.201.140:80"
2026/08/10 12:52:00 [error] 2609825#2609825: *2636187 connect() to unix:/var/run/php/php8.3-fpm.sock failed (11: Resource temporarily unavailable) while connecting to upstream, client: 74.7.241.23, server: aftermarket-data.ru, request: "GET /index.php?loknya=/sys/class/misc/snapshot/subsystem/tun/subsystem/cpu_dma_latency/subsystem/psaux/subsystem/psaux/subsystem/cpu_dma_latency/subsystem/loop-control/subsystem/ecryptfs/subsystem/hw_random/subsystem HTTP/1.1", upstream: "fastcgi://unix:/var/run/php/php8.3-fpm.sock:", host: "www.aftermarket-data.ru", referrer: "https://www.aftermarket-data.ru/index.php?loknya=/sys/class/misc/snapshot/subsystem/tun/subsystem/cpu_dma_latency/subsystem/psaux/subsystem/psaux/subsystem/cpu_dma_latency/subsystem/loop-control/subsystem/ecryptfs/subsystem/hw_random"
2026/08/10 12:52:00 [error] 2609824#2609824: *2636487 open() "/usr/share/nginx/html/backend/src/.env" failed (2: No such file or directory), client: 80.94.95.211, server: 157.22.201.140, request: "GET /backend/src/.env HTTP/1.1", host: "157.22.201.140:80"
2026/08/10 12:52:00 [error] 2609824#2609824: *2636487 open() "/usr/share/nginx/html/image_data/.env" failed (2: No such file or directory), client: 80.94.95.211, server: 157.22.201.140, request: "GET /image_data/.env HTTP/1.1", host: "157.22.201.140:80"
2026/08/10 12:52:00 [error] 2609824#2609824: *2636487 open() "/usr/share/nginx/html/.git/.env" failed (2: No such file or directory), client: 80.94.95.211, server: 157.22.201.140, request: "GET /.git/.env HTTP/1.1", host: "157.22.201.140:80"
2026/08/10 12:52:00 [error] 2609824#2609824: *2636487 open() "/usr/share/nginx/html/bgoldd/.env" failed (2: No such file or directory), client: 80.94.95.211, server: 157.22.201.140, request: "GET /bgoldd/.env HTTP/1.1", host: "157.22.201.140:80"
2026/08/10 12:52:00 [error] 2609824#2609824: *2636487 open() "/usr/share/nginx/html/magento/.env" failed (2: No such file or directory), client: 80.94.95.211, server: 157.22.201.140, request: "GET /magento/.env HTTP/1.1", host: "157.22.201.140:80"
2026/08/10 12:52:00 [error] 2609824#2609824: *2636487 open() "/usr/share/nginx/html/app/.env.local" failed (2: No such file or directory), client: 80.94.95.211, server: 157.22.201.140, request: "GET /app/.env.local HTTP/1.1", host: "157.22.201.140:80"
2026/08/10 12:52:00 [error] 2609824#2609824: *2636487 open() "/usr/share/nginx/html/laravel/.env.local" failed (2: No such file or directory), client: 80.94.95.211, server: 157.22.201.140, request: "GET /laravel/.env.local HTTP/1.1", host: "157.22.201.140:80"
2026/08/10 12:52:00 [error] 2609824#2609824: *2636487 open() "/usr/share/nginx/html/backend/.env.local" failed (2: No such file or directory), client: 80.94.95.211, server: 157.22.201.140, request: "GET /backend/.env.local HTTP/1.1", host: "157.22.201.140:80"
2026/08/10 12:52:00 [error] 2609824#2609824: *2636487 open() "/usr/share/nginx/html/acme/.env" failed (2: No such file or directory), client: 80.94.95.211, server: 157.22.201.140, request: "GET /acme/.env HTTP/1.1", host: "157.22.201.140:80"
2026/08/10 12:52:00 [error] 2609824#2609824: *2636487 open() "/usr/share/nginx/html/template/.env" failed (2: No such file or directory), client: 80.94.95.211, server: 157.22.201.140, request: "GET /template/.env HTTP/1.1", host: "157.22.201.140:80"
2026/08/10 12:52:00 [error] 2609824#2609824: *2636487 open() "/usr/share/nginx/html/acme-challenge/.env" failed (2: No such file or directory), client: 80.94.95.211, server: 157.22.201.140, request: "GET /acme-challenge/.env HTTP/1.1", host: "157.22.201.140:80"
2026/08/10 12:52:00 [error] 2609824#2609824: *2636487 open() "/usr/share/nginx/html/Passportjs/.env" failed (2: No such file or directory), client: 80.94.95.211, server: 157.22.201.140, request: "GET /Passportjs/.env HTTP/1.1", host: "157.22.201.140:80"
2026/08/10 12:52:00 [error] 2609824#2609824: *2636487 open() "/usr/share/nginx/html/fileserver/.env" failed (2: No such file or directory), client: 80.94.95.211, server: 157.22.201.140, request: "GET /fileserver/.env HTTP/1.1", host: "157.22.201.140:80"
2026/08/10 12:52:00 [error] 2609824#2609824: *2636487 open() "/usr/share/nginx/html/rails/.env" failed (2: No such file or directory), client: 80.94.95.211, server: 157.22.201.140, request: "GET /rails/.env HTTP/1.1", host: "157.22.201.140:80"
2026/08/10 12:52:00 [error] 2609824#2609824: *2636487 open() "/usr/share/nginx/html/app1-static/.env" failed (2: No such file or directory), client: 80.94.95.211, server: 157.22.201.140, request: "GET /app1-static/.env HTTP/1.1", host: "157.22.201.140:80"
2026/08/10 12:52:00 [error] 2609824#2609824: *2636487 open() "/usr/share/nginx/html/api/.env.example" failed (2: No such file or directory), client: 80.94.95.211, server: 157.22.201.140, request: "GET /api/.env.example HTTP/1.1", host: "157.22.201.140:80"
2026/08/10 12:52:00 [error] 2609824#2609824: *2636487 open() "/usr/share/nginx/html/theme/.env" failed (2: No such file or directory), client: 80.94.95.211, server: 157.22.201.140, request: "GET /theme/.env HTTP/1.1", host: "157.22.201.140:80"
2026/08/10 12:52:00 [error] 2609824#2609824: *2636487 open() "/usr/share/nginx/html/repo/.env" failed (2: No such file or directory), client: 80.94.95.211, server: 157.22.201.140, request: "GET /repo/.env HTTP/1.1", host: "157.22.201.140:80"
2026/08/10 12:52:00 [error] 2609824#2609824: *2636487 open() "/usr/share/nginx/html/app/code/community/Nosto/Tagging/.env" failed (2: No such file or directory), client: 80.94.95.211, server: 157.22.201.140, request: "GET /app/code/community/Nosto/Tagging/.env HTTP/1.1", host: "157.22.201.140:80"
2026/08/10 12:52:01 [error] 2609824#2609824: *2636487 open() "/usr/share/nginx/html/api/v2/.env" failed (2: No such file or directory), client: 80.94.95.211, server: 157.22.201.140, request: "GET /api/v2/.env HTTP/1.1", host: "157.22.201.140:80"
2026/08/10 12:52:01 [error] 2609824#2609824: *2636487 open() "/usr/share/nginx/html/ch8b-mytodo/.env" failed (2: No such file or directory), client: 80.94.95.211, server: 157.22.201.140, request: "GET /ch8b-mytodo/.env HTTP/1.1", host: "157.22.201.140:80"
2026/08/10 12:52:01 [error] 2609824#2609824: *2636487 open() "/usr/share/nginx/html/.env.ini" failed (2: No such file or directory), client: 80.94.95.211, server: 157.22.201.140, request: "GET /.env.ini HTTP/1.1", host: "157.22.201.140:80"
2026/08/10 12:52:01 [error] 2609824#2609824: *2636487 open() "/usr/share/nginx/html/31_structure_tests/.env" failed (2: No such file or directory), client: 80.94.95.211, server: 157.22.201.140, request: "GET /31_structure_tests/.env HTTP/1.1", host: "157.22.201.140:80"
2026/08/10 12:52:01 [error] 2609824#2609824: *2636487 open() "/usr/share/nginx/html/kibana/.env" failed (2: No such file or directory), client: 80.94.95.211, server: 157.22.201.140, request: "GET /kibana/.env HTTP/1.1", host: "157.22.201.140:80"
2026/08/10 12:52:33 [error] 2609825#2609825: *2636174 connect() to unix:/var/run/php/php8.3-fpm.sock failed (11: Resource temporarily unavailable) while connecting to upstream, client: 74.7.227.36, server: aftermarket-data.ru, request: "GET /sitemap_index.xml?lokasie=/proc/1397196/cwd/sys/class/net/ens3/device/net/ens3//statistics/tx_packets&loknya=/proc/1397196/cwd/sys/class/net/ens3/device/net/ens3//statistics HTTP/1.1", upstream: "fastcgi://unix:/var/run/php/php8.3-fpm.sock:", host: "aftermarket-data.ru", referrer: "https://aftermarket-data.ru/sitemap_index.xml?loknya=/proc/1397196/cwd/sys/class/net/ens3/device/net/ens3//statistics"
2026/08/10 12:53:02 [error] 2609824#2609824: *2636492 connect() to unix:/var/run/php/php8.3-fpm.sock failed (11: Resource temporarily unavailable) while connecting to upstream, client: 57.141.20.8, server: aftermarket-data.ru, request: "GET /?v=40373253198 HTTP/1.1", upstream: "fastcgi://unix:/var/run/php/php8.3-fpm.sock:", host: "aftermarket-data.ru"
2026/08/10 12:53:05 [error] 2609825#2609825: *2636187 connect() to unix:/var/run/php/php8.3-fpm.sock failed (11: Resource temporarily unavailable) while connecting to upstream, client: 74.7.241.23, server: aftermarket-data.ru, request: "GET /index.php?loknya=/sys/class/misc/snapshot/subsystem/subsystem/cpu_dma_latency/subsystem/psaux/subsystem/cpu_dma_latency/subsystem/udmabuf/subsystem/fuse/subsystem/snapshot HTTP/1.1", upstream: "fastcgi://unix:/var/run/php/php8.3-fpm.sock:", host: "www.aftermarket-data.ru", referrer: "https://www.aftermarket-data.ru/index.php?loknya=/sys/class/misc/snapshot/subsystem/subsystem/cpu_dma_latency/subsystem/psaux/subsystem/cpu_dma_latency/subsystem/udmabuf/subsystem/fuse/subsystem/snapshot/subsystem/"
2026/08/10 12:53:30 [error] 2609825#2609825: *2636496 connect() to unix:/var/run/php/php8.3-fpm.sock failed (11: Resource temporarily unavailable) while connecting to upstream, client: 57.141.20.34, server: aftermarket-data.ru, request: "GET /sitemap675.xml HTTP/1.1", upstream: "fastcgi://unix:/var/run/php/php8.3-fpm.sock:", host: "aftermarket-data.ru"
2026/08/10 12:53:36 [error] 2609825#2609825: *2636174 connect() to unix:/var/run/php/php8.3-fpm.sock failed (11: Resource temporarily unavailable) while connecting to upstream, client: 74.7.227.36, server: aftermarket-data.ru, request: "GET /sitemap_index.xml?lokasie=/proc/1397198/cwd/sys/class/net/ens3/device/net/ens3//statistics/multicast&loknya=/proc/1397198/cwd/sys/class/net/ens3/device/net/ens3//statistics HTTP/1.1", upstream: "fastcgi://unix:/var/run/php/php8.3-fpm.sock:", host: "aftermarket-data.ru", referrer: "https://aftermarket-data.ru/sitemap_index.xml?loknya=/proc/1397198/cwd/sys/class/net/ens3/device/net/ens3//statistics"
2026/08/10 12:53:58 [error] 2609825#2609825: *2636499 connect() to unix:/var/run/php/php8.3-fpm.sock failed (11: Resource temporarily unavailable) while connecting to upstream, client: 57.141.14.59, server: aftermarket-data.ru, request: "GET / HTTP/1.1", upstream: "fastcgi://unix:/var/run/php/php8.3-fpm.sock:", host: "aftermarket-data.ru"
2026/08/10 12:54:10 [error] 2609825#2609825: *2636187 connect() to unix:/var/run/php/php8.3-fpm.sock failed (11: Resource temporarily unavailable) while connecting to upstream, client: 74.7.241.23, server: aftermarket-data.ru, request: "GET /index.php?loknya=/sys/class/misc/snapshot/subsystem/tun/subsystem/cpu_dma_latency/subsystem/psaux/subsystem/psaux/subsystem/cpu_dma_latency/subsystem/rfkill/subsystem/autofs/subsystem/loop-control/subsystem/ecryptfs HTTP/1.1", upstream: "fastcgi://unix:/var/run/php/php8.3-fpm.sock:", host: "www.aftermarket-data.ru", referrer: "https://www.aftermarket-data.ru/index.php?loknya=/sys/class/misc/snapshot/subsystem/tun/subsystem/cpu_dma_latency/subsystem/psaux/subsystem/psaux/subsystem/cpu_dma_latency/subsystem/rfkill/subsystem/autofs/subsystem/loop-control/subsystem"
2026/08/10 12:54:33 [error] 2609825#2609825: *2636502 connect() to unix:/var/run/php/php8.3-fpm.sock failed (11: Resource temporarily unavailable) while connecting to upstream, client: 66.249.66.193, server: aftermarket-data.ru, request: "GET /robots.txt HTTP/1.1", upstream: "fastcgi://unix:/var/run/php/php8.3-fpm.sock:", host: "aftermarket-data.ru"
2026/08/10 12:54:36 [error] 2609825#2609825: *2636174 connect() to unix:/var/run/php/php8.3-fpm.sock failed (11: Resource temporarily unavailable) while connecting to upstream, client: 74.7.227.36, server: aftermarket-data.ru, request: "GET /sitemap_index.xml?lokasie=/proc/1397191/root/sys/class/net/ens3/device/net/ens3/subsystem/lo//operstate&loknya=/proc/1397191/root/sys/class/net/ens3/device/net/ens3/subsystem/lo/ HTTP/1.1", upstream: "fastcgi://unix:/var/run/php/php8.3-fpm.sock:", host: "aftermarket-data.ru", referrer: "https://aftermarket-data.ru/sitemap_index.xml?loknya=/proc/1397191/root/sys/class/net/ens3/device/net/ens3/subsystem/lo/"
2026/08/10 12:55:11 [error] 2609825#2609825: *2636187 connect() to unix:/var/run/php/php8.3-fpm.sock failed (11: Resource temporarily unavailable) while connecting to upstream, client: 74.7.241.23, server: aftermarket-data.ru, request: "GET /index.php?loknya=/sys/class/misc/snapshot/subsystem/tun/subsystem/cpu_dma_latency/subsystem/psaux/subsystem/psaux/subsystem/cpu_dma_latency/subsystem/vga_arbiter/subsystem/hpet/subsystem/uinput/subsystem/userfaultfd HTTP/1.1", upstream: "fastcgi://unix:/var/run/php/php8.3-fpm.sock:", host: "www.aftermarket-data.ru", referrer: "https://www.aftermarket-data.ru/index.php?loknya=/sys/class/misc/snapshot/subsystem/tun/subsystem/cpu_dma_latency/subsystem/psaux/subsystem/psaux/subsystem/cpu_dma_latency/subsystem/vga_arbiter/subsystem/hpet/subsystem/uinput/subsystem"
2026/08/10 12:55:40 [error] 2609825#2609825: *2636174 connect() to unix:/var/run/php/php8.3-fpm.sock failed (11: Resource temporarily unavailable) while connecting to upstream, client: 74.7.227.36, server: aftermarket-data.ru, request: "GET /sitemap_index.xml?lokasie=/proc/1397191/root/sys/class/net/ens3/device/net/ens3/statistics/rx_fifo_errors&loknya=/proc/1397191/root/sys/class/net/ens3/device/net/ens3/statistics HTTP/1.1", upstream: "fastcgi://unix:/var/run/php/php8.3-fpm.sock:", host: "aftermarket-data.ru", referrer: "https://aftermarket-data.ru/sitemap_index.xml?loknya=/proc/1397191/root/sys/class/net/ens3/device/net/ens3/statistics"
2026/08/10 12:56:01 [error] 2609825#2609825: *2636508 connect() to unix:/var/run/php/php8.3-fpm.sock failed (11: Resource temporarily unavailable) while connecting to upstream, client: 57.141.20.47, server: aftermarket-data.ru, request: "GET /?c=92692216723 HTTP/1.1", upstream: "fastcgi://unix:/var/run/php/php8.3-fpm.sock:", host: "aftermarket-data.ru"
2026/08/10 12:56:16 [error] 2609825#2609825: *2636187 connect() to unix:/var/run/php/php8.3-fpm.sock failed (11: Resource temporarily unavailable) while connecting to upstream, client: 74.7.241.23, server: aftermarket-data.ru, request: "GET /index.php?loknya=/sys/class/misc/snapshot/subsystem/tun/subsystem/cpu_dma_latency/subsystem/psaux/subsystem/cpu_dma_latency/subsystem/hw_random/subsystem/udmabuf/subsystem/snapshot/subsystem/uinput/power HTTP/1.1", upstream: "fastcgi://unix:/var/run/php/php8.3-fpm.sock:", host: "www.aftermarket-data.ru", referrer: "https://www.aftermarket-data.ru/index.php?loknya=/sys/class/misc/snapshot/subsystem/tun/subsystem/cpu_dma_latency/subsystem/psaux/subsystem/cpu_dma_latency/subsystem/hw_random/subsystem/udmabuf/subsystem/snapshot/subsystem/uinput"
2026/08/10 12:56:24 [error] 2609825#2609825: *2636511 connect() to unix:/var/run/php/php8.3-fpm.sock failed (11: Resource temporarily unavailable) while connecting to upstream, client: 57.141.20.18, server: aftermarket-data.ru, request: "GET /?v=40373207496 HTTP/1.1", upstream: "fastcgi://unix:/var/run/php/php8.3-fpm.sock:", host: "aftermarket-data.ru"
2026/08/10 12:56:46 [error] 2609825#2609825: *2636174 connect() to unix:/var/run/php/php8.3-fpm.sock failed (11: Resource temporarily unavailable) while connecting to upstream, client: 74.7.227.36, server: aftermarket-data.ru, request: "GET /sitemap_index.xml?lokasie=/proc/1397191/root/sys/class/net/ens3/device/net/ens3/subsystem/lo/operstate&loknya=/proc/1397191/root/sys/class/net/ens3/device/net/ens3/subsystem/lo HTTP/1.1", upstream: "fastcgi://unix:/var/run/php/php8.3-fpm.sock:", host: "aftermarket-data.ru", referrer: "https://aftermarket-data.ru/sitemap_index.xml?loknya=/proc/1397191/root/sys/class/net/ens3/device/net/ens3/subsystem/lo"
2026/08/10 12:57:18 [error] 2609825#2609825: *2636187 connect() to unix:/var/run/php/php8.3-fpm.sock failed (11: Resource temporarily unavailable) while connecting to upstream, client: 74.7.241.23, server: aftermarket-data.ru, request: "GET /index.php?loknya=/sys/class/misc/snapshot/subsystem/tun/subsystem/cpu_dma_latency/subsystem/psaux/subsystem/cpu_dma_latency/subsystem/udmabuf/subsystem/autofs/subsystem/uinput/subsystem/autofs/power HTTP/1.1", upstream: "fastcgi://unix:/var/run/php/php8.3-fpm.sock:", host: "www.aftermarket-data.ru", referrer: "https://www.aftermarket-data.ru/index.php?loknya=/sys/class/misc/snapshot/subsystem/tun/subsystem/cpu_dma_latency/subsystem/psaux/subsystem/cpu_dma_latency/subsystem/udmabuf/subsystem/autofs/subsystem/uinput/subsystem/autofs"
2026/08/10 12:57:30 [error] 2609825#2609825: *2636517 connect() to unix:/var/run/php/php8.3-fpm.sock failed (11: Resource temporarily unavailable) while connecting to upstream, client: 57.141.20.25, server: aftermarket-data.ru, request: "GET /?r=80045131237 HTTP/1.1", upstream: "fastcgi://unix:/var/run/php/php8.3-fpm.sock:", host: "aftermarket-data.ru"
2026/08/10 12:57:47 [error] 2609825#2609825: *2636174 connect() to unix:/var/run/php/php8.3-fpm.sock failed (11: Resource temporarily unavailable) while connecting to upstream, client: 74.7.227.36, server: aftermarket-data.ru, request: "GET /sitemap_index.xml?lokasie=/proc/1397190/cwd/sys/class/net/ens3/device/net/ens3//statistics/tx_compressed&loknya=/proc/1397190/cwd/sys/class/net/ens3/device/net/ens3//statistics HTTP/1.1", upstream: "fastcgi://unix:/var/run/php/php8.3-fpm.sock:", host: "aftermarket-data.ru", referrer: "https://aftermarket-data.ru/sitemap_index.xml?loknya=/proc/1397190/cwd/sys/class/net/ens3/device/net/ens3//statistics"
2026/08/10 12:58:20 [error] 2609825#2609825: *2636187 connect() to unix:/var/run/php/php8.3-fpm.sock failed (11: Resource temporarily unavailable) while connecting to upstream, client: 74.7.241.23, server: aftermarket-data.ru, request: "GET /index.php?loknya=/sys/class/misc/snapshot/subsystem/tun/subsystem/cpu_dma_latency/subsystem/psaux/subsystem/cpu_dma_latency/subsystem/hw_random/subsystem/snapshot/subsystem/fuse/subsystem/userfaultfd/power HTTP/1.1", upstream: "fastcgi://unix:/var/run/php/php8.3-fpm.sock:", host: "www.aftermarket-data.ru", referrer: "https://www.aftermarket-data.ru/index.php?loknya=/sys/class/misc/snapshot/subsystem/tun/subsystem/cpu_dma_latency/subsystem/psaux/subsystem/cpu_dma_latency/subsystem/hw_random/subsystem/snapshot/subsystem/fuse/subsystem/userfaultfd"
2026/08/10 12:58:37 [error] 2609825#2609825: *2636521 connect() to unix:/var/run/php/php8.3-fpm.sock failed (11: Resource temporarily unavailable) while connecting to upstream, client: 57.141.20.26, server: aftermarket-data.ru, request: "GET /?g=55126191535 HTTP/1.1", upstream: "fastcgi://unix:/var/run/php/php8.3-fpm.sock:", host: "aftermarket-data.ru"
2026/08/10 12:58:48 [error] 2609825#2609825: *2636174 connect() to unix:/var/run/php/php8.3-fpm.sock failed (11: Resource temporarily unavailable) while connecting to upstream, client: 74.7.227.36, server: aftermarket-data.ru, request: "GET /sitemap_index.xml?loknya=/proc/1397190/cwd/proc/self/root/var/www HTTP/1.1", upstream: "fastcgi://unix:/var/run/php/php8.3-fpm.sock:", host: "aftermarket-data.ru", referrer: "https://aftermarket-data.ru/sitemap_index.xml?loknya=/proc/1397190/cwd/proc/self/root/var"
2026/08/10 12:59:22 [error] 2609825#2609825: *2636187 connect() to unix:/var/run/php/php8.3-fpm.sock failed (11: Resource temporarily unavailable) while connecting to upstream, client: 74.7.241.23, server: aftermarket-data.ru, request: "GET /index.php?loknya=/sys/class/misc/snapshot/subsystem/tun/subsystem/cpu_dma_latency/subsystem/subsystem/cpu_dma_latency/subsystem/loop-control/subsystem/snapshot/subsystem/autofs/subsystem/userfaultfd/subsystem/ HTTP/1.1", upstream: "fastcgi://unix:/var/run/php/php8.3-fpm.sock:", host: "www.aftermarket-data.ru", referrer: "https://www.aftermarket-data.ru/index.php?loknya=/sys/class/misc/snapshot/subsystem/tun/subsystem/cpu_dma_latency/subsystem/psaux/subsystem/cpu_dma_latency/subsystem/loop-control/subsystem/snapshot/subsystem/autofs/subsystem/userfaultfd/subsystem/psaux"
2026/08/10 12:59:44 [error] 2609825#2609825: *2636525 connect() to unix:/var/run/php/php8.3-fpm.sock failed (11: Resource temporarily unavailable) while connecting to upstream, client: 57.141.20.54, server: aftermarket-data.ru, request: "GET /?v=4037386856 HTTP/1.1", upstream: "fastcgi://unix:/var/run/php/php8.3-fpm.sock:", host: "aftermarket-data.ru"
2026/08/10 12:59:45 [error] 2609825#2609825: *2636527 connect() to unix:/var/run/php/php8.3-fpm.sock failed (11: Resource temporarily unavailable) while connecting to upstream, client: 57.141.20.33, server: aftermarket-data.ru, request: "GET /?c=9269237091 HTTP/1.1", upstream: "fastcgi://unix:/var/run/php/php8.3-fpm.sock:", host: "aftermarket-data.ru"
2026/08/10 12:59:50 [error] 2609825#2609825: *2636174 connect() to unix:/var/run/php/php8.3-fpm.sock failed (11: Resource temporarily unavailable) while connecting to upstream, client: 74.7.227.36, server: aftermarket-data.ru, request: "GET /sitemap_index.xml?loknya=/proc/1397196/cwd/proc/self/root/var/www HTTP/1.1", upstream: "fastcgi://unix:/var/run/php/php8.3-fpm.sock:", host: "aftermarket-data.ru", referrer: "https://aftermarket-data.ru/sitemap_index.xml?loknya=/proc/1397196/cwd/proc/self/root/var"
2026/08/10 12:59:52 [error] 2609825#2609825: *2636531 connect() to unix:/var/run/php/php8.3-fpm.sock failed (11: Resource temporarily unavailable) while connecting to upstream, client: 182.16.91.250, server: aftermarket-data.ru, request: "GET / HTTP/1.1", upstream: "fastcgi://unix:/var/run/php/php8.3-fpm.sock:", host: "aftermarket-data.ru"
2026/08/10 13:00:25 [error] 2609825#2609825: *2636187 connect() to unix:/var/run/php/php8.3-fpm.sock failed (11: Resource temporarily unavailable) while connecting to upstream, client: 74.7.241.23, server: aftermarket-data.ru, request: "GET /index.php?loknya=/sys/class/misc/snapshot/subsystem/tun/subsystem/cpu_dma_latency/subsystem/psaux/subsystem/cpu_dma_latency/subsystem/loop-control/subsystem/hpet/subsystem/mcelog/subsystem/uinput/subsystem/psaux HTTP/1.1", upstream: "fastcgi://unix:/var/run/php/php8.3-fpm.sock:", host: "www.aftermarket-data.ru", referrer: "https://www.aftermarket-data.ru/index.php?loknya=/sys/class/misc/snapshot/subsystem/tun/subsystem/cpu_dma_latency/subsystem/psaux/subsystem/cpu_dma_latency/subsystem/loop-control/subsystem/hpet/subsystem/mcelog/subsystem/uinput/subsystem"
2026/08/10 13:00:51 [error] 2609825#2609825: *2636535 connect() to unix:/var/run/php/php8.3-fpm.sock failed (11: Resource temporarily unavailable) while connecting to upstream, client: 57.141.20.33, server: aftermarket-data.ru, request: "GET /?g=55126170603 HTTP/1.1", upstream: "fastcgi://unix:/var/run/php/php8.3-fpm.sock:", host: "aftermarket-data.ru"
2026/08/10 13:00:51 [error] 2609825#2609825: *2636174 connect() to unix:/var/run/php/php8.3-fpm.sock failed (11: Resource temporarily unavailable) while connecting to upstream, client: 74.7.227.36, server: aftermarket-data.ru, request: "GET /sitemap_index.xml?loknya=/proc/1397198/cwd/proc/self/root/var/www HTTP/1.1", upstream: "fastcgi://unix:/var/run/php/php8.3-fpm.sock:", host: "aftermarket-data.ru", referrer: "https://aftermarket-data.ru/sitemap_index.xml?loknya=/proc/1397198/cwd/proc/self/root/var"
2026/08/10 13:00:51 [error] 2609825#2609825: *2636537 connect() to unix:/var/run/php/php8.3-fpm.sock failed (11: Resource temporarily unavailable) while connecting to upstream, client: 57.141.20.26, server: aftermarket-data.ru, request: "GET /sitemap675.xml?lokasie=/var/www/aftermarket-data.ru/wp-cron.php&loknya=/var/www/aftermarket-data.ru HTTP/1.1", upstream: "fastcgi://unix:/var/run/php/php8.3-fpm.sock:", host: "aftermarket-data.ru"
2026/08/10 13:00:52 [error] 2609825#2609825: *2636540 connect() to unix:/var/run/php/php8.3-fpm.sock failed (11: Resource temporarily unavailable) while connecting to upstream, client: 66.249.66.193, server: aftermarket-data.ru, request: "GET /robots.txt HTTP/1.1", upstream: "fastcgi://unix:/var/run/php/php8.3-fpm.sock:", host: "aftermarket-data.ru"
2026/08/10 13:01:29 [error] 2609825#2609825: *2636187 connect() to unix:/var/run/php/php8.3-fpm.sock failed (11: Resource temporarily unavailable) while connecting to upstream, client: 74.7.241.23, server: aftermarket-data.ru, request: "GET /index.php?loknya=/sys/class/misc/snapshot/subsystem/tun/subsystem/cpu_dma_latency/subsystem/psaux/subsystem/cpu_dma_latency/subsystem/udmabuf/subsystem/hpet/subsystem/rfkill/subsystem/mcelog/subsystem/fuse/subsystem/tun HTTP/1.1", upstream: "fastcgi://unix:/var/run/php/php8.3-fpm.sock:", host: "www.aftermarket-data.ru", referrer: "https://www.aftermarket-data.ru/index.php?loknya=/sys/class/misc/snapshot/subsystem/tun/subsystem/cpu_dma_latency/subsystem/psaux/subsystem/cpu_dma_latency/subsystem/udmabuf/subsystem/hpet/subsystem/rfkill/subsystem/mcelog/subsystem/fuse/subsystem"
2026/08/10 13:01:52 [error] 2609825#2609825: *2636174 connect() to unix:/var/run/php/php8.3-fpm.sock failed (11: Resource temporarily unavailable) while connecting to upstream, client: 74.7.227.36, server: aftermarket-data.ru, request: "GET /sitemap_index.xml?loknya=/proc/1397195/cwd/proc/self/root/var/www HTTP/1.1", upstream: "fastcgi://unix:/var/run/php/php8.3-fpm.sock:", host: "aftermarket-data.ru", referrer: "https://aftermarket-data.ru/sitemap_index.xml?loknya=/proc/1397195/cwd/proc/self/root/var"
2026/08/10 13:01:56 [error] 2609825#2609825: *2636545 connect() to unix:/var/run/php/php8.3-fpm.sock failed (11: Resource temporarily unavailable) while connecting to upstream, client: 57.141.20.25, server: aftermarket-data.ru, request: "GET /?i=5177433041 HTTP/1.1", upstream: "fastcgi://unix:/var/run/php/php8.3-fpm.sock:", host: "aftermarket-data.ru"
2026/08/10 13:02:30 [error] 2609825#2609825: *2636187 connect() to unix:/var/run/php/php8.3-fpm.sock failed (11: Resource temporarily unavailable) while connecting to upstream, client: 74.7.241.23, server: aftermarket-data.ru, request: "GET /index.php?loknya=/sys/class/misc/snapshot/subsystem/tun/subsystem/cpu_dma_latency/subsystem/psaux/subsystem/cpu_dma_latency/subsystem/udmabuf/subsystem/fuse/subsystem/mcelog/subsystem/snapshot/subsystem/hw_random HTTP/1.1", upstream: "fastcgi://unix:/var/run/php/php8.3-fpm.sock:", host: "www.aftermarket-data.ru", referrer: "https://www.aftermarket-data.ru/index.php?loknya=/sys/class/misc/snapshot/subsystem/tun/subsystem/cpu_dma_latency/subsystem/psaux/subsystem/cpu_dma_latency/subsystem/udmabuf/subsystem/fuse/subsystem/mcelog/subsystem/snapshot/subsystem"
2026/08/10 13:02:37 [error] 2609826#2609826: *2636548 connect() to unix:/var/run/php/php8.3-fpm.sock failed (11: Resource temporarily unavailable) while connecting to upstream, client: 57.141.20.53, server: aftermarket-data.ru, request: "GET /?v=4037346589 HTTP/1.1", upstream: "fastcgi://unix:/var/run/php/php8.3-fpm.sock:", host: "aftermarket-data.ru"
2026/08/10 13:02:58 [error] 2609825#2609825: *2636174 connect() to unix:/var/run/php/php8.3-fpm.sock failed (11: Resource temporarily unavailable) while connecting to upstream, client: 74.7.227.36, server: aftermarket-data.ru, request: "GET /sitemap_index.xml?loknya=/proc/1397194/cwd/proc/self/root/var/www HTTP/1.1", upstream: "fastcgi://unix:/var/run/php/php8.3-fpm.sock:", host: "aftermarket-data.ru", referrer: "https://aftermarket-data.ru/sitemap_index.xml?loknya=/proc/1397194/cwd/proc/self/root/var"
2026/08/10 13:03:03 [error] 2609826#2609826: *2636551 connect() to unix:/var/run/php/php8.3-fpm.sock failed (11: Resource temporarily unavailable) while connecting to upstream, client: 57.141.20.71, server: aftermarket-data.ru, request: "GET /?g=55126115052 HTTP/1.1", upstream: "fastcgi://unix:/var/run/php/php8.3-fpm.sock:", host: "aftermarket-data.ru"
2026/08/10 13:03:04 [error] 2609826#2609826: *2636553 connect() to unix:/var/run/php/php8.3-fpm.sock failed (11: Resource temporarily unavailable) while connecting to upstream, client: 57.141.20.31, server: aftermarket-data.ru, request: "GET /?r=8324385327 HTTP/1.1", upstream: "fastcgi://unix:/var/run/php/php8.3-fpm.sock:", host: "aftermarket-data.ru"
2026/08/10 13:03:27 [error] 2609826#2609826: *2636555 connect() to unix:/var/run/php/php8.3-fpm.sock failed (11: Resource temporarily unavailable) while connecting to upstream, client: 66.249.66.193, server: aftermarket-data.ru, request: "GET /robots.txt HTTP/1.1", upstream: "fastcgi://unix:/var/run/php/php8.3-fpm.sock:", host: "aftermarket-data.ru"
2026/08/10 13:03:31 [error] 2609825#2609825: *2636187 connect() to unix:/var/run/php/php8.3-fpm.sock failed (11: Resource temporarily unavailable) while connecting to upstream, client: 74.7.241.23, server: aftermarket-data.ru, request: "GET /index.php?loknya=/sys/class/misc/snapshot/subsystem/tun/subsystem/cpu_dma_latency/subsystem/psaux/subsystem/cpu_dma_latency/subsystem/ecryptfs/subsystem/fuse/subsystem/autofs/subsystem/loop-control/power HTTP/1.1", upstream: "fastcgi://unix:/var/run/php/php8.3-fpm.sock:", host: "www.aftermarket-data.ru", referrer: "https://www.aftermarket-data.ru/index.php?loknya=/sys/class/misc/snapshot/subsystem/tun/subsystem/cpu_dma_latency/subsystem/psaux/subsystem/cpu_dma_latency/subsystem/ecryptfs/subsystem/fuse/subsystem/autofs/subsystem/loop-control"
2026/08/10 13:03:41 [error] 2609826#2609826: *2636558 connect() to unix:/var/run/php/php8.3-fpm.sock failed (11: Resource temporarily unavailable) while connecting to upstream, client: 204.12.208.18, server: aftermarket-data.ru, request: "GET /wp-content/index.php HTTP/1.1", upstream: "fastcgi://unix:/var/run/php/php8.3-fpm.sock:", host: "aftermarket-data.ru", referrer: "https://aftermarket-data.ru/wp-content/index.php"
2026/08/10 13:03:41 [error] 2609826#2609826: *2636558 connect() to unix:/var/run/php/php8.3-fpm.sock failed (11: Resource temporarily unavailable) while connecting to upstream, client: 204.12.208.18, server: aftermarket-data.ru, request: "GET /wp-content/index.php HTTP/1.1", upstream: "fastcgi://unix:/var/run/php/php8.3-fpm.sock:", host: "aftermarket-data.ru", referrer: "https://aftermarket-data.ru/wp-content/index.php"
2026/08/10 13:03:41 [error] 2609826#2609826: *2636558 connect() to unix:/var/run/php/php8.3-fpm.sock failed (11: Resource temporarily unavailable) while connecting to upstream, client: 204.12.208.18, server: aftermarket-data.ru, request: "GET /wp-content/index.php HTTP/1.1", upstream: "fastcgi://unix:/var/run/php/php8.3-fpm.sock:", host: "aftermarket-data.ru", referrer: "https://aftermarket-data.ru/wp-content/index.php"
2026/08/10 13:04:00 [error] 2609825#2609825: *2636174 connect() to unix:/var/run/php/php8.3-fpm.sock failed (11: Resource temporarily unavailable) while connecting to upstream, client: 74.7.227.36, server: aftermarket-data.ru, request: "GET /sitemap_index.xml?loknya=/proc/1397191/root/proc/self/root/etc/needrestart HTTP/1.1", upstream: "fastcgi://unix:/var/run/php/php8.3-fpm.sock:", host: "aftermarket-data.ru", referrer: "https://aftermarket-data.ru/sitemap_index.xml?loknya=/proc/1397191/root/proc/self/root/etc"
2026/08/10 13:04:11 [error] 2609826#2609826: *2636563 connect() to unix:/var/run/php/php8.3-fpm.sock failed (11: Resource temporarily unavailable) while connecting to upstream, client: 57.141.20.13, server: aftermarket-data.ru, request: "GET /?v=4037333203 HTTP/1.1", upstream: "fastcgi://unix:/var/run/php/php8.3-fpm.sock:", host: "aftermarket-data.ru"
2026/08/10 13:04:31 [error] 2609825#2609825: *2636187 connect() to unix:/var/run/php/php8.3-fpm.sock failed (11: Resource temporarily unavailable) while connecting to upstream, client: 74.7.241.23, server: aftermarket-data.ru, request: "GET /index.php?loknya=/sys/class/misc/snapshot/subsystem/tun/subsystem/cpu_dma_latency/subsystem/psaux/subsystem/psaux/subsystem/cpu_dma_latency/subsystem/userfaultfd/subsystem/autofs/subsystem/uinput/subsystem/fuse/power HTTP/1.1", upstream: "fastcgi://unix:/var/run/php/php8.3-fpm.sock:", host: "www.aftermarket-data.ru", referrer: "https://www.aftermarket-data.ru/index.php?loknya=/sys/class/misc/snapshot/subsystem/tun/subsystem/cpu_dma_latency/subsystem/psaux/subsystem/psaux/subsystem/cpu_dma_latency/subsystem/userfaultfd/subsystem/autofs/subsystem/uinput/subsystem/fuse"
2026/08/10 13:04:46 [error] 2609826#2609826: *2636566 connect() to unix:/var/run/php/php8.3-fpm.sock failed (11: Resource temporarily unavailable) while connecting to upstream, client: 57.141.20.27, server: aftermarket-data.ru, request: "GET /?v=4037393468 HTTP/1.1", upstream: "fastcgi://unix:/var/run/php/php8.3-fpm.sock:", host: "aftermarket-data.ru"
