2026/08/10 06:49:41 [error] 2609827#2609827: *2633231 connect() to unix:/var/run/php/php8.3-fpm.sock failed (11: Resource temporarily unavailable) while connecting to upstream, client: 74.7.241.23, server: aftermarket-data.ru, request: "GET /index.php?loknya=/sys/class/misc/snapshot/subsystem/tun/subsystem/cpu_dma_latency/subsystem/psaux/subsystem/cpu_dma_latency/subsystem/udmabuf/subsystem/autofs/subsystem/mcelog/subsystem/ecryptfs/subsystem/psaux/power HTTP/1.1", upstream: "fastcgi://unix:/var/run/php/php8.3-fpm.sock:", host: "www.aftermarket-data.ru", referrer: "https://www.aftermarket-data.ru/index.php?loknya=/sys/class/misc/snapshot/subsystem/tun/subsystem/cpu_dma_latency/subsystem/psaux/subsystem/cpu_dma_latency/subsystem/udmabuf/subsystem/autofs/subsystem/mcelog/subsystem/ecryptfs/subsystem/psaux"
2026/08/10 06:50:08 [error] 2609821#2609821: *2633316 connect() to unix:/var/run/php/php8.3-fpm.sock failed (11: Resource temporarily unavailable) while connecting to upstream, client: 74.7.227.36, server: aftermarket-data.ru, request: "GET /sitemap_index.xml?loknya=/proc/1397198/root/proc/75 HTTP/1.1", upstream: "fastcgi://unix:/var/run/php/php8.3-fpm.sock:", host: "aftermarket-data.ru", referrer: "https://aftermarket-data.ru/sitemap_index.xml?loknya=/proc/1397198/root/proc"
2026/08/10 06:50:12 [error] 2609824#2609824: *2633453 connect() to unix:/var/run/php/php8.3-fpm.sock failed (11: Resource temporarily unavailable) while connecting to upstream, client: 66.249.66.193, server: aftermarket-data.ru, request: "GET /robots.txt HTTP/1.1", upstream: "fastcgi://unix:/var/run/php/php8.3-fpm.sock:", host: "aftermarket-data.ru"
2026/08/10 06:50:12 [error] 2609824#2609824: *2633455 connect() to unix:/var/run/php/php8.3-fpm.sock failed (11: Resource temporarily unavailable) while connecting to upstream, client: 57.141.0.59, server: aftermarket-data.ru, request: "GET / HTTP/1.1", upstream: "fastcgi://unix:/var/run/php/php8.3-fpm.sock:", host: "aftermarket-data.ru"
2026/08/10 06:50:37 [error] 2609824#2609824: *2633457 connect() to unix:/var/run/php/php8.3-fpm.sock failed (11: Resource temporarily unavailable) while connecting to upstream, client: 95.182.81.27, server: aftermarket-data.ru, request: "POST /wp-login.php HTTP/1.1", upstream: "fastcgi://unix:/var/run/php/php8.3-fpm.sock:", host: "aftermarket-data.ru"
2026/08/10 06:50:45 [error] 2609827#2609827: *2633231 connect() to unix:/var/run/php/php8.3-fpm.sock failed (11: Resource temporarily unavailable) while connecting to upstream, client: 74.7.241.23, server: aftermarket-data.ru, request: "GET /index.php?loknya=/sys/class/misc/snapshot/subsystem/tun/subsystem/cpu_dma_latency/subsystem/psaux/subsystem/cpu_dma_latency/subsystem/snapshot/subsystem/mcelog/subsystem/udmabuf/subsystem/device-mapper/subsystem/psaux/ HTTP/1.1", upstream: "fastcgi://unix:/var/run/php/php8.3-fpm.sock:", host: "www.aftermarket-data.ru", referrer: "https://www.aftermarket-data.ru/index.php?loknya=/sys/class/misc/snapshot/subsystem/tun/subsystem/cpu_dma_latency/subsystem/psaux/subsystem/cpu_dma_latency/subsystem/snapshot/subsystem/mcelog/subsystem/udmabuf/subsystem/device-mapper/subsystem/psaux/power"
2026/08/10 06:50:53 [error] 2609824#2609824: *2633460 connect() to unix:/var/run/php/php8.3-fpm.sock failed (11: Resource temporarily unavailable) while connecting to upstream, client: 95.182.81.27, server: aftermarket-data.ru, request: "POST /wp-login.php HTTP/1.1", upstream: "fastcgi://unix:/var/run/php/php8.3-fpm.sock:", host: "aftermarket-data.ru"
2026/08/10 06:51:11 [error] 2609821#2609821: *2633316 connect() to unix:/var/run/php/php8.3-fpm.sock failed (11: Resource temporarily unavailable) while connecting to upstream, client: 74.7.227.36, server: aftermarket-data.ru, request: "GET /sitemap_index.xml?loknya=/proc/1397195/root/proc/irq/29 HTTP/1.1", upstream: "fastcgi://unix:/var/run/php/php8.3-fpm.sock:", host: "aftermarket-data.ru", referrer: "https://aftermarket-data.ru/sitemap_index.xml?loknya=/proc/1397195/root/proc/irq"
2026/08/10 06:51:24 [error] 2609824#2609824: *2633463 connect() to unix:/var/run/php/php8.3-fpm.sock failed (11: Resource temporarily unavailable) while connecting to upstream, client: 57.141.20.12, server: aftermarket-data.ru, request: "GET /?i=5177452409 HTTP/1.1", upstream: "fastcgi://unix:/var/run/php/php8.3-fpm.sock:", host: "aftermarket-data.ru"
2026/08/10 06:51:49 [error] 2609827#2609827: *2633231 connect() to unix:/var/run/php/php8.3-fpm.sock failed (11: Resource temporarily unavailable) while connecting to upstream, client: 74.7.241.23, server: aftermarket-data.ru, request: "GET /index.php?loknya=/sys/class/misc/snapshot/subsystem/tun/subsystem/cpu_dma_latency/subsystem/psaux/subsystem/psaux/subsystem/cpu_dma_latency/subsystem/autofs/subsystem/vga_arbiter/subsystem/loop-control/subsystem/ecryptfs HTTP/1.1", upstream: "fastcgi://unix:/var/run/php/php8.3-fpm.sock:", host: "www.aftermarket-data.ru", referrer: "https://www.aftermarket-data.ru/index.php?loknya=/sys/class/misc/snapshot/subsystem/tun/subsystem/cpu_dma_latency/subsystem/psaux/subsystem/psaux/subsystem/cpu_dma_latency/subsystem/autofs/subsystem/vga_arbiter/subsystem/loop-control/subsystem"
2026/08/10 06:52:11 [error] 2609824#2609824: *2633466 connect() to unix:/var/run/php/php8.3-fpm.sock failed (11: Resource temporarily unavailable) while connecting to upstream, client: 57.141.14.6, server: aftermarket-data.ru, request: "GET / HTTP/1.1", upstream: "fastcgi://unix:/var/run/php/php8.3-fpm.sock:", host: "aftermarket-data.ru"
2026/08/10 06:52:14 [error] 2609821#2609821: *2633316 connect() to unix:/var/run/php/php8.3-fpm.sock failed (11: Resource temporarily unavailable) while connecting to upstream, client: 74.7.227.36, server: aftermarket-data.ru, request: "GET /sitemap_index.xml?loknya=/proc/1397196/root/proc/74 HTTP/1.1", upstream: "fastcgi://unix:/var/run/php/php8.3-fpm.sock:", host: "aftermarket-data.ru", referrer: "https://aftermarket-data.ru/sitemap_index.xml?loknya=/proc/1397196/root/proc"
2026/08/10 06:52:31 [error] 2609824#2609824: *2633469 connect() to unix:/var/run/php/php8.3-fpm.sock failed (11: Resource temporarily unavailable) while connecting to upstream, client: 66.249.66.193, server: aftermarket-data.ru, request: "GET /robots.txt HTTP/1.1", upstream: "fastcgi://unix:/var/run/php/php8.3-fpm.sock:", host: "aftermarket-data.ru"
2026/08/10 06:52:44 [error] 2609824#2609824: *2633471 connect() to unix:/var/run/php/php8.3-fpm.sock failed (11: Resource temporarily unavailable) while connecting to upstream, client: 57.141.20.52, server: aftermarket-data.ru, request: "GET /?a=98826200199 HTTP/1.1", upstream: "fastcgi://unix:/var/run/php/php8.3-fpm.sock:", host: "aftermarket-data.ru"
2026/08/10 06:52:51 [error] 2609827#2609827: *2633231 connect() to unix:/var/run/php/php8.3-fpm.sock failed (11: Resource temporarily unavailable) while connecting to upstream, client: 74.7.241.23, server: aftermarket-data.ru, request: "GET /index.php?loknya=/sys/class/misc/snapshot/subsystem/subsystem/cpu_dma_latency/subsystem/psaux/subsystem/cpu_dma_latency/subsystem/hw_random/subsystem/fuse/subsystem/ecryptfs/subsystem/mcelog/subsystem HTTP/1.1", upstream: "fastcgi://unix:/var/run/php/php8.3-fpm.sock:", host: "www.aftermarket-data.ru", referrer: "https://www.aftermarket-data.ru/index.php?loknya=/sys/class/misc/snapshot/subsystem/subsystem/cpu_dma_latency/subsystem/psaux/subsystem/cpu_dma_latency/subsystem/hw_random/subsystem/fuse/subsystem/ecryptfs/subsystem/mcelog/subsystem/"
2026/08/10 06:53:16 [error] 2609821#2609821: *2633316 connect() to unix:/var/run/php/php8.3-fpm.sock failed (11: Resource temporarily unavailable) while connecting to upstream, client: 74.7.227.36, server: aftermarket-data.ru, request: "GET /sitemap_index.xml?loknya=/proc/1397195/root/proc/54 HTTP/1.1", upstream: "fastcgi://unix:/var/run/php/php8.3-fpm.sock:", host: "aftermarket-data.ru", referrer: "https://aftermarket-data.ru/sitemap_index.xml?loknya=/proc/1397195/root/proc"
2026/08/10 06:53:23 [error] 2609824#2609824: *2633483 open() "/usr/share/nginx/html/robots.txt" failed (2: No such file or directory), client: 32.193.246.97, server: api.aftermarket-data.ru, request: "GET /robots.txt HTTP/1.1", host: "157.22.201.140"
2026/08/10 06:53:24 [error] 2609825#2609825: *2633487 open() "/usr/share/nginx/html/favicon.ico" failed (2: No such file or directory), client: 66.132.172.177, server: api.aftermarket-data.ru, request: "GET /favicon.ico HTTP/1.1", host: "157.22.201.140"
2026/08/10 06:53:51 [error] 2609825#2609825: *2633492 connect() to unix:/var/run/php/php8.3-fpm.sock failed (11: Resource temporarily unavailable) while connecting to upstream, client: 57.141.20.62, server: aftermarket-data.ru, request: "GET /?m=1553437200 HTTP/1.1", upstream: "fastcgi://unix:/var/run/php/php8.3-fpm.sock:", host: "aftermarket-data.ru"
2026/08/10 06:53:53 [error] 2609825#2609825: *2633495 connect() to unix:/var/run/php/php8.3-fpm.sock failed (11: Resource temporarily unavailable) while connecting to upstream, client: 66.249.66.8, server: aftermarket-data.ru, request: "GET /robots.txt HTTP/1.1", upstream: "fastcgi://unix:/var/run/php/php8.3-fpm.sock:", host: "www.aftermarket-data.ru"
2026/08/10 06:53:54 [error] 2609827#2609827: *2633231 connect() to unix:/var/run/php/php8.3-fpm.sock failed (11: Resource temporarily unavailable) while connecting to upstream, client: 74.7.241.23, server: aftermarket-data.ru, request: "GET /index.php?loknya=/sys/class/misc/snapshot/subsystem/tun/subsystem/cpu_dma_latency/subsystem/psaux/subsystem/cpu_dma_latency/subsystem/udmabuf/subsystem/mcelog/subsystem/autofs/subsystem/vga_arbiter/subsystem/hpet/subsystem/ HTTP/1.1", upstream: "fastcgi://unix:/var/run/php/php8.3-fpm.sock:", host: "www.aftermarket-data.ru", referrer: "https://www.aftermarket-data.ru/index.php?loknya=/sys/class/misc/snapshot/subsystem/tun/subsystem/cpu_dma_latency/subsystem/psaux/subsystem/cpu_dma_latency/subsystem/udmabuf/subsystem/mcelog/subsystem/autofs/subsystem/vga_arbiter/subsystem/hpet/subsystem/hw_random"
2026/08/10 06:53:55 [error] 2609825#2609825: *2633496 open() "/usr/share/nginx/html/security.txt" failed (2: No such file or directory), client: 66.132.172.177, server: api.aftermarket-data.ru, request: "GET /security.txt HTTP/1.1", host: "157.22.201.140"
2026/08/10 06:54:12 [error] 2609825#2609825: *2633499 connect() to unix:/var/run/php/php8.3-fpm.sock failed (11: Resource temporarily unavailable) while connecting to upstream, client: 213.180.203.135, server: aftermarket-data.ru, request: "GET /?i=51774239958 HTTP/1.1", upstream: "fastcgi://unix:/var/run/php/php8.3-fpm.sock:", host: "aftermarket-data.ru"
2026/08/10 06:54:17 [error] 2609821#2609821: *2633316 connect() to unix:/var/run/php/php8.3-fpm.sock failed (11: Resource temporarily unavailable) while connecting to upstream, client: 74.7.227.36, server: aftermarket-data.ru, request: "GET /sitemap_index.xml?loknya=/proc/1397194/root/proc/59 HTTP/1.1", upstream: "fastcgi://unix:/var/run/php/php8.3-fpm.sock:", host: "aftermarket-data.ru", referrer: "https://aftermarket-data.ru/sitemap_index.xml?loknya=/proc/1397194/root/proc"
2026/08/10 06:54:26 [error] 2609825#2609825: *2633502 connect() to unix:/var/run/php/php8.3-fpm.sock failed (11: Resource temporarily unavailable) while connecting to upstream, client: 66.249.66.193, server: aftermarket-data.ru, request: "GET /robots.txt HTTP/1.1", upstream: "fastcgi://unix:/var/run/php/php8.3-fpm.sock:", host: "aftermarket-data.ru"
2026/08/10 06:54:57 [error] 2609827#2609827: *2633231 connect() to unix:/var/run/php/php8.3-fpm.sock failed (11: Resource temporarily unavailable) while connecting to upstream, client: 74.7.241.23, server: aftermarket-data.ru, request: "GET /index.php?loknya=/sys/class/misc/snapshot/subsystem/subsystem/cpu_dma_latency/subsystem/psaux/subsystem/cpu_dma_latency/subsystem/ecryptfs/subsystem/udmabuf/subsystem/psaux/subsystem HTTP/1.1", upstream: "fastcgi://unix:/var/run/php/php8.3-fpm.sock:", host: "www.aftermarket-data.ru", referrer: "https://www.aftermarket-data.ru/index.php?loknya=/sys/class/misc/snapshot/subsystem/subsystem/cpu_dma_latency/subsystem/psaux/subsystem/cpu_dma_latency/subsystem/ecryptfs/subsystem/udmabuf/subsystem/psaux/subsystem/"
2026/08/10 06:55:06 [error] 2609825#2609825: *2633506 connect() to unix:/var/run/php/php8.3-fpm.sock failed (11: Resource temporarily unavailable) while connecting to upstream, client: 95.108.213.201, server: aftermarket-data.ru, request: "GET /?r=80045274221 HTTP/1.1", upstream: "fastcgi://unix:/var/run/php/php8.3-fpm.sock:", host: "aftermarket-data.ru"
2026/08/10 06:55:20 [error] 2609821#2609821: *2633316 connect() to unix:/var/run/php/php8.3-fpm.sock failed (11: Resource temporarily unavailable) while connecting to upstream, client: 74.7.227.36, server: aftermarket-data.ru, request: "GET /sitemap_index.xml?loknya=/proc/1397196/root/proc/irq/38 HTTP/1.1", upstream: "fastcgi://unix:/var/run/php/php8.3-fpm.sock:", host: "aftermarket-data.ru", referrer: "https://aftermarket-data.ru/sitemap_index.xml?loknya=/proc/1397196/root/proc/irq"
2026/08/10 06:55:20 [error] 2609825#2609825: *2633509 connect() to unix:/var/run/php/php8.3-fpm.sock failed (11: Resource temporarily unavailable) while connecting to upstream, client: 74.7.230.33, server: aftermarket-data.ru, request: "GET /robots.txt HTTP/1.1", upstream: "fastcgi://unix:/var/run/php/php8.3-fpm.sock:", host: "aftermarket-data.ru"
2026/08/10 06:55:27 [error] 2609825#2609825: *2633511 connect() to unix:/var/run/php/php8.3-fpm.sock failed (11: Resource temporarily unavailable) while connecting to upstream, client: 57.141.20.5, server: aftermarket-data.ru, request: "GET /?g=5512617525 HTTP/1.1", upstream: "fastcgi://unix:/var/run/php/php8.3-fpm.sock:", host: "aftermarket-data.ru"
2026/08/10 06:55:59 [error] 2609825#2609825: *2633513 connect() to unix:/var/run/php/php8.3-fpm.sock failed (11: Resource temporarily unavailable) while connecting to upstream, client: 66.249.66.193, server: aftermarket-data.ru, request: "GET /robots.txt HTTP/1.1", upstream: "fastcgi://unix:/var/run/php/php8.3-fpm.sock:", host: "aftermarket-data.ru"
2026/08/10 06:56:01 [error] 2609827#2609827: *2633231 connect() to unix:/var/run/php/php8.3-fpm.sock failed (11: Resource temporarily unavailable) while connecting to upstream, client: 74.7.241.23, server: aftermarket-data.ru, request: "GET /index.php?loknya=/sys/class/misc/snapshot/subsystem/tun/subsystem/cpu_dma_latency/subsystem/psaux/subsystem/cpu_dma_latency/subsystem/udmabuf/subsystem/tun/subsystem/hpet/subsystem/loop-control/subsystem/rfkill/subsystem HTTP/1.1", upstream: "fastcgi://unix:/var/run/php/php8.3-fpm.sock:", host: "www.aftermarket-data.ru", referrer: "https://www.aftermarket-data.ru/index.php?loknya=/sys/class/misc/snapshot/subsystem/tun/subsystem/cpu_dma_latency/subsystem/psaux/subsystem/cpu_dma_latency/subsystem/udmabuf/subsystem/tun/subsystem/hpet/subsystem/loop-control/subsystem/rfkill"
2026/08/10 06:56:07 [error] 2609825#2609825: *2633516 connect() to unix:/var/run/php/php8.3-fpm.sock failed (11: Resource temporarily unavailable) while connecting to upstream, client: 57.141.20.43, server: aftermarket-data.ru, request: "GET /?i=5177436981 HTTP/1.1", upstream: "fastcgi://unix:/var/run/php/php8.3-fpm.sock:", host: "aftermarket-data.ru"
2026/08/10 06:56:18 [error] 2609826#2609826: *2633520 "/usr/share/nginx/html/owa/index.html" is not found (2: No such file or directory), client: 179.43.186.241, server: api.aftermarket-data.ru, request: "GET /owa/ HTTP/1.1", host: "157.22.201.140:443"
2026/08/10 06:56:18 [error] 2609826#2609826: *2633521 open() "/usr/share/nginx/html/ews/exchange.asmx" failed (2: No such file or directory), client: 179.43.186.241, server: api.aftermarket-data.ru, request: "GET /ews/exchange.asmx HTTP/1.1", host: "157.22.201.140:443"
2026/08/10 06:56:19 [error] 2609826#2609826: *2633522 open() "/usr/share/nginx/html/autodiscover/autodiscover.xml" failed (2: No such file or directory), client: 179.43.186.241, server: api.aftermarket-data.ru, request: "GET /autodiscover/autodiscover.xml HTTP/1.1", host: "157.22.201.140:443"
2026/08/10 06:56:19 [error] 2609826#2609826: *2633523 open() "/usr/share/nginx/html/Microsoft-Server-ActiveSync" failed (2: No such file or directory), client: 179.43.186.241, server: api.aftermarket-data.ru, request: "GET /Microsoft-Server-ActiveSync HTTP/1.1", host: "157.22.201.140:443"
2026/08/10 06:56:19 [error] 2609826#2609826: *2633524 "/usr/share/nginx/html/ecp/index.html" is not found (2: No such file or directory), client: 179.43.186.241, server: api.aftermarket-data.ru, request: "GET /ecp/ HTTP/1.1", host: "157.22.201.140:443"
2026/08/10 06:56:19 [error] 2609826#2609826: *2633525 "/usr/share/nginx/html/mapi/index.html" is not found (2: No such file or directory), client: 179.43.186.241, server: api.aftermarket-data.ru, request: "GET /mapi/ HTTP/1.1", host: "157.22.201.140:443"
2026/08/10 06:56:19 [error] 2609826#2609826: *2633526 "/usr/share/nginx/html/rpc/index.html" is not found (2: No such file or directory), client: 179.43.186.241, server: api.aftermarket-data.ru, request: "GET /rpc/ HTTP/1.1", host: "157.22.201.140:443"
2026/08/10 06:56:25 [error] 2609821#2609821: *2633316 connect() to unix:/var/run/php/php8.3-fpm.sock failed (11: Resource temporarily unavailable) while connecting to upstream, client: 74.7.227.36, server: aftermarket-data.ru, request: "GET /sitemap_index.xml?loknya=/proc/1397198/root/proc/94 HTTP/1.1", upstream: "fastcgi://unix:/var/run/php/php8.3-fpm.sock:", host: "aftermarket-data.ru", referrer: "https://aftermarket-data.ru/sitemap_index.xml?loknya=/proc/1397198/root/proc"
2026/08/10 06:56:32 [error] 2609826#2609826: *2633528 connect() to unix:/var/run/php/php8.3-fpm.sock failed (11: Resource temporarily unavailable) while connecting to upstream, client: 57.141.20.4, server: aftermarket-data.ru, request: "GET /?r=80045144441 HTTP/1.1", upstream: "fastcgi://unix:/var/run/php/php8.3-fpm.sock:", host: "aftermarket-data.ru"
2026/08/10 06:57:05 [error] 2609827#2609827: *2633231 connect() to unix:/var/run/php/php8.3-fpm.sock failed (11: Resource temporarily unavailable) while connecting to upstream, client: 74.7.241.23, server: aftermarket-data.ru, request: "GET /index.php?loknya=/sys/class/misc/snapshot/subsystem/tun/subsystem/cpu_dma_latency/subsystem/psaux/subsystem/cpu_dma_latency/subsystem/snapshot/subsystem/mcelog/subsystem/hpet/subsystem/uinput/subsystem/vga_arbiter HTTP/1.1", upstream: "fastcgi://unix:/var/run/php/php8.3-fpm.sock:", host: "www.aftermarket-data.ru", referrer: "https://www.aftermarket-data.ru/index.php?loknya=/sys/class/misc/snapshot/subsystem/tun/subsystem/cpu_dma_latency/subsystem/psaux/subsystem/cpu_dma_latency/subsystem/snapshot/subsystem/mcelog/subsystem/hpet/subsystem/uinput/subsystem"
2026/08/10 06:57:22 [error] 2609826#2609826: *2633531 connect() to unix:/var/run/php/php8.3-fpm.sock failed (11: Resource temporarily unavailable) while connecting to upstream, client: 57.141.20.64, server: aftermarket-data.ru, request: "GET /?g=55126273116 HTTP/1.1", upstream: "fastcgi://unix:/var/run/php/php8.3-fpm.sock:", host: "aftermarket-data.ru"
2026/08/10 06:57:30 [error] 2609821#2609821: *2633316 connect() to unix:/var/run/php/php8.3-fpm.sock failed (11: Resource temporarily unavailable) while connecting to upstream, client: 74.7.227.36, server: aftermarket-data.ru, request: "GET /sitemap_index.xml?loknya=/proc/1397194/root/proc/irq/32 HTTP/1.1", upstream: "fastcgi://unix:/var/run/php/php8.3-fpm.sock:", host: "aftermarket-data.ru", referrer: "https://aftermarket-data.ru/sitemap_index.xml?loknya=/proc/1397194/root/proc/irq"
2026/08/10 06:57:40 [error] 2609826#2609826: *2633534 connect() to unix:/var/run/php/php8.3-fpm.sock failed (11: Resource temporarily unavailable) while connecting to upstream, client: 95.108.213.238, server: aftermarket-data.ru, request: "GET /?q=80252272902 HTTP/1.1", upstream: "fastcgi://unix:/var/run/php/php8.3-fpm.sock:", host: "aftermarket-data.ru"
2026/08/10 06:57:48 [error] 2609826#2609826: *2633537 connect() to unix:/var/run/php/php8.3-fpm.sock failed (11: Resource temporarily unavailable) while connecting to upstream, client: 182.16.91.254, server: aftermarket-data.ru, request: "GET /admin-api/system/auth/get-permission-info HTTP/1.1", upstream: "fastcgi://unix:/var/run/php/php8.3-fpm.sock:", host: "www.aftermarket-data.ru"
2026/08/10 06:58:06 [error] 2609827#2609827: *2633231 connect() to unix:/var/run/php/php8.3-fpm.sock failed (11: Resource temporarily unavailable) while connecting to upstream, client: 74.7.241.23, server: aftermarket-data.ru, request: "GET /index.php?loknya=/sys/class/misc/snapshot/subsystem/tun/subsystem/cpu_dma_latency/subsystem/psaux/subsystem/psaux/subsystem/cpu_dma_latency/subsystem/userfaultfd/subsystem/fuse/subsystem/hw_random/subsystem/hpet HTTP/1.1", upstream: "fastcgi://unix:/var/run/php/php8.3-fpm.sock:", host: "www.aftermarket-data.ru", referrer: "https://www.aftermarket-data.ru/index.php?loknya=/sys/class/misc/snapshot/subsystem/tun/subsystem/cpu_dma_latency/subsystem/psaux/subsystem/psaux/subsystem/cpu_dma_latency/subsystem/userfaultfd/subsystem/fuse/subsystem/hw_random/subsystem"
2026/08/10 06:58:29 [error] 2609826#2609826: *2633540 connect() to unix:/var/run/php/php8.3-fpm.sock failed (11: Resource temporarily unavailable) while connecting to upstream, client: 57.141.20.3, server: aftermarket-data.ru, request: "GET /?v=40373176687 HTTP/1.1", upstream: "fastcgi://unix:/var/run/php/php8.3-fpm.sock:", host: "aftermarket-data.ru"
2026/08/10 06:58:36 [error] 2609821#2609821: *2633316 connect() to unix:/var/run/php/php8.3-fpm.sock failed (11: Resource temporarily unavailable) while connecting to upstream, client: 74.7.227.36, server: aftermarket-data.ru, request: "GET /sitemap_index.xml?loknya=/proc/1397190/root/proc/40 HTTP/1.1", upstream: "fastcgi://unix:/var/run/php/php8.3-fpm.sock:", host: "aftermarket-data.ru", referrer: "https://aftermarket-data.ru/sitemap_index.xml?loknya=/proc/1397190/root/proc"
2026/08/10 06:58:51 [error] 2609826#2609826: *2633543 connect() to unix:/var/run/php/php8.3-fpm.sock failed (11: Resource temporarily unavailable) while connecting to upstream, client: 57.141.20.5, server: aftermarket-data.ru, request: "GET /?v=40373140521 HTTP/1.1", upstream: "fastcgi://unix:/var/run/php/php8.3-fpm.sock:", host: "aftermarket-data.ru"
2026/08/10 06:59:06 [error] 2609826#2609826: *2633545 connect() to unix:/var/run/php/php8.3-fpm.sock failed (11: Resource temporarily unavailable) while connecting to upstream, client: 66.249.66.193, server: aftermarket-data.ru, request: "GET /robots.txt HTTP/1.1", upstream: "fastcgi://unix:/var/run/php/php8.3-fpm.sock:", host: "aftermarket-data.ru"
2026/08/10 06:59:35 [error] 2609827#2609827: *2633547 connect() to unix:/var/run/php/php8.3-fpm.sock failed (11: Resource temporarily unavailable) while connecting to upstream, client: 57.141.20.18, server: aftermarket-data.ru, request: "GET /?m=15534178358 HTTP/1.1", upstream: "fastcgi://unix:/var/run/php/php8.3-fpm.sock:", host: "aftermarket-data.ru"
2026/08/10 06:59:55 [error] 2609827#2609827: *2633550 open() "/usr/share/nginx/html/favicon.ico" failed (2: No such file or directory), client: 98.80.119.99, server: api.aftermarket-data.ru, request: "GET /favicon.ico HTTP/1.1", host: "157.22.201.140"
2026/08/10 07:00:12 [error] 2609827#2609827: *2633552 connect() to unix:/var/run/php/php8.3-fpm.sock failed (11: Resource temporarily unavailable) while connecting to upstream, client: 74.7.241.23, server: aftermarket-data.ru, request: "GET /index.php?loknya=/sys/class/misc/snapshot/subsystem/tun/subsystem/cpu_dma_latency/subsystem/psaux/subsystem/cpu_dma_latency/subsystem/udmabuf/subsystem/loop-control/subsystem/tun/subsystem/fuse/subsystem/uinput HTTP/1.1", upstream: "fastcgi://unix:/var/run/php/php8.3-fpm.sock:", host: "www.aftermarket-data.ru", referrer: "https://www.aftermarket-data.ru/index.php?loknya=/sys/class/misc/snapshot/subsystem/tun/subsystem/cpu_dma_latency/subsystem/psaux/subsystem/cpu_dma_latency/subsystem/udmabuf/subsystem/loop-control/subsystem/tun/subsystem/fuse/subsystem"
2026/08/10 07:00:17 [error] 2609826#2609826: *2633545 connect() to unix:/var/run/php/php8.3-fpm.sock failed (11: Resource temporarily unavailable) while connecting to upstream, client: 66.249.66.193, server: aftermarket-data.ru, request: "GET /robots.txt HTTP/1.1", upstream: "fastcgi://unix:/var/run/php/php8.3-fpm.sock:", host: "aftermarket-data.ru"
2026/08/10 07:00:29 [error] 2609827#2609827: *2633557 connect() to unix:/var/run/php/php8.3-fpm.sock failed (11: Resource temporarily unavailable) while connecting to upstream, client: 45.148.65.28, server: aftermarket-data.ru, request: "GET / HTTP/1.1", upstream: "fastcgi://unix:/var/run/php/php8.3-fpm.sock:", host: "aftermarket-data.ru"
2026/08/10 07:00:32 [error] 2609827#2609827: *2633559 connect() to unix:/var/run/php/php8.3-fpm.sock failed (11: Resource temporarily unavailable) while connecting to upstream, client: 5.255.231.117, server: aftermarket-data.ru, request: "GET / HTTP/1.1", upstream: "fastcgi://unix:/var/run/php/php8.3-fpm.sock:", host: "aftermarket-data.ru"
2026/08/10 07:00:41 [error] 2609827#2609827: *2633561 connect() to unix:/var/run/php/php8.3-fpm.sock failed (11: Resource temporarily unavailable) while connecting to upstream, client: 74.7.227.36, server: aftermarket-data.ru, request: "GET /sitemap_index.xml?loknya=/proc/1397190/root/proc/irq/27 HTTP/1.1", upstream: "fastcgi://unix:/var/run/php/php8.3-fpm.sock:", host: "aftermarket-data.ru", referrer: "https://aftermarket-data.ru/sitemap_index.xml?loknya=/proc/1397190/root/proc/irq"
2026/08/10 07:00:44 [error] 2609827#2609827: *2633563 connect() to unix:/var/run/php/php8.3-fpm.sock failed (11: Resource temporarily unavailable) while connecting to upstream, client: 57.141.20.49, server: aftermarket-data.ru, request: "GET /?r=8004547610 HTTP/1.1", upstream: "fastcgi://unix:/var/run/php/php8.3-fpm.sock:", host: "aftermarket-data.ru"
2026/08/10 07:00:53 [error] 2609827#2609827: *2633569 open() "/usr/share/nginx/html/.git/index" failed (2: No such file or directory), client: 45.198.224.25, server: api.aftermarket-data.ru, request: "GET /.git/index HTTP/2.0", host: "mit.vincode.fvds.ru"
2026/08/10 07:00:53 [error] 2609827#2609827: *2633570 open() "/usr/share/nginx/html/.git/index" failed (2: No such file or directory), client: 45.198.224.25, server: api.aftermarket-data.ru, request: "GET /.git/index HTTP/2.0", host: "mit.vincode.fvds.ru"
2026/08/10 07:00:54 [error] 2609827#2609827: *2633571 open() "/usr/share/nginx/html/.git/index" failed (2: No such file or directory), client: 45.198.224.25, server: api.aftermarket-data.ru, request: "GET /.git/index HTTP/2.0", host: "mit.vincode.fvds.ru", referrer: "http://mit.vincode.fvds.ru/.git/index"
2026/08/10 07:00:54 [error] 2609827#2609827: *2633572 open() "/usr/share/nginx/html/.git/index" failed (2: No such file or directory), client: 45.198.224.25, server: api.aftermarket-data.ru, request: "GET /.git/index HTTP/2.0", host: "mit.vincode.fvds.ru", referrer: "http://mit.vincode.fvds.ru/.git/index"
2026/08/10 07:00:56 [error] 2609828#2609828: *2633577 open() "/usr/share/nginx/html/.env" failed (2: No such file or directory), client: 45.198.224.25, server: api.aftermarket-data.ru, request: "GET /.env HTTP/2.0", host: "mit.vincode.fvds.ru", referrer: "http://mit.vincode.fvds.ru/.env"
2026/08/10 07:00:56 [error] 2609828#2609828: *2633578 open() "/usr/share/nginx/html/.env" failed (2: No such file or directory), client: 45.198.224.25, server: api.aftermarket-data.ru, request: "GET /.env HTTP/2.0", host: "mit.vincode.fvds.ru", referrer: "http://mit.vincode.fvds.ru/.env"
2026/08/10 07:00:57 [error] 2609828#2609828: *2633579 open() "/usr/share/nginx/html/.env" failed (2: No such file or directory), client: 45.198.224.25, server: api.aftermarket-data.ru, request: "GET /.env HTTP/2.0", host: "mit.vincode.fvds.ru"
2026/08/10 07:01:00 [error] 2609828#2609828: *2633581 open() "/usr/share/nginx/html/.env.production" failed (2: No such file or directory), client: 45.198.224.25, server: api.aftermarket-data.ru, request: "GET /.env.production HTTP/2.0", host: "mit.vincode.fvds.ru", referrer: "http://mit.vincode.fvds.ru/.env.production"
2026/08/10 07:01:03 [error] 2609828#2609828: *2633582 open() "/usr/share/nginx/html/.env.production" failed (2: No such file or directory), client: 45.198.224.25, server: api.aftermarket-data.ru, request: "GET /.env.production HTTP/2.0", host: "mit.vincode.fvds.ru"
2026/08/10 07:01:05 [error] 2609828#2609828: *2633583 open() "/usr/share/nginx/html/.env.production" failed (2: No such file or directory), client: 45.198.224.25, server: api.aftermarket-data.ru, request: "GET /.env.production HTTP/2.0", host: "mit.vincode.fvds.ru"
2026/08/10 07:01:10 [error] 2609828#2609828: *2633584 connect() to unix:/var/run/php/php8.3-fpm.sock failed (11: Resource temporarily unavailable) while connecting to upstream, client: 57.141.20.70, server: aftermarket-data.ru, request: "GET /?c=9269297513 HTTP/1.1", upstream: "fastcgi://unix:/var/run/php/php8.3-fpm.sock:", host: "aftermarket-data.ru"
2026/08/10 07:01:17 [error] 2609827#2609827: *2633552 connect() to unix:/var/run/php/php8.3-fpm.sock failed (11: Resource temporarily unavailable) while connecting to upstream, client: 74.7.241.23, server: aftermarket-data.ru, request: "GET /index.php?loknya=/sys/class/misc/snapshot/subsystem/tun/subsystem/cpu_dma_latency/subsystem/psaux/subsystem/cpu_dma_latency/subsystem/ecryptfs/subsystem/fuse/subsystem/udmabuf/subsystem/tun/subsystem/mcelog/power HTTP/1.1", upstream: "fastcgi://unix:/var/run/php/php8.3-fpm.sock:", host: "www.aftermarket-data.ru", referrer: "https://www.aftermarket-data.ru/index.php?loknya=/sys/class/misc/snapshot/subsystem/tun/subsystem/cpu_dma_latency/subsystem/psaux/subsystem/cpu_dma_latency/subsystem/ecryptfs/subsystem/fuse/subsystem/udmabuf/subsystem/tun/subsystem/mcelog"
2026/08/10 07:01:43 [error] 2609827#2609827: *2633561 connect() to unix:/var/run/php/php8.3-fpm.sock failed (11: Resource temporarily unavailable) while connecting to upstream, client: 74.7.227.36, server: aftermarket-data.ru, request: "GET /sitemap_index.xml?loknya=/proc/1397196/root/proc/29 HTTP/1.1", upstream: "fastcgi://unix:/var/run/php/php8.3-fpm.sock:", host: "aftermarket-data.ru", referrer: "https://aftermarket-data.ru/sitemap_index.xml?loknya=/proc/1397196/root/proc"
2026/08/10 07:01:53 [error] 2609828#2609828: *2633589 connect() to unix:/var/run/php/php8.3-fpm.sock failed (11: Resource temporarily unavailable) while connecting to upstream, client: 66.249.66.193, server: aftermarket-data.ru, request: "GET /robots.txt HTTP/1.1", upstream: "fastcgi://unix:/var/run/php/php8.3-fpm.sock:", host: "aftermarket-data.ru"
2026/08/10 07:02:16 [error] 2609828#2609828: *2633591 connect() to unix:/var/run/php/php8.3-fpm.sock failed (11: Resource temporarily unavailable) while connecting to upstream, client: 213.180.203.7, server: aftermarket-data.ru, request: "GET /?g=55126281830 HTTP/1.1", upstream: "fastcgi://unix:/var/run/php/php8.3-fpm.sock:", host: "aftermarket-data.ru"
2026/08/10 07:02:18 [error] 2609828#2609828: *2633593 connect() to unix:/var/run/php/php8.3-fpm.sock failed (11: Resource temporarily unavailable) while connecting to upstream, client: 213.180.203.21, server: aftermarket-data.ru, request: "GET /?g=551262202 HTTP/1.1", upstream: "fastcgi://unix:/var/run/php/php8.3-fpm.sock:", host: "aftermarket-data.ru"
2026/08/10 07:02:19 [error] 2609827#2609827: *2633552 connect() to unix:/var/run/php/php8.3-fpm.sock failed (11: Resource temporarily unavailable) while connecting to upstream, client: 74.7.241.23, server: aftermarket-data.ru, request: "GET /index.php?loknya=/sys/class/misc/snapshot/subsystem/tun/subsystem/cpu_dma_latency/subsystem/psaux/subsystem/psaux/subsystem/cpu_dma_latency/subsystem/ecryptfs/subsystem/hpet/subsystem/fuse/subsystem/device-mapper/power HTTP/1.1", upstream: "fastcgi://unix:/var/run/php/php8.3-fpm.sock:", host: "www.aftermarket-data.ru", referrer: "https://www.aftermarket-data.ru/index.php?loknya=/sys/class/misc/snapshot/subsystem/tun/subsystem/cpu_dma_latency/subsystem/psaux/subsystem/psaux/subsystem/cpu_dma_latency/subsystem/ecryptfs/subsystem/hpet/subsystem/fuse/subsystem/device-mapper"
2026/08/10 07:02:48 [error] 2609827#2609827: *2633561 connect() to unix:/var/run/php/php8.3-fpm.sock failed (11: Resource temporarily unavailable) while connecting to upstream, client: 74.7.227.36, server: aftermarket-data.ru, request: "GET /sitemap_index.xml?loknya=/proc/1397190/root/proc/74 HTTP/1.1", upstream: "fastcgi://unix:/var/run/php/php8.3-fpm.sock:", host: "aftermarket-data.ru", referrer: "https://aftermarket-data.ru/sitemap_index.xml?loknya=/proc/1397190/root/proc"
2026/08/10 07:03:08 [error] 2609828#2609828: *2633597 connect() to unix:/var/run/php/php8.3-fpm.sock failed (11: Resource temporarily unavailable) while connecting to upstream, client: 5.255.231.12, server: aftermarket-data.ru, request: "GET /?i=51774150036 HTTP/1.1", upstream: "fastcgi://unix:/var/run/php/php8.3-fpm.sock:", host: "aftermarket-data.ru"
2026/08/10 07:03:15 [error] 2609828#2609828: *2633599 connect() to unix:/var/run/php/php8.3-fpm.sock failed (11: Resource temporarily unavailable) while connecting to upstream, client: 66.249.66.193, server: aftermarket-data.ru, request: "GET /robots.txt HTTP/1.1", upstream: "fastcgi://unix:/var/run/php/php8.3-fpm.sock:", host: "aftermarket-data.ru"
2026/08/10 07:03:19 [error] 2609827#2609827: *2633552 connect() to unix:/var/run/php/php8.3-fpm.sock failed (11: Resource temporarily unavailable) while connecting to upstream, client: 74.7.241.23, server: aftermarket-data.ru, request: "GET /index.php?loknya=/sys/class/misc/snapshot/subsystem/tun/subsystem/cpu_dma_latency/subsystem/psaux/subsystem/cpu_dma_latency/subsystem/udmabuf/subsystem/tun/subsystem/fuse/subsystem/userfaultfd/subsystem/hw_random/power HTTP/1.1", upstream: "fastcgi://unix:/var/run/php/php8.3-fpm.sock:", host: "www.aftermarket-data.ru", referrer: "https://www.aftermarket-data.ru/index.php?loknya=/sys/class/misc/snapshot/subsystem/tun/subsystem/cpu_dma_latency/subsystem/psaux/subsystem/cpu_dma_latency/subsystem/udmabuf/subsystem/tun/subsystem/fuse/subsystem/userfaultfd/subsystem/hw_random"
2026/08/10 07:03:23 [error] 2609828#2609828: *2633602 connect() to unix:/var/run/php/php8.3-fpm.sock failed (11: Resource temporarily unavailable) while connecting to upstream, client: 57.141.20.54, server: aftermarket-data.ru, request: "GET /?i=5177426412 HTTP/1.1", upstream: "fastcgi://unix:/var/run/php/php8.3-fpm.sock:", host: "aftermarket-data.ru"
2026/08/10 07:03:33 [error] 2609828#2609828: *2633606 connect() to unix:/var/run/php/php8.3-fpm.sock failed (11: Resource temporarily unavailable) while connecting to upstream, client: 57.141.20.3, server: aftermarket-data.ru, request: "GET /?i=51774164894 HTTP/1.1", upstream: "fastcgi://unix:/var/run/php/php8.3-fpm.sock:", host: "aftermarket-data.ru"
2026/08/10 07:03:48 [error] 2609827#2609827: *2633561 connect() to unix:/var/run/php/php8.3-fpm.sock failed (11: Resource temporarily unavailable) while connecting to upstream, client: 74.7.227.36, server: aftermarket-data.ru, request: "GET /sitemap_index.xml?loknya=/proc/1397198/root/proc/irq/41 HTTP/1.1", upstream: "fastcgi://unix:/var/run/php/php8.3-fpm.sock:", host: "aftermarket-data.ru", referrer: "https://aftermarket-data.ru/sitemap_index.xml?loknya=/proc/1397198/root/proc/irq"
2026/08/10 07:04:13 [error] 2609821#2609821: *2633609 connect() to unix:/var/run/php/php8.3-fpm.sock failed (11: Resource temporarily unavailable) while connecting to upstream, client: 57.141.20.20, server: aftermarket-data.ru, request: "GET /?i=5177447373 HTTP/1.1", upstream: "fastcgi://unix:/var/run/php/php8.3-fpm.sock:", host: "aftermarket-data.ru"
2026/08/10 07:04:53 [error] 2609827#2609827: *2633561 connect() to unix:/var/run/php/php8.3-fpm.sock failed (11: Resource temporarily unavailable) while connecting to upstream, client: 74.7.227.36, server: aftermarket-data.ru, request: "GET /sitemap_index.xml?loknya=/proc/1397194/root/proc/24 HTTP/1.1", upstream: "fastcgi://unix:/var/run/php/php8.3-fpm.sock:", host: "aftermarket-data.ru", referrer: "https://aftermarket-data.ru/sitemap_index.xml?loknya=/proc/1397194/root/proc"
2026/08/10 07:05:05 [error] 2609821#2609821: *2633613 connect() to unix:/var/run/php/php8.3-fpm.sock failed (11: Resource temporarily unavailable) while connecting to upstream, client: 66.249.66.193, server: aftermarket-data.ru, request: "GET /robots.txt HTTP/1.1", upstream: "fastcgi://unix:/var/run/php/php8.3-fpm.sock:", host: "aftermarket-data.ru"
2026/08/10 07:05:20 [error] 2609821#2609821: *2633615 connect() to unix:/var/run/php/php8.3-fpm.sock failed (11: Resource temporarily unavailable) while connecting to upstream, client: 74.7.241.23, server: aftermarket-data.ru, request: "GET /index.php?loknya=/sys/class/misc/snapshot/subsystem/tun/subsystem/cpu_dma_latency/subsystem/psaux/subsystem/cpu_dma_latency/subsystem/hw_random/subsystem/snapshot/subsystem/fuse/subsystem/vga_arbiter/subsystem/mcelog HTTP/1.1", upstream: "fastcgi://unix:/var/run/php/php8.3-fpm.sock:", host: "www.aftermarket-data.ru", referrer: "https://www.aftermarket-data.ru/index.php?loknya=/sys/class/misc/snapshot/subsystem/tun/subsystem/cpu_dma_latency/subsystem/psaux/subsystem/cpu_dma_latency/subsystem/hw_random/subsystem/snapshot/subsystem/fuse/subsystem/vga_arbiter/subsystem"
2026/08/10 07:05:57 [error] 2609827#2609827: *2633561 connect() to unix:/var/run/php/php8.3-fpm.sock failed (11: Resource temporarily unavailable) while connecting to upstream, client: 74.7.227.36, server: aftermarket-data.ru, request: "GET /sitemap_index.xml?loknya=/proc/1397197/root/proc/42 HTTP/1.1", upstream: "fastcgi://unix:/var/run/php/php8.3-fpm.sock:", host: "aftermarket-data.ru", referrer: "https://aftermarket-data.ru/sitemap_index.xml?loknya=/proc/1397197/root/proc"
2026/08/10 07:06:07 [error] 2609821#2609821: *2633613 connect() to unix:/var/run/php/php8.3-fpm.sock failed (11: Resource temporarily unavailable) while connecting to upstream, client: 66.249.66.193, server: aftermarket-data.ru, request: "GET /robots.txt HTTP/1.1", upstream: "fastcgi://unix:/var/run/php/php8.3-fpm.sock:", host: "aftermarket-data.ru"
2026/08/10 07:07:02 [error] 2609827#2609827: *2633561 connect() to unix:/var/run/php/php8.3-fpm.sock failed (11: Resource temporarily unavailable) while connecting to upstream, client: 74.7.227.36, server: aftermarket-data.ru, request: "GET /sitemap_index.xml?loknya=/proc/1397195/root/proc/58 HTTP/1.1", upstream: "fastcgi://unix:/var/run/php/php8.3-fpm.sock:", host: "aftermarket-data.ru", referrer: "https://aftermarket-data.ru/sitemap_index.xml?loknya=/proc/1397195/root/proc"
2026/08/10 07:07:23 [error] 2609821#2609821: *2633620 connect() to unix:/var/run/php/php8.3-fpm.sock failed (11: Resource temporarily unavailable) while connecting to upstream, client: 74.7.241.23, server: aftermarket-data.ru, request: "GET /index.php?loknya=/sys/class/misc/snapshot/subsystem/tun/subsystem/cpu_dma_latency/subsystem/psaux/subsystem/cpu_dma_latency/subsystem/ecryptfs/subsystem/mcelog/subsystem/hpet/subsystem/uinput/subsystem/loop-control HTTP/1.1", upstream: "fastcgi://unix:/var/run/php/php8.3-fpm.sock:", host: "www.aftermarket-data.ru", referrer: "https://www.aftermarket-data.ru/index.php?loknya=/sys/class/misc/snapshot/subsystem/tun/subsystem/cpu_dma_latency/subsystem/psaux/subsystem/cpu_dma_latency/subsystem/ecryptfs/subsystem/mcelog/subsystem/hpet/subsystem/uinput/subsystem"
2026/08/10 07:07:43 [error] 2609821#2609821: *2633622 connect() to unix:/var/run/php/php8.3-fpm.sock failed (11: Resource temporarily unavailable) while connecting to upstream, client: 57.141.20.25, server: aftermarket-data.ru, request: "GET /?r=8324358501 HTTP/1.1", upstream: "fastcgi://unix:/var/run/php/php8.3-fpm.sock:", host: "aftermarket-data.ru"
2026/08/10 07:07:45 [error] 2609821#2609821: *2633624 connect() to unix:/var/run/php/php8.3-fpm.sock failed (11: Resource temporarily unavailable) while connecting to upstream, client: 57.141.20.55, server: aftermarket-data.ru, request: "GET /?c=92692259070 HTTP/1.1", upstream: "fastcgi://unix:/var/run/php/php8.3-fpm.sock:", host: "aftermarket-data.ru"
2026/08/10 07:07:56 [error] 2609821#2609821: *2633626 connect() to unix:/var/run/php/php8.3-fpm.sock failed (11: Resource temporarily unavailable) while connecting to upstream, client: 95.108.213.179, server: aftermarket-data.ru, request: "GET /?a=98826285309 HTTP/1.1", upstream: "fastcgi://unix:/var/run/php/php8.3-fpm.sock:", host: "aftermarket-data.ru"
2026/08/10 07:08:04 [error] 2609821#2609821: *2633628 connect() to unix:/var/run/php/php8.3-fpm.sock failed (11: Resource temporarily unavailable) while connecting to upstream, client: 66.249.66.193, server: aftermarket-data.ru, request: "GET /robots.txt HTTP/1.1", upstream: "fastcgi://unix:/var/run/php/php8.3-fpm.sock:", host: "aftermarket-data.ru"
2026/08/10 07:08:05 [error] 2609827#2609827: *2633561 connect() to unix:/var/run/php/php8.3-fpm.sock failed (11: Resource temporarily unavailable) while connecting to upstream, client: 74.7.227.36, server: aftermarket-data.ru, request: "GET /sitemap_index.xml?loknya=/proc/1397195/root/proc/50 HTTP/1.1", upstream: "fastcgi://unix:/var/run/php/php8.3-fpm.sock:", host: "aftermarket-data.ru", referrer: "https://aftermarket-data.ru/sitemap_index.xml?loknya=/proc/1397195/root/proc"
2026/08/10 07:08:24 [error] 2609821#2609821: *2633632 connect() to unix:/var/run/php/php8.3-fpm.sock failed (11: Resource temporarily unavailable) while connecting to upstream, client: 112.121.183.38, server: aftermarket-data.ru, request: "GET /themes/ecmoban_dsc2017/css/base.css HTTP/1.1", upstream: "fastcgi://unix:/var/run/php/php8.3-fpm.sock:", host: "www.aftermarket-data.ru"
2026/08/10 07:08:28 [error] 2609821#2609821: *2633620 connect() to unix:/var/run/php/php8.3-fpm.sock failed (11: Resource temporarily unavailable) while connecting to upstream, client: 74.7.241.23, server: aftermarket-data.ru, request: "GET /index.php?loknya=/sys/class/misc/snapshot/subsystem/tun/subsystem/cpu_dma_latency/subsystem/psaux/subsystem/cpu_dma_latency/subsystem/snapshot/subsystem/hpet/subsystem/loop-control/subsystem/rfkill/subsystem HTTP/1.1", upstream: "fastcgi://unix:/var/run/php/php8.3-fpm.sock:", host: "www.aftermarket-data.ru", referrer: "https://www.aftermarket-data.ru/index.php?loknya=/sys/class/misc/snapshot/subsystem/tun/subsystem/cpu_dma_latency/subsystem/psaux/subsystem/cpu_dma_latency/subsystem/snapshot/subsystem/hpet/subsystem/loop-control/subsystem/rfkill"
2026/08/10 07:08:53 [error] 2609821#2609821: *2633635 connect() to unix:/var/run/php/php8.3-fpm.sock failed (11: Resource temporarily unavailable) while connecting to upstream, client: 87.250.224.127, server: aftermarket-data.ru, request: "GET /?c=926921750 HTTP/1.1", upstream: "fastcgi://unix:/var/run/php/php8.3-fpm.sock:", host: "aftermarket-data.ru"
2026/08/10 07:09:05 [error] 2609821#2609821: *2633628 connect() to unix:/var/run/php/php8.3-fpm.sock failed (11: Resource temporarily unavailable) while connecting to upstream, client: 66.249.66.193, server: aftermarket-data.ru, request: "GET /robots.txt HTTP/1.1", upstream: "fastcgi://unix:/var/run/php/php8.3-fpm.sock:", host: "aftermarket-data.ru"
2026/08/10 07:09:06 [error] 2609827#2609827: *2633561 connect() to unix:/var/run/php/php8.3-fpm.sock failed (11: Resource temporarily unavailable) while connecting to upstream, client: 74.7.227.36, server: aftermarket-data.ru, request: "GET /sitemap_index.xml?loknya=/proc/1397197/cwd/proc/99/task HTTP/1.1", upstream: "fastcgi://unix:/var/run/php/php8.3-fpm.sock:", host: "aftermarket-data.ru", referrer: "https://aftermarket-data.ru/sitemap_index.xml?loknya=/proc/1397197/cwd/proc/99"
2026/08/10 07:09:31 [error] 2609821#2609821: *2633620 connect() to unix:/var/run/php/php8.3-fpm.sock failed (11: Resource temporarily unavailable) while connecting to upstream, client: 74.7.241.23, server: aftermarket-data.ru, request: "GET /index.php?loknya=/sys/class/misc/snapshot/subsystem/tun/subsystem/cpu_dma_latency/subsystem/psaux/subsystem/cpu_dma_latency/subsystem/udmabuf/subsystem/fuse/subsystem/vga_arbiter/subsystem/rfkill/subsystem/udmabuf HTTP/1.1", upstream: "fastcgi://unix:/var/run/php/php8.3-fpm.sock:", host: "www.aftermarket-data.ru", referrer: "https://www.aftermarket-data.ru/index.php?loknya=/sys/class/misc/snapshot/subsystem/tun/subsystem/cpu_dma_latency/subsystem/psaux/subsystem/cpu_dma_latency/subsystem/udmabuf/subsystem/fuse/subsystem/vga_arbiter/subsystem/rfkill/subsystem"
2026/08/10 07:09:38 [error] 2609821#2609821: *2633640 connect() to unix:/var/run/php/php8.3-fpm.sock failed (11: Resource temporarily unavailable) while connecting to upstream, client: 95.108.213.116, server: aftermarket-data.ru, request: "GET /robots.txt HTTP/1.1", upstream: "fastcgi://unix:/var/run/php/php8.3-fpm.sock:", host: "aftermarket-data.ru"
2026/08/10 07:09:48 [error] 2609821#2609821: *2633642 connect() to unix:/var/run/php/php8.3-fpm.sock failed (11: Resource temporarily unavailable) while connecting to upstream, client: 204.12.208.18, server: aftermarket-data.ru, request: "GET /wp-content/index.php HTTP/1.1", upstream: "fastcgi://unix:/var/run/php/php8.3-fpm.sock:", host: "aftermarket-data.ru", referrer: "https://aftermarket-data.ru/wp-content/index.php"
2026/08/10 07:09:48 [error] 2609821#2609821: *2633642 connect() to unix:/var/run/php/php8.3-fpm.sock failed (11: Resource temporarily unavailable) while connecting to upstream, client: 204.12.208.18, server: aftermarket-data.ru, request: "GET /wp-content/index.php HTTP/1.1", upstream: "fastcgi://unix:/var/run/php/php8.3-fpm.sock:", host: "aftermarket-data.ru", referrer: "https://aftermarket-data.ru/wp-content/index.php"
2026/08/10 07:09:48 [error] 2609821#2609821: *2633642 connect() to unix:/var/run/php/php8.3-fpm.sock failed (11: Resource temporarily unavailable) while connecting to upstream, client: 204.12.208.18, server: aftermarket-data.ru, request: "GET /wp-content/index.php HTTP/1.1", upstream: "fastcgi://unix:/var/run/php/php8.3-fpm.sock:", host: "aftermarket-data.ru", referrer: "https://aftermarket-data.ru/wp-content/index.php"
2026/08/10 07:10:08 [error] 2609827#2609827: *2633561 connect() to unix:/var/run/php/php8.3-fpm.sock failed (11: Resource temporarily unavailable) while connecting to upstream, client: 74.7.227.36, server: aftermarket-data.ru, request: "GET /sitemap_index.xml?loknya=/proc/1397197/root/proc/irq/24 HTTP/1.1", upstream: "fastcgi://unix:/var/run/php/php8.3-fpm.sock:", host: "aftermarket-data.ru", referrer: "https://aftermarket-data.ru/sitemap_index.xml?loknya=/proc/1397197/root/proc/irq"
2026/08/10 07:10:38 [error] 2609821#2609821: *2633648 connect() to unix:/var/run/php/php8.3-fpm.sock failed (11: Resource temporarily unavailable) while connecting to upstream, client: 57.141.20.56, server: aftermarket-data.ru, request: "GET /?i=51774247137 HTTP/1.1", upstream: "fastcgi://unix:/var/run/php/php8.3-fpm.sock:", host: "aftermarket-data.ru"
2026/08/10 07:10:58 [error] 2609821#2609821: *2633650 open() "/usr/share/nginx/html/.git/index" failed (2: No such file or directory), client: 80.94.92.70, server: api.aftermarket-data.ru, request: "GET /.git/index HTTP/1.1", host: "157.22.201.140"
2026/08/10 07:11:14 [error] 2609827#2609827: *2633561 connect() to unix:/var/run/php/php8.3-fpm.sock failed (11: Resource temporarily unavailable) while connecting to upstream, client: 74.7.227.36, server: aftermarket-data.ru, request: "GET /sitemap_index.xml?loknya=/proc/1397198/root/proc/irq/43 HTTP/1.1", upstream: "fastcgi://unix:/var/run/php/php8.3-fpm.sock:", host: "aftermarket-data.ru", referrer: "https://aftermarket-data.ru/sitemap_index.xml?loknya=/proc/1397198/root/proc/irq"
2026/08/10 07:11:15 [error] 2609821#2609821: *2633652 connect() to unix:/var/run/php/php8.3-fpm.sock failed (11: Resource temporarily unavailable) while connecting to upstream, client: 57.141.20.53, server: aftermarket-data.ru, request: "GET /?a=9882685280 HTTP/1.1", upstream: "fastcgi://unix:/var/run/php/php8.3-fpm.sock:", host: "aftermarket-data.ru"
2026/08/10 07:11:33 [error] 2609821#2609821: *2633654 connect() to unix:/var/run/php/php8.3-fpm.sock failed (11: Resource temporarily unavailable) while connecting to upstream, client: 74.7.241.23, server: aftermarket-data.ru, request: "GET /index.php?loknya=/sys/class/misc/snapshot/subsystem/subsystem/cpu_dma_latency/subsystem/psaux/subsystem/cpu_dma_latency/subsystem/loop-control/subsystem/hpet/subsystem/autofs/subsystem/uinput/subsystem HTTP/1.1", upstream: "fastcgi://unix:/var/run/php/php8.3-fpm.sock:", host: "www.aftermarket-data.ru", referrer: "https://www.aftermarket-data.ru/index.php?loknya=/sys/class/misc/snapshot/subsystem/subsystem/cpu_dma_latency/subsystem/psaux/subsystem/cpu_dma_latency/subsystem/loop-control/subsystem/hpet/subsystem/autofs/subsystem/uinput/subsystem/"
2026/08/10 07:11:41 [error] 2609822#2609822: *2633656 connect() to unix:/var/run/php/php8.3-fpm.sock failed (11: Resource temporarily unavailable) while connecting to upstream, client: 213.180.203.4, server: aftermarket-data.ru, request: "GET /?a=9882645986 HTTP/1.1", upstream: "fastcgi://unix:/var/run/php/php8.3-fpm.sock:", host: "aftermarket-data.ru"
2026/08/10 07:12:12 [error] 2609822#2609822: *2633658 connect() to unix:/var/run/php/php8.3-fpm.sock failed (11: Resource temporarily unavailable) while connecting to upstream, client: 95.108.213.80, server: aftermarket-data.ru, request: "GET /?q=80252258485 HTTP/1.1", upstream: "fastcgi://unix:/var/run/php/php8.3-fpm.sock:", host: "aftermarket-data.ru"
